{"id":967,"date":"2025-03-17T14:28:28","date_gmt":"2025-03-17T14:28:28","guid":{"rendered":"http:\/\/trash-investigation.local\/?post_type=product&#038;p=967"},"modified":"2025-03-17T15:56:31","modified_gmt":"2025-03-17T15:56:31","slug":"t-shirt-trash-femme","status":"publish","type":"product","link":"https:\/\/formagraph-exercice.fr\/trash-investigation\/produit\/t-shirt-trash-femme\/","title":{"rendered":"T-shirt Trash Femme"},"content":{"rendered":"<p data-start=\"74\" data-end=\"240\">Affiche ton engagement pour la plan\u00e8te avec style ! Ce t-shirt <strong data-start=\"137\" data-end=\"160\">100 % coton recycl\u00e9<\/strong> est con\u00e7u pour ceux qui veulent allier confort, durabilit\u00e9 et impact positif.<\/p>\n<p data-start=\"242\" data-end=\"621\">\ud83d\udd25 <strong data-start=\"245\" data-end=\"275\">Pourquoi tu vas l\u2019adorer ?<\/strong><br data-start=\"275\" data-end=\"278\" \/>\u2705 <strong data-start=\"280\" data-end=\"301\">Ultra-confortable<\/strong> : Doux, respirant et agr\u00e9able \u00e0 porter toute la journ\u00e9e.<br data-start=\"358\" data-end=\"361\" \/>\u2705 <strong data-start=\"363\" data-end=\"379\" data-is-only-node=\"\">\u00c9co-friendly<\/strong> : Z\u00e9ro nouveau coton = moins d\u2019eau, moins de pesticides, moins de pollution.<br data-start=\"456\" data-end=\"459\" \/>\u2705 <strong data-start=\"461\" data-end=\"481\">Style intemporel<\/strong> : Coupe ajust\u00e9e, parfaite pour toutes les occasions.<br data-start=\"534\" data-end=\"537\" \/>\u2705 <strong data-start=\"539\" data-end=\"561\">Engagement visible<\/strong> : En le portant, tu deviens un ambassadeur du changement.<\/p>\n","protected":false},"excerpt":{"rendered":"<p>Affiche ton engagement pour la plan\u00e8te avec style ! Ce t-shirt 100 % coton recycl\u00e9 est con\u00e7u pour ceux qui veulent allier confort, durabilit\u00e9 et impact positif. \ud83d\udd25 Pourquoi tu vas l\u2019adorer ?\u2705 Ultra-confortable : Doux, respirant et agr\u00e9able \u00e0 porter toute la journ\u00e9e.\u2705 \u00c9co-friendly : Z\u00e9ro nouveau coton = moins d\u2019eau, moins de pesticides,&#8230;<\/p>\n","protected":false},"featured_media":1007,"comment_status":"open","ping_status":"closed","template":"","meta":{"_kad_post_transparent":"default","_kad_post_title":"","_kad_post_layout":"default","_kad_post_sidebar_id":"","_kad_post_content_style":"default","_kad_post_vertical_padding":"default","_kad_post_feature":"","_kad_post_feature_position":"","_kad_post_header":false,"_kad_post_footer":false},"product_brand":[],"product_cat":[17],"product_tag":[],"class_list":{"0":"post-967","1":"product","2":"type-product","3":"status-publish","4":"has-post-thumbnail","6":"product_cat-non-classe","8":"first","9":"instock","10":"taxable","11":"shipping-taxable","12":"purchasable","13":"product-type-variable","14":"entry","15":"content-bg","16":"loop-entry"},"aioseo_notices":[],"_links":{"self":[{"href":"https:\/\/formagraph-exercice.fr\/trash-investigation\/wp-json\/wp\/v2\/product\/967","targetHints":{"allow":["GET"]}}],"collection":[{"href":"https:\/\/formagraph-exercice.fr\/trash-investigation\/wp-json\/wp\/v2\/product"}],"about":[{"href":"https:\/\/formagraph-exercice.fr\/trash-investigation\/wp-json\/wp\/v2\/types\/product"}],"replies":[{"embeddable":true,"href":"https:\/\/formagraph-exercice.fr\/trash-investigation\/wp-json\/wp\/v2\/comments?post=967"}],"wp:featuredmedia":[{"embeddable":true,"href":"https:\/\/formagraph-exercice.fr\/trash-investigation\/wp-json\/wp\/v2\/media\/1007"}],"wp:attachment":[{"href":"https:\/\/formagraph-exercice.fr\/trash-investigation\/wp-json\/wp\/v2\/media?parent=967"}],"wp:term":[{"taxonomy":"product_brand","embeddable":true,"href":"https:\/\/formagraph-exercice.fr\/trash-investigation\/wp-json\/wp\/v2\/product_brand?post=967"},{"taxonomy":"product_cat","embeddable":true,"href":"https:\/\/formagraph-exercice.fr\/trash-investigation\/wp-json\/wp\/v2\/product_cat?post=967"},{"taxonomy":"product_tag","embeddable":true,"href":"https:\/\/formagraph-exercice.fr\/trash-investigation\/wp-json\/wp\/v2\/product_tag?post=967"}],"curies":[{"name":"wp","href":"https:\/\/api.w.org\/{rel}","templated":true}]}}