{"id":2304,"date":"2025-05-09T20:58:50","date_gmt":"2025-05-09T18:58:50","guid":{"rendered":"http:\/\/nectar-detoiles.fr\/?post_type=product&#038;p=2304"},"modified":"2025-05-09T21:15:17","modified_gmt":"2025-05-09T19:15:17","slug":"platus-livre-audio","status":"publish","type":"product","link":"https:\/\/formagraph-exercice.fr\/nectar-detoiles\/produit\/platus-livre-audio\/","title":{"rendered":"PLATUS &#8211; Livre audio"},"content":{"rendered":"<h5 class=\"field field--name-field-genres field--type-entity-reference field--label-inline\"><span class=\"field__label\">Pourquoi \u00e9couter ?\u00a0<\/span><\/h5>\n<div class=\"field__wrapper\">\n<p><strong><em>Narration captivante \/ \u00c9coute parfaite pour d\u00e9butants SF \/ Alternative id\u00e9ale pour lecture immersive<\/em><\/strong><\/p>\n<h5 class=\"field field--name-field-categories field--type-entity-reference field--label-inline\"><span class=\"field__label\">Formats disponibles :<\/span><\/h5>\n<div class=\"field__wrapper\">\n<p>Audio (MP3, spotify), Extraits gratuits disponibles<\/p>\n<\/div>\n<\/div>\n<h5 class=\"field field--name-field-categories field--type-entity-reference field--label-inline\"><span class=\"field__label\">Th\u00e9matiques :<\/span><\/h5>\n<div class=\"field__wrapper\">\n<p class=\"field__wrapper__item\"><span style=\"font-size: 16px;\"><strong><em>SF m\u00e9taphysique \/ Utopie \/ Voyage dans le temps \/ Weird SF<\/em><\/strong><\/span><\/p>\n<\/div>\n<p class=\"field field--name-field-infos-techniques-html field--type-text-long field--label-hidden\"><span style=\"font-size: 16px;\"><em>Dur\u00e9e : 25 minutes par partie.<\/em><\/span><br \/>\n<span style=\"font-size: 16px;\"><em>Achev\u00e9 : 20-04-2025<\/em><\/span><\/p>\n<h5 class=\"field field--name-field-genres field--type-entity-reference field--label-inline\"><span class=\"field__label\">Extrait Audio :<\/span><\/h5>\n<div class=\"wp-playlist wp-audio-playlist wp-playlist-light\">\n\t\t\t<div class=\"wp-playlist-current-item\"><\/div>\n\t\t<audio controls=\"controls\" preload=\"none\" width=\"1268\"\n\t\t\t><\/audio>\n\t<div class=\"wp-playlist-next\"><\/div>\n\t<div class=\"wp-playlist-prev\"><\/div>\n\t<noscript>\n\t<ol>\n\t\t<li><a href='https:\/\/formagraph-exercice.fr\/nectar-detoiles\/wp-content\/uploads\/2025\/03\/Jeiriuves-extrait.mp3'>Extrait - Jeiriuves<\/a><\/li>\t<\/ol>\n\t<\/noscript>\n\t<script data-jetpack-boost=\"ignore\" type=\"application\/json\" class=\"wp-playlist-script\">{\"type\":\"audio\",\"tracklist\":true,\"tracknumbers\":true,\"images\":true,\"artists\":true,\"tracks\":[{\"src\":\"https:\/\/formagraph-exercice.fr\/nectar-detoiles\/wp-content\/uploads\/2025\/03\/Jeiriuves-extrait.mp3\",\"type\":\"audio\/mpeg\",\"title\":\"Extrait - Jeiriuves\",\"caption\":\"\",\"description\":\"Extrait audio du synopsis de Jeiriuves \",\"meta\":{\"artist\":\"Voix : Yves Weiner\",\"album\":\"Jeiriuves\",\"length_formatted\":\"0:27\"},\"image\":{\"src\":\"https:\/\/formagraph-exercice.fr\/nectar-detoiles\/wp-includes\/images\/media\/audio.svg\",\"width\":48,\"height\":64},\"thumb\":{\"src\":\"https:\/\/formagraph-exercice.fr\/nectar-detoiles\/wp-includes\/images\/media\/audio.svg\",\"width\":48,\"height\":64}}]}<\/script>\n<\/div>\n\t\n<h5 class=\"field field--name-field-genres field--type-entity-reference field--label-inline\"><\/h5>\n","protected":false},"excerpt":{"rendered":"<h5 class=\"field field--name-field-genres field--type-entity-reference field--label-inline\"><span class=\"field__label\">Extrait :<\/span><\/h5>\n<p>\u00ab\u00a0<em data-start=\"247\" data-end=\"298\">Et si le temps lui-m\u00eame se pliait aux croyances ?<\/em><\/p>\n<p class=\"\" data-start=\"300\" data-end=\"817\">Sur <strong data-start=\"304\" data-end=\"314\">Platus<\/strong>, un monde froid, d\u00e9sertique, aux confins du syst\u00e8me solaire, vit <strong data-start=\"380\" data-end=\"389\">Ka\u00ebrn<\/strong>, un \u00eatre \u00e0 la perception alt\u00e9r\u00e9e, persuad\u00e9 que sa plan\u00e8te \u2014 que d\u2019autres appellent Pluton \u2014 est <strong data-start=\"486\" data-end=\"495\">plate<\/strong>. Pour lui, les confins de l\u2019horizon sont des murs infranchissables, et au-del\u00e0, le n\u00e9ant guette. Mais lorsqu\u2019une anomalie temporelle fracture sa r\u00e9alit\u00e9, Ka\u00ebrn est projet\u00e9 dans un tourbillon de visions : des futurs multiples, des pass\u00e9s qui s\u2019effacent, et des versions alternatives de Platus\u2026 sph\u00e9rique, creuse, fractale.<\/p>\n<p class=\"\" data-start=\"819\" data-end=\"1340\">\u00c0 mesure que ses voyages temporels se multiplient, Ka\u00ebrn d\u00e9couvre que la forme m\u00eame de son monde fluctue selon les croyances des civilisations qui le peuplent \u00e0 diff\u00e9rentes \u00e9poques. Le temps sur Platus est un organisme vivant, nourri par les mythes et les perceptions.<br data-start=\"1087\" data-end=\"1090\" \/>Et derri\u00e8re cette folie apparente, une utopie silencieuse prend forme : une soci\u00e9t\u00e9 \u00e9volu\u00e9e qui transcende les notions de forme, d\u2019espace et de temps, mais qui manipule les consciences primitives comme Ka\u00ebrn pour pr\u00e9server son \u00e9quilibre m\u00e9taphysique.<\/p>\n<p class=\"\" data-start=\"1342\" data-end=\"1598\">Prisonnier de cycles temporels et de paradoxes \u00e9tranges, Ka\u00ebrn devra affronter une v\u00e9rit\u00e9 d\u00e9rangeante : sauver sa vision plate et rassurante de Platus\u2026 ou plonger dans l\u2019ab\u00eeme cosmique d\u2019une r\u00e9alit\u00e9 mall\u00e9able o\u00f9 rien, pas m\u00eame le temps, n\u2019a de consistance.\u00a0\u00bb<\/p>\n<p data-start=\"1342\" data-end=\"1598\"><em><strong>\u00c9crit par Bernard Baudin<\/strong><\/em><em><strong>\u00a0et Lu par Yves Weiner.<\/strong><\/em><\/p>\n<h5 class=\"field field--name-field-genres field--type-entity-reference field--label-inline\"><span class=\"field__label\">Extrait Audio :<\/span><\/h5>\n[playlist ids=\"1045\"]\n","protected":false},"featured_media":2307,"comment_status":"open","ping_status":"closed","template":"","meta":{"content-type":"","_kad_post_transparent":"default","_kad_post_title":"","_kad_post_layout":"default","_kad_post_sidebar_id":"","_kad_post_content_style":"default","_kad_post_vertical_padding":"default","_kad_post_feature":"","_kad_post_feature_position":"","_kad_post_header":false,"_kad_post_footer":false},"product_brand":[],"product_cat":[77],"product_tag":[111,114,115,116],"class_list":{"0":"post-2304","1":"product","2":"type-product","3":"status-publish","4":"has-post-thumbnail","6":"product_cat-audios","7":"product_tag-sf-metaphysique","8":"product_tag-utopie","9":"product_tag-voyage-dans-le-temps","10":"product_tag-weird-sf","12":"first","13":"instock","14":"taxable","15":"shipping-taxable","16":"purchasable","17":"product-type-simple","18":"entry","19":"content-bg","20":"loop-entry"},"aioseo_notices":[],"_links":{"self":[{"href":"https:\/\/formagraph-exercice.fr\/nectar-detoiles\/wp-json\/wp\/v2\/product\/2304","targetHints":{"allow":["GET"]}}],"collection":[{"href":"https:\/\/formagraph-exercice.fr\/nectar-detoiles\/wp-json\/wp\/v2\/product"}],"about":[{"href":"https:\/\/formagraph-exercice.fr\/nectar-detoiles\/wp-json\/wp\/v2\/types\/product"}],"replies":[{"embeddable":true,"href":"https:\/\/formagraph-exercice.fr\/nectar-detoiles\/wp-json\/wp\/v2\/comments?post=2304"}],"wp:featuredmedia":[{"embeddable":true,"href":"https:\/\/formagraph-exercice.fr\/nectar-detoiles\/wp-json\/wp\/v2\/media\/2307"}],"wp:attachment":[{"href":"https:\/\/formagraph-exercice.fr\/nectar-detoiles\/wp-json\/wp\/v2\/media?parent=2304"}],"wp:term":[{"taxonomy":"product_brand","embeddable":true,"href":"https:\/\/formagraph-exercice.fr\/nectar-detoiles\/wp-json\/wp\/v2\/product_brand?post=2304"},{"taxonomy":"product_cat","embeddable":true,"href":"https:\/\/formagraph-exercice.fr\/nectar-detoiles\/wp-json\/wp\/v2\/product_cat?post=2304"},{"taxonomy":"product_tag","embeddable":true,"href":"https:\/\/formagraph-exercice.fr\/nectar-detoiles\/wp-json\/wp\/v2\/product_tag?post=2304"}],"curies":[{"name":"wp","href":"https:\/\/api.w.org\/{rel}","templated":true}]}}