{"id":1026,"date":"2025-03-19T12:26:07","date_gmt":"2025-03-19T11:26:07","guid":{"rendered":"http:\/\/nectar-detoiles.fr\/?post_type=product&#038;p=1026"},"modified":"2025-05-09T16:17:02","modified_gmt":"2025-05-09T14:17:02","slug":"la-terre-des-oublies","status":"publish","type":"product","link":"https:\/\/formagraph-exercice.fr\/nectar-detoiles\/produit\/la-terre-des-oublies\/","title":{"rendered":"La Terre des Oublies"},"content":{"rendered":"<p><span style=\"font-family: source-sans-pro, sans-serif; font-size: 16px;\">\u00ab\u00a0La Terre des Oubli\u00e9s\u00a0\u00bb est un voyage \u00e9pique m\u00ealant la grandeur visuelle du Planet Opera, la rigueur implacable du Hard SF, et une critique sociale incisive. Ce r\u00e9cit dystopique et sociologique interroge les limites du pouvoir et de l&rsquo;identit\u00e9 dans un monde o\u00f9 la technologie et la manipulation se font l&rsquo;\u00e9cho d&rsquo;une humanit\u00e9 en perdition.<\/span><\/p>\n<h5 class=\"field field--name-field-genres field--type-entity-reference field--label-inline\"><span class=\"field__label\">Pourquoi lire ?<\/span><\/h5>\n<div class=\"field__wrapper\">\n<p><strong><em>Un univers visuel unique \/<\/em> Id\u00e9al pour [d\u00e9butants SF et passionn\u00e9s curieux] <em>\/ \u00c9dition collector disponible<\/em><\/strong><\/p>\n<\/div>\n<h5 class=\"field field--name-field-categories field--type-entity-reference field--label-inline\"><span class=\"field__label\">Formats disponibles :<\/span><\/h5>\n<div class=\"field__wrapper\">\n<p>Papier, Num\u00e9rique (eBook), \u00c9ditions collector avec tirage limit\u00e9, Audio (si disponible)<\/p>\n<\/div>\n<h5 class=\"field field--name-field-categories field--type-entity-reference field--label-inline\"><span class=\"field__label\">Th\u00e9matiques :<\/span><\/h5>\n<div class=\"field__wrapper\">\n<p class=\"field__wrapper__item\"><span style=\"font-size: 16px;\"><strong><em>Planet Opera \/ Dystopie \/ Sociologie-fiction\/ Hard SF<\/em><\/strong><\/span><\/p>\n<\/div>\n<p class=\"field field--name-field-infos-techniques-html field--type-text-long field--label-hidden\"><span style=\"font-size: 16px;\"><em>260 pages, sous couverture illustr\u00e9e, 160 x 240 mm, reli\u00e9<\/em><\/span><br \/>\n<span style=\"font-size: 16px;\"><em>Achev\u00e9 d&rsquo;imprimer : 20-04-2025<\/em><\/span><\/p>\n<div class=\"group--codes\">\n<h5 class=\"field field--name-field-isbn-old field--type-string field--label-above\"><span class=\"field__label\">ISBN<\/span><\/h5>\n<div class=\"field__item\">\n<p><span style=\"font-size: 16px;\">9782073068026<\/span><\/p>\n<\/div>\n<h5 class=\"field field--name-field-isbn field--type-string field--label-above\"><span class=\"field__label\" style=\"font-size: 20px;\">Gencode<\/span><\/h5>\n<div class=\"field__item\">\n<p><span style=\"font-size: 16px;\">9782073068026<\/span><\/p>\n<\/div>\n<h5 class=\"field field--name-field-code-distributeur field--type-string field--label-above\"><span class=\"field__label\">Code distributeur<\/span><\/h5>\n<div class=\"field__item\">\n<p><span style=\"font-size: 16px;\">G09116<\/span><\/p>\n<h5 class=\"field field--name-field-genres field--type-entity-reference field--label-inline\"><span class=\"field__label\">Extrait<\/span><\/h5>\n<div class=\"_3d-flip-book  fb3d-fullscreen-mode full-size\" data-id=\"0\" data-mode=\"fullscreen\" data-title=\"false\" data-template=\"short-white-book-view\" data-lightbox=\"dark-shadow\" data-urlparam=\"fb3d-page\" data-page-n=\"0\" data-pdf=\"https:\/\/formagraph-exercice.fr\/nectar-detoiles\/wp-content\/uploads\/2025\/05\/PROLOGUE.pdf\" data-tax=\"null\" data-thumbnail=\"\" data-cols=\"3\" data-book-template=\"default\" data-trigger=\"\" style=\"background-image:url(&#039;https:\/\/formagraph-exercice.fr\/nectar-detoiles\/wp-content\/uploads\/2025\/05\/Fichier-6.png&#039;);\"><\/div>\n<\/div>\n<\/div>\n","protected":false},"excerpt":{"rendered":"<p data-start=\"26\" data-end=\"401\"><span style=\"font-size: 15px;\">\u00ab\u00a0Dans un futur impitoyable, sur une plan\u00e8te qui se d\u00e9ploie comme une immense sc\u00e8ne d&rsquo;op\u00e9ra, la soci\u00e9t\u00e9 est gouvern\u00e9e par une \u00e9lite technocratique impitoyable. Dans ce monde o\u00f9 le progr\u00e8s scientifique, rigoureux et implacable, a donn\u00e9 naissance \u00e0 des cit\u00e9s tentaculaires et des paysages \u00e0 couper le souffle, les oubli\u00e9s \u2013 les masses rejet\u00e9es et d\u00e9laiss\u00e9es \u2013 peinent \u00e0 survivre.<\/span><\/p>\n<p data-start=\"403\" data-end=\"870\"><span style=\"font-size: 15px;\">Na\u00ebl, un jeune ing\u00e9nieur au pass\u00e9 trouble, se retrouve malgr\u00e9 lui embarqu\u00e9 dans une lutte clandestine pour renverser l&rsquo;ordre \u00e9tabli. Alors qu&rsquo;il d\u00e9couvre des secrets enfouis sous des strates de propagande et de technologies avanc\u00e9es, il r\u00e9alise que le contr\u00f4le de la connaissance est le v\u00e9ritable pouvoir. Entre intrigues politiques, perc\u00e9es scientifiques et confrontations violentes, Na\u00ebl devra choisir entre sa survie et la possibilit\u00e9 de lib\u00e9rer un peuple opprim\u00e9.\u00a0\u00bb<\/span><\/p>\n<p data-start=\"403\" data-end=\"870\"><strong><em>\u00c9crit par Fran\u00e7ois Philippe<\/em><\/strong><\/p>\n","protected":false},"featured_media":1002,"comment_status":"open","ping_status":"closed","template":"","meta":{"content-type":"","_kad_post_transparent":"default","_kad_post_title":"","_kad_post_layout":"narrow","_kad_post_sidebar_id":"","_kad_post_content_style":"boxed","_kad_post_vertical_padding":"default","_kad_post_feature":"","_kad_post_feature_position":"","_kad_post_header":false,"_kad_post_footer":false},"product_brand":[],"product_cat":[76],"product_tag":[107,108,106,112],"class_list":{"0":"post-1026","1":"product","2":"type-product","3":"status-publish","4":"has-post-thumbnail","6":"product_cat-romans","7":"product_tag-dystopie","8":"product_tag-hard-sf","9":"product_tag-planet-opera","10":"product_tag-sociologie-fiction","12":"first","13":"instock","14":"taxable","15":"shipping-taxable","16":"purchasable","17":"product-type-simple","18":"entry","19":"content-bg","20":"loop-entry"},"aioseo_notices":[],"_links":{"self":[{"href":"https:\/\/formagraph-exercice.fr\/nectar-detoiles\/wp-json\/wp\/v2\/product\/1026","targetHints":{"allow":["GET"]}}],"collection":[{"href":"https:\/\/formagraph-exercice.fr\/nectar-detoiles\/wp-json\/wp\/v2\/product"}],"about":[{"href":"https:\/\/formagraph-exercice.fr\/nectar-detoiles\/wp-json\/wp\/v2\/types\/product"}],"replies":[{"embeddable":true,"href":"https:\/\/formagraph-exercice.fr\/nectar-detoiles\/wp-json\/wp\/v2\/comments?post=1026"}],"wp:featuredmedia":[{"embeddable":true,"href":"https:\/\/formagraph-exercice.fr\/nectar-detoiles\/wp-json\/wp\/v2\/media\/1002"}],"wp:attachment":[{"href":"https:\/\/formagraph-exercice.fr\/nectar-detoiles\/wp-json\/wp\/v2\/media?parent=1026"}],"wp:term":[{"taxonomy":"product_brand","embeddable":true,"href":"https:\/\/formagraph-exercice.fr\/nectar-detoiles\/wp-json\/wp\/v2\/product_brand?post=1026"},{"taxonomy":"product_cat","embeddable":true,"href":"https:\/\/formagraph-exercice.fr\/nectar-detoiles\/wp-json\/wp\/v2\/product_cat?post=1026"},{"taxonomy":"product_tag","embeddable":true,"href":"https:\/\/formagraph-exercice.fr\/nectar-detoiles\/wp-json\/wp\/v2\/product_tag?post=1026"}],"curies":[{"name":"wp","href":"https:\/\/api.w.org\/{rel}","templated":true}]}}