{"id":1020,"date":"2025-03-19T11:36:15","date_gmt":"2025-03-19T10:36:15","guid":{"rendered":"http:\/\/nectar-detoiles.fr\/?post_type=product&#038;p=1020"},"modified":"2025-05-09T16:17:04","modified_gmt":"2025-05-09T14:17:04","slug":"le-jeu","status":"publish","type":"product","link":"https:\/\/formagraph-exercice.fr\/nectar-detoiles\/produit\/le-jeu\/","title":{"rendered":"LE JEU"},"content":{"rendered":"<p data-start=\"737\" data-end=\"1081\">Fleuron de la New Wave, le r\u00e9cit adopte une \u00e9criture fluide et sensorielle, invitant le lecteur \u00e0 plonger dans un univers o\u00f9 la r\u00e9alit\u00e9 n&rsquo;est plus qu\u2019un jeu aux r\u00e8gles incertaines. La douceur du Soft SF se marie avec des interrogations profondes et un humour \u00e9clatant, transformant chaque instant en une c\u00e9l\u00e9bration exaltante de l\u2019impr\u00e9visible.<\/p>\n<p data-start=\"1083\" data-end=\"1327\" data-is-last-node=\"\" data-is-only-node=\"\">Entre \u00e9nigmes temporelles, m\u00e9ditations sur l&rsquo;existence et surprises stylistiques, \u00ab\u00a0Le Jeu\u00a0\u00bb n&rsquo;est pas qu&rsquo;une simple partie \u2013 c&rsquo;est une invitation \u00e0 explorer les multiples facettes de notre r\u00e9alit\u00e9 avec l\u00e9g\u00e8ret\u00e9 et audace. Pr\u00eat \u00e0 lancer les d\u00e9s ?<\/p>\n<h5 class=\"field field--name-field-genres field--type-entity-reference field--label-inline\"><span class=\"field__label\">Pourquoi lire ?<\/span><\/h5>\n<div class=\"field__wrapper\">\n<p><strong><em>Un univers visuel unique \/<\/em> Id\u00e9al pour [d\u00e9butants SF et passionn\u00e9s curieux] <em>\/ \u00c9dition collector disponible<\/em><\/strong><\/p>\n<\/div>\n<h5 class=\"field field--name-field-categories field--type-entity-reference field--label-inline\"><span class=\"field__label\">Formats disponibles :<\/span><\/h5>\n<div class=\"field__wrapper\">\n<p>Papier, Num\u00e9rique (eBook), \u00c9ditions collector avec tirage limit\u00e9, Audio (si disponible)<\/p>\n<\/div>\n<h5 class=\"field field--name-field-categories field--type-entity-reference field--label-inline\"><span class=\"field__label\">Th\u00e9matiques :<\/span><\/h5>\n<div class=\"field__wrapper\">\n<p class=\"field__wrapper__item\"><span style=\"font-size: 16px;\"><strong><em>Voyage dans le temps \/ SF m\u00e9taphysique \/ New Wave \u00a0\/ Soft SF<\/em><\/strong><\/span><\/p>\n<\/div>\n<p class=\"field field--name-field-infos-techniques-html field--type-text-long field--label-hidden\"><span style=\"font-size: 16px;\"><em>260 pages, sous couverture illustr\u00e9e, 160 x 240 mm, reli\u00e9<\/em><\/span><br \/>\n<span style=\"font-size: 16px;\"><em>Achev\u00e9 d&rsquo;imprimer : 20-04-2025<\/em><\/span><\/p>\n<div class=\"group--codes\">\n<h5 class=\"field field--name-field-isbn-old field--type-string field--label-above\"><span class=\"field__label\">ISBN<\/span><\/h5>\n<div class=\"field__item\">\n<p><span style=\"font-size: 16px;\">9782073068026<\/span><\/p>\n<\/div>\n<h5 class=\"field field--name-field-isbn field--type-string field--label-above\"><span class=\"field__label\" style=\"font-size: 20px;\">Gencode<\/span><\/h5>\n<div class=\"field__item\">\n<p><span style=\"font-size: 16px;\">9782073068026<\/span><\/p>\n<\/div>\n<h5 class=\"field field--name-field-code-distributeur field--type-string field--label-above\"><span class=\"field__label\">Code distributeur<\/span><\/h5>\n<div class=\"field__item\">\n<p><span style=\"font-size: 16px;\">G09116<\/span><\/p>\n<h5 class=\"field field--name-field-genres field--type-entity-reference field--label-inline\"><span class=\"field__label\">Extrait<\/span><\/h5>\n<div class=\"_3d-flip-book  fb3d-fullscreen-mode full-size\" data-id=\"0\" data-mode=\"fullscreen\" data-title=\"false\" data-template=\"short-white-book-view\" data-lightbox=\"dark-shadow\" data-urlparam=\"fb3d-page\" data-page-n=\"0\" data-pdf=\"https:\/\/formagraph-exercice.fr\/nectar-detoiles\/wp-content\/uploads\/2025\/05\/PROLOGUE.pdf\" data-tax=\"null\" data-thumbnail=\"\" data-cols=\"3\" data-book-template=\"default\" data-trigger=\"\" style=\"background-image:url(&#039;https:\/\/formagraph-exercice.fr\/nectar-detoiles\/wp-content\/uploads\/2025\/05\/Fichier-6.png&#039;);\"><\/div>\n<\/div>\n<\/div>\n","protected":false},"excerpt":{"rendered":"<p data-start=\"12\" data-end=\"363\">\u00ab\u00a0Dans un avenir pas si lointain o\u00f9 le temps se plie et se d\u00e9plie comme un origami cosmique, \u00ab\u00a0Le Jeu\u00a0\u00bb vous propulse dans une aventure d\u00e9jant\u00e9e \u00e0 travers les m\u00e9andres du temps et de l\u2019\u00e2me. L&rsquo;histoire suit \u00c9lio, un r\u00eaveur farfelu qui d\u00e9couvre un antique jeu capable de d\u00e9verrouiller des portails temporels insoup\u00e7onn\u00e9s.<\/p>\n<p data-start=\"365\" data-end=\"735\">\u00c0 chaque coup de d\u00e9s, \u00c9lio se retrouve projet\u00e9 dans des \u00e9poques insaisissables o\u00f9 le pass\u00e9 se m\u00eale au futur dans une danse m\u00e9taphysique. Dans ce tourbillon d\u2019instantan\u00e9s po\u00e9tiques, les lois de la physique c\u00e8dent la place \u00e0 des questions existentielles : qui sommes-nous dans un autre espace temps ? Quelles v\u00e9rit\u00e9s se cachent derri\u00e8re le voile changeant de nos souvenirs ?\u00a0\u00bb<\/p>\n<p data-start=\"365\" data-end=\"735\"><em><strong>\u00c9crit par\u00a0 Fran\u00e7ois Philippe<\/strong><\/em><\/p>\n","protected":false},"featured_media":1005,"comment_status":"open","ping_status":"closed","template":"","meta":{"content-type":"","_kad_post_transparent":"default","_kad_post_title":"","_kad_post_layout":"default","_kad_post_sidebar_id":"","_kad_post_content_style":"default","_kad_post_vertical_padding":"default","_kad_post_feature":"","_kad_post_feature_position":"","_kad_post_header":false,"_kad_post_footer":false},"product_brand":[],"product_cat":[76],"product_tag":[109,111,113,115],"class_list":{"0":"post-1020","1":"product","2":"type-product","3":"status-publish","4":"has-post-thumbnail","6":"product_cat-romans","7":"product_tag-new-wave","8":"product_tag-sf-metaphysique","9":"product_tag-soft-sf","10":"product_tag-voyage-dans-le-temps","12":"first","13":"instock","14":"taxable","15":"shipping-taxable","16":"purchasable","17":"product-type-simple","18":"entry","19":"content-bg","20":"loop-entry"},"aioseo_notices":[],"_links":{"self":[{"href":"https:\/\/formagraph-exercice.fr\/nectar-detoiles\/wp-json\/wp\/v2\/product\/1020","targetHints":{"allow":["GET"]}}],"collection":[{"href":"https:\/\/formagraph-exercice.fr\/nectar-detoiles\/wp-json\/wp\/v2\/product"}],"about":[{"href":"https:\/\/formagraph-exercice.fr\/nectar-detoiles\/wp-json\/wp\/v2\/types\/product"}],"replies":[{"embeddable":true,"href":"https:\/\/formagraph-exercice.fr\/nectar-detoiles\/wp-json\/wp\/v2\/comments?post=1020"}],"wp:featuredmedia":[{"embeddable":true,"href":"https:\/\/formagraph-exercice.fr\/nectar-detoiles\/wp-json\/wp\/v2\/media\/1005"}],"wp:attachment":[{"href":"https:\/\/formagraph-exercice.fr\/nectar-detoiles\/wp-json\/wp\/v2\/media?parent=1020"}],"wp:term":[{"taxonomy":"product_brand","embeddable":true,"href":"https:\/\/formagraph-exercice.fr\/nectar-detoiles\/wp-json\/wp\/v2\/product_brand?post=1020"},{"taxonomy":"product_cat","embeddable":true,"href":"https:\/\/formagraph-exercice.fr\/nectar-detoiles\/wp-json\/wp\/v2\/product_cat?post=1020"},{"taxonomy":"product_tag","embeddable":true,"href":"https:\/\/formagraph-exercice.fr\/nectar-detoiles\/wp-json\/wp\/v2\/product_tag?post=1020"}],"curies":[{"name":"wp","href":"https:\/\/api.w.org\/{rel}","templated":true}]}}