{"id":214,"date":"2025-03-07T10:51:23","date_gmt":"2025-03-07T09:51:23","guid":{"rendered":"http:\/\/nectar-detoiles.fr\/?page_id=214"},"modified":"2025-05-09T16:48:44","modified_gmt":"2025-05-09T14:48:44","slug":"mentions-legales","status":"publish","type":"page","link":"https:\/\/formagraph-exercice.fr\/nectar-detoiles\/mentions-legales\/","title":{"rendered":"Mentions l\u00e9gales"},"content":{"rendered":"<style>.kb-row-layout-id214_78630d-1b > .kt-row-column-wrap{align-content:start;}:where(.kb-row-layout-id214_78630d-1b > .kt-row-column-wrap) > .wp-block-kadence-column{justify-content:start;}.kb-row-layout-id214_78630d-1b > .kt-row-column-wrap{column-gap:var(--global-kb-gap-md, 2rem);row-gap:var(--global-kb-gap-md, 2rem);padding-top:var(--global-kb-spacing-sm, 1.5rem);padding-bottom:var(--global-kb-spacing-sm, 1.5rem);grid-template-columns:minmax(0, 1fr);}.kb-row-layout-id214_78630d-1b > .kt-row-layout-overlay{opacity:0.30;}@media all and (max-width: 1024px){.kb-row-layout-id214_78630d-1b > .kt-row-column-wrap{grid-template-columns:minmax(0, 1fr);}}@media all and (max-width: 767px){.kb-row-layout-id214_78630d-1b > .kt-row-column-wrap{grid-template-columns:minmax(0, 1fr);}}<\/style><section class=\"kb-row-layout-wrap kb-row-layout-id214_78630d-1b alignnone wp-block-kadence-rowlayout\"><div class=\"kt-row-column-wrap kt-has-1-columns kt-row-layout-equal kt-tab-layout-inherit kt-mobile-layout-row kt-row-valign-top\">\n<style>.kadence-column214_d662a0-15 > .kt-inside-inner-col,.kadence-column214_d662a0-15 > .kt-inside-inner-col:before{border-top-left-radius:0px;border-top-right-radius:0px;border-bottom-right-radius:0px;border-bottom-left-radius:0px;}.kadence-column214_d662a0-15 > .kt-inside-inner-col{column-gap:var(--global-kb-gap-sm, 1rem);}.kadence-column214_d662a0-15 > .kt-inside-inner-col{flex-direction:column;}.kadence-column214_d662a0-15 > .kt-inside-inner-col > .aligncenter{width:100%;}.kadence-column214_d662a0-15 > .kt-inside-inner-col:before{opacity:0.3;}.kadence-column214_d662a0-15{position:relative;}@media all and (max-width: 1024px){.kadence-column214_d662a0-15 > .kt-inside-inner-col{flex-direction:column;justify-content:center;}}@media all and (max-width: 767px){.kadence-column214_d662a0-15 > .kt-inside-inner-col{flex-direction:column;justify-content:center;}}<\/style>\n<div class=\"wp-block-kadence-column kadence-column214_d662a0-15\"><div class=\"kt-inside-inner-col\"><style>.wp-block-kadence-advancedheading.kt-adv-heading214_d2e74a-ec, .wp-block-kadence-advancedheading.kt-adv-heading214_d2e74a-ec[data-kb-block=\"kb-adv-heading214_d2e74a-ec\"]{padding-top:var(--global-kb-spacing-lg, 3rem);font-size:var(--global-kb-font-size-xl, 3rem);font-style:normal;}.wp-block-kadence-advancedheading.kt-adv-heading214_d2e74a-ec mark.kt-highlight, .wp-block-kadence-advancedheading.kt-adv-heading214_d2e74a-ec[data-kb-block=\"kb-adv-heading214_d2e74a-ec\"] mark.kt-highlight{font-style:normal;color:#f76a0c;-webkit-box-decoration-break:clone;box-decoration-break:clone;padding-top:0px;padding-right:0px;padding-bottom:0px;padding-left:0px;}<\/style>\n<h3 class=\"kt-adv-heading214_d2e74a-ec wp-block-kadence-advancedheading\" data-kb-block=\"kb-adv-heading214_d2e74a-ec\">Mentions l\u00e9gales<\/h3>\n<\/div><\/div>\n\n\n<style>.kadence-column214_f2c2ee-c8 > .kt-inside-inner-col,.kadence-column214_f2c2ee-c8 > .kt-inside-inner-col:before{border-top-left-radius:0px;border-top-right-radius:0px;border-bottom-right-radius:0px;border-bottom-left-radius:0px;}.kadence-column214_f2c2ee-c8 > .kt-inside-inner-col{column-gap:var(--global-kb-gap-sm, 1rem);}.kadence-column214_f2c2ee-c8 > .kt-inside-inner-col{flex-direction:column;}.kadence-column214_f2c2ee-c8 > .kt-inside-inner-col > .aligncenter{width:100%;}.kadence-column214_f2c2ee-c8 > .kt-inside-inner-col:before{opacity:0.3;}.kadence-column214_f2c2ee-c8{position:relative;}@media all and (max-width: 1024px){.kadence-column214_f2c2ee-c8 > .kt-inside-inner-col{flex-direction:column;justify-content:center;}}@media all and (max-width: 767px){.kadence-column214_f2c2ee-c8 > .kt-inside-inner-col{flex-direction:column;justify-content:center;}}<\/style>\n<div class=\"wp-block-kadence-column kadence-column214_f2c2ee-c8\"><div class=\"kt-inside-inner-col\"><style>.wp-block-kadence-advancedheading.kt-adv-heading214_b0df7e-14, .wp-block-kadence-advancedheading.kt-adv-heading214_b0df7e-14[data-kb-block=\"kb-adv-heading214_b0df7e-14\"]{font-style:normal;}.wp-block-kadence-advancedheading.kt-adv-heading214_b0df7e-14 mark.kt-highlight, .wp-block-kadence-advancedheading.kt-adv-heading214_b0df7e-14[data-kb-block=\"kb-adv-heading214_b0df7e-14\"] mark.kt-highlight{font-style:normal;color:#f76a0c;-webkit-box-decoration-break:clone;box-decoration-break:clone;padding-top:0px;padding-right:0px;padding-bottom:0px;padding-left:0px;}<\/style>\n<h3 class=\"kt-adv-heading214_b0df7e-14 wp-block-kadence-advancedheading\" data-kb-block=\"kb-adv-heading214_b0df7e-14\"><strong>\u00c9ditions Nectar d&rsquo;\u00e9toiles-NRF<\/strong><\/h3>\n\n\n\n<p>Soci\u00e9t\u00e9 anonyme au capital de 1 690 638 \u20ac<br>RCS Paris B 572206753<br>N\u00b0 TVA&nbsp;: FR 19 572 206 753<\/p>\n<\/div><\/div>\n\n\n<style>.kadence-column214_dac710-55 > .kt-inside-inner-col,.kadence-column214_dac710-55 > .kt-inside-inner-col:before{border-top-left-radius:0px;border-top-right-radius:0px;border-bottom-right-radius:0px;border-bottom-left-radius:0px;}.kadence-column214_dac710-55 > .kt-inside-inner-col{column-gap:var(--global-kb-gap-sm, 1rem);}.kadence-column214_dac710-55 > .kt-inside-inner-col{flex-direction:column;}.kadence-column214_dac710-55 > .kt-inside-inner-col > .aligncenter{width:100%;}.kadence-column214_dac710-55 > .kt-inside-inner-col:before{opacity:0.3;}.kadence-column214_dac710-55{position:relative;}@media all and (max-width: 1024px){.kadence-column214_dac710-55 > .kt-inside-inner-col{flex-direction:column;justify-content:center;}}@media all and (max-width: 767px){.kadence-column214_dac710-55 > .kt-inside-inner-col{flex-direction:column;justify-content:center;}}<\/style>\n<div class=\"wp-block-kadence-column kadence-column214_dac710-55\"><div class=\"kt-inside-inner-col\"><style>.wp-block-kadence-advancedheading.kt-adv-heading214_c0ac72-7d, .wp-block-kadence-advancedheading.kt-adv-heading214_c0ac72-7d[data-kb-block=\"kb-adv-heading214_c0ac72-7d\"]{font-style:normal;}.wp-block-kadence-advancedheading.kt-adv-heading214_c0ac72-7d mark.kt-highlight, .wp-block-kadence-advancedheading.kt-adv-heading214_c0ac72-7d[data-kb-block=\"kb-adv-heading214_c0ac72-7d\"] mark.kt-highlight{font-style:normal;color:#f76a0c;-webkit-box-decoration-break:clone;box-decoration-break:clone;padding-top:0px;padding-right:0px;padding-bottom:0px;padding-left:0px;}<\/style>\n<p class=\"kt-adv-heading214_c0ac72-7d wp-block-kadence-advancedheading\" data-kb-block=\"kb-adv-heading214_c0ac72-7d\"><strong>Si\u00e8ge social<\/strong><br>&nbsp;2, rue Fran\u00e7ois de Neufch\u00e2teau&nbsp;<br>&nbsp;88000 \u00c9pinal France&nbsp;<br>&nbsp;T\u00e9l.&nbsp;: +33 (0)1.83.53.20.76&nbsp;<\/p>\n\n\n\n<p><strong>H\u00e9bergement du site<\/strong><br>&nbsp;SODIS&nbsp;<br>&nbsp;Soci\u00e9t\u00e9 par actions simplifi\u00e9e au capital de 1 680 000 euros<br>&nbsp;RCS \u00c9pinal 702 044&nbsp;710<br>&nbsp;&nbsp;2, rue Fran\u00e7ois de Neufch\u00e2teau&nbsp;<br>&nbsp;88000 \u00c9pinal France&nbsp;<\/p>\n\n\n\n<p>\u00a9 Nectar d&rsquo;\u00e9toiles, \u00c9pinal, 2025.<\/p>\n<\/div><\/div>\n\n\n<style>.kadence-column214_b0df7e-14 > .kt-inside-inner-col,.kadence-column214_b0df7e-14 > .kt-inside-inner-col:before{border-top-left-radius:0px;border-top-right-radius:0px;border-bottom-right-radius:0px;border-bottom-left-radius:0px;}.kadence-column214_b0df7e-14 > .kt-inside-inner-col{column-gap:var(--global-kb-gap-sm, 1rem);}.kadence-column214_b0df7e-14 > .kt-inside-inner-col{flex-direction:column;}.kadence-column214_b0df7e-14 > .kt-inside-inner-col > .aligncenter{width:100%;}.kadence-column214_b0df7e-14 > .kt-inside-inner-col:before{opacity:0.3;}.kadence-column214_b0df7e-14{position:relative;}@media all and (max-width: 1024px){.kadence-column214_b0df7e-14 > .kt-inside-inner-col{flex-direction:column;justify-content:center;}}@media all and (max-width: 767px){.kadence-column214_b0df7e-14 > .kt-inside-inner-col{flex-direction:column;justify-content:center;}}<\/style>\n<div class=\"wp-block-kadence-column kadence-column214_b0df7e-14\"><div class=\"kt-inside-inner-col\"><style>.wp-block-kadence-advancedheading.kt-adv-heading214_84177f-c0, .wp-block-kadence-advancedheading.kt-adv-heading214_84177f-c0[data-kb-block=\"kb-adv-heading214_84177f-c0\"]{font-style:normal;}.wp-block-kadence-advancedheading.kt-adv-heading214_84177f-c0 mark.kt-highlight, .wp-block-kadence-advancedheading.kt-adv-heading214_84177f-c0[data-kb-block=\"kb-adv-heading214_84177f-c0\"] mark.kt-highlight{font-style:normal;color:#f76a0c;-webkit-box-decoration-break:clone;box-decoration-break:clone;padding-top:0px;padding-right:0px;padding-bottom:0px;padding-left:0px;}<\/style>\n<h3 class=\"kt-adv-heading214_84177f-c0 wp-block-kadence-advancedheading\" data-kb-block=\"kb-adv-heading214_84177f-c0\"><strong>Conditions g\u00e9n\u00e9rales d\u2019utilisation<\/strong><\/h3>\n\n\n\n<p>Les Conditions G\u00e9n\u00e9rales d\u2019Utilisation (ci-apr\u00e8s les \u00ab&nbsp;CGU&nbsp;\u00bb) ont pour objet de d\u00e9finir les modalit\u00e9s selon lesquelles la Soci\u00e9t\u00e9 \u00c9ditions Nectar d&rsquo;\u00e9toiles-NRF (ci-apr\u00e8s \u00ab&nbsp;l\u2019\u00c9diteur&nbsp;\u00bb) met \u00e0 la disposition des utilisateurs (ci-apr\u00e8s \u00ab&nbsp;les Utilisateurs&nbsp;\u00bb) le site internet accessible \u00e0 l\u2019adresse suivante&nbsp;: https:\/\/www.nectar-detoiles.fr\/ (ci-apr\u00e8s \u00ab&nbsp;le Site&nbsp;\u00bb).<\/p>\n<\/div><\/div>\n\n\n<style>.kadence-column214_e33810-1e > .kt-inside-inner-col,.kadence-column214_e33810-1e > .kt-inside-inner-col:before{border-top-left-radius:0px;border-top-right-radius:0px;border-bottom-right-radius:0px;border-bottom-left-radius:0px;}.kadence-column214_e33810-1e > .kt-inside-inner-col{column-gap:var(--global-kb-gap-sm, 1rem);}.kadence-column214_e33810-1e > .kt-inside-inner-col{flex-direction:column;}.kadence-column214_e33810-1e > .kt-inside-inner-col > .aligncenter{width:100%;}.kadence-column214_e33810-1e > .kt-inside-inner-col:before{opacity:0.3;}.kadence-column214_e33810-1e{position:relative;}@media all and (max-width: 1024px){.kadence-column214_e33810-1e > .kt-inside-inner-col{flex-direction:column;justify-content:center;}}@media all and (max-width: 767px){.kadence-column214_e33810-1e > .kt-inside-inner-col{flex-direction:column;justify-content:center;}}<\/style>\n<div class=\"wp-block-kadence-column kadence-column214_e33810-1e\"><div class=\"kt-inside-inner-col\"><style>.wp-block-kadence-advancedheading.kt-adv-heading214_0b663c-5b, .wp-block-kadence-advancedheading.kt-adv-heading214_0b663c-5b[data-kb-block=\"kb-adv-heading214_0b663c-5b\"]{font-style:normal;}.wp-block-kadence-advancedheading.kt-adv-heading214_0b663c-5b mark.kt-highlight, .wp-block-kadence-advancedheading.kt-adv-heading214_0b663c-5b[data-kb-block=\"kb-adv-heading214_0b663c-5b\"] mark.kt-highlight{font-style:normal;color:#f76a0c;-webkit-box-decoration-break:clone;box-decoration-break:clone;padding-top:0px;padding-right:0px;padding-bottom:0px;padding-left:0px;}<\/style>\n<h3 class=\"kt-adv-heading214_0b663c-5b wp-block-kadence-advancedheading\" data-kb-block=\"kb-adv-heading214_0b663c-5b\"><strong>Obligations et responsabilit\u00e9s&nbsp;des Utilisateurs&nbsp;:<\/strong><\/h3>\n\n\n\n<p>Les Utilisateurs s\u2019engagent \u00e0 utiliser le Site \u00e0 des fins strictement personnelles.<\/p>\n\n\n\n<p>Les Utilisateurs s\u2019engagent \u00e0 ne pas contrevenir aux dispositions l\u00e9gislatives et r\u00e9glementaires applicables ainsi qu\u2019aux pr\u00e9sentes CGU dans le cadre de leur utilisation du Site. Les Utilisateurs d\u00e9clarent \u00eatre inform\u00e9s que toute violation des pr\u00e9sentes CGU sera susceptible d\u2019entra\u00eener des poursuites judiciaires et\/ou toutes autres sanctions \u00e0 leur encontre.<\/p>\n\n\n\n<p>Les Utilisateurs sont responsables envers l\u2019\u00c9diteur de tous dommages directs et\/ou indirects de quelque nature que ce soit qu\u2019ils causent en cas d\u2019utilisation du Site non conforme aux pr\u00e9sentes CGU.<\/p>\n\n\n\n<p>Les Utilisateurs sont responsables du mat\u00e9riel de connexion au Site qu\u2019ils utilisent. Les Utilisateurs doivent prendre les mesures appropri\u00e9es pour prot\u00e9ger leur mat\u00e9riel et leurs propres donn\u00e9es, notamment de la contamination par d\u2019\u00e9ventuels virus circulant sur le r\u00e9seau internet.<\/p>\n<\/div><\/div>\n\n\n<style>.kadence-column214_9b0b8d-76 > .kt-inside-inner-col,.kadence-column214_9b0b8d-76 > .kt-inside-inner-col:before{border-top-left-radius:0px;border-top-right-radius:0px;border-bottom-right-radius:0px;border-bottom-left-radius:0px;}.kadence-column214_9b0b8d-76 > .kt-inside-inner-col{column-gap:var(--global-kb-gap-sm, 1rem);}.kadence-column214_9b0b8d-76 > .kt-inside-inner-col{flex-direction:column;}.kadence-column214_9b0b8d-76 > .kt-inside-inner-col > .aligncenter{width:100%;}.kadence-column214_9b0b8d-76 > .kt-inside-inner-col:before{opacity:0.3;}.kadence-column214_9b0b8d-76{position:relative;}@media all and (max-width: 1024px){.kadence-column214_9b0b8d-76 > .kt-inside-inner-col{flex-direction:column;justify-content:center;}}@media all and (max-width: 767px){.kadence-column214_9b0b8d-76 > .kt-inside-inner-col{flex-direction:column;justify-content:center;}}<\/style>\n<div class=\"wp-block-kadence-column kadence-column214_9b0b8d-76\"><div class=\"kt-inside-inner-col\"><style>.wp-block-kadence-advancedheading.kt-adv-heading214_8ed3d3-1d, .wp-block-kadence-advancedheading.kt-adv-heading214_8ed3d3-1d[data-kb-block=\"kb-adv-heading214_8ed3d3-1d\"]{font-style:normal;}.wp-block-kadence-advancedheading.kt-adv-heading214_8ed3d3-1d mark.kt-highlight, .wp-block-kadence-advancedheading.kt-adv-heading214_8ed3d3-1d[data-kb-block=\"kb-adv-heading214_8ed3d3-1d\"] mark.kt-highlight{font-style:normal;color:#f76a0c;-webkit-box-decoration-break:clone;box-decoration-break:clone;padding-top:0px;padding-right:0px;padding-bottom:0px;padding-left:0px;}<\/style>\n<h3 class=\"kt-adv-heading214_8ed3d3-1d wp-block-kadence-advancedheading\" data-kb-block=\"kb-adv-heading214_8ed3d3-1d\"><strong>Responsabilit\u00e9&nbsp;de l\u2019\u00c9diteur&nbsp;:<\/strong><\/h3>\n\n\n\n<p>L\u2019\u00c9diteur se r\u00e9serve le droit, \u00e0 tout moment, de&nbsp;suspendre, d\u2019interrompre ou de limiter, sans avis pr\u00e9alable, l\u2019acc\u00e8s \u00e0 tout ou partie du Site, notamment afin de proc\u00e9der \u00e0 des mises \u00e0 jour, ou pour toute autre raison sans que les Utilisateurs ne disposent d\u2019un recours \u00e0 l\u2019encontre de l\u2019\u00c9diteur.<\/p>\n\n\n\n<p>La responsabilit\u00e9 de l\u2019\u00c9diteur ne peut \u00eatre engag\u00e9e en cas de d\u00e9faillance, panne, difficult\u00e9 ou interruption de fonctionnement emp\u00eachant l\u2019acc\u00e8s au Site ou \u00e0 une de ses fonctionnalit\u00e9s.<\/p>\n\n\n\n<p>L\u2019\u00c9diteur n\u2019est pas responsable des dommages caus\u00e9s aux Utilisateurs, \u00e0 des tiers et\/ou \u00e0 leur \u00e9quipement du fait de leur connexion ou de leur utilisation du Site et les Utilisateurs renoncent \u00e0 toute action contre lui de ce fait.&nbsp;<\/p>\n\n\n\n<p>L\u2019\u00c9diteur n\u2019est pas responsable du contenu des sites auxquels renvoient les liens hypertextes figurant sur le Site, ou qui y sont li\u00e9s par quelque moyen que ce soit.<\/p>\n<\/div><\/div>\n\n\n<style>.kadence-column214_29495c-44 > .kt-inside-inner-col,.kadence-column214_29495c-44 > .kt-inside-inner-col:before{border-top-left-radius:0px;border-top-right-radius:0px;border-bottom-right-radius:0px;border-bottom-left-radius:0px;}.kadence-column214_29495c-44 > .kt-inside-inner-col{column-gap:var(--global-kb-gap-sm, 1rem);}.kadence-column214_29495c-44 > .kt-inside-inner-col{flex-direction:column;}.kadence-column214_29495c-44 > .kt-inside-inner-col > .aligncenter{width:100%;}.kadence-column214_29495c-44 > .kt-inside-inner-col:before{opacity:0.3;}.kadence-column214_29495c-44{position:relative;}@media all and (max-width: 1024px){.kadence-column214_29495c-44 > .kt-inside-inner-col{flex-direction:column;justify-content:center;}}@media all and (max-width: 767px){.kadence-column214_29495c-44 > .kt-inside-inner-col{flex-direction:column;justify-content:center;}}<\/style>\n<div class=\"wp-block-kadence-column kadence-column214_29495c-44\"><div class=\"kt-inside-inner-col\"><style>.wp-block-kadence-advancedheading.kt-adv-heading214_e0b86e-51, .wp-block-kadence-advancedheading.kt-adv-heading214_e0b86e-51[data-kb-block=\"kb-adv-heading214_e0b86e-51\"]{font-style:normal;}.wp-block-kadence-advancedheading.kt-adv-heading214_e0b86e-51 mark.kt-highlight, .wp-block-kadence-advancedheading.kt-adv-heading214_e0b86e-51[data-kb-block=\"kb-adv-heading214_e0b86e-51\"] mark.kt-highlight{font-style:normal;color:#f76a0c;-webkit-box-decoration-break:clone;box-decoration-break:clone;padding-top:0px;padding-right:0px;padding-bottom:0px;padding-left:0px;}<\/style>\n<h3 class=\"kt-adv-heading214_e0b86e-51 wp-block-kadence-advancedheading\" data-kb-block=\"kb-adv-heading214_e0b86e-51\"><strong>Propri\u00e9t\u00e9 intellectuelle&nbsp;<\/strong>:<\/h3>\n\n\n\n<p>La structure du Site ainsi que l\u2019ensemble des contenus diffus\u00e9s sur le Site sont prot\u00e9g\u00e9s par la l\u00e9gislation relative \u00e0 la propri\u00e9t\u00e9 intellectuelle (notamment droit d\u2019auteur, droits voisins, droit&nbsp;<em>sui generis<\/em>&nbsp;des producteurs de bases de donn\u00e9es, droits des marques, noms de domaine\u2026).<\/p>\n\n\n\n<p>Les photographies, illustrations, dessins ou tout autre graphique, documents, les signes, signaux, \u00e9crits, images, vid\u00e9os, sons ou messages de toute nature, marques, d\u00e9nominations, logos et de mani\u00e8re g\u00e9n\u00e9rale tout contenu figurant sur le Site (ci-apr\u00e8s \u00ab les Contenus \u00bb) ne peuvent faire l\u2019objet d\u2019aucune reproduction ou repr\u00e9sentation, m\u00eame partielle, sans l\u2019autorisation pr\u00e9alable expresse et \u00e9crite de l\u2019\u00c9diteur.<\/p>\n<\/div><\/div>\n\n\n<style>.kadence-column214_9bf8c5-81 > .kt-inside-inner-col,.kadence-column214_9bf8c5-81 > .kt-inside-inner-col:before{border-top-left-radius:0px;border-top-right-radius:0px;border-bottom-right-radius:0px;border-bottom-left-radius:0px;}.kadence-column214_9bf8c5-81 > .kt-inside-inner-col{column-gap:var(--global-kb-gap-sm, 1rem);}.kadence-column214_9bf8c5-81 > .kt-inside-inner-col{flex-direction:column;}.kadence-column214_9bf8c5-81 > .kt-inside-inner-col > .aligncenter{width:100%;}.kadence-column214_9bf8c5-81 > .kt-inside-inner-col:before{opacity:0.3;}.kadence-column214_9bf8c5-81{position:relative;}@media all and (max-width: 1024px){.kadence-column214_9bf8c5-81 > .kt-inside-inner-col{flex-direction:column;justify-content:center;}}@media all and (max-width: 767px){.kadence-column214_9bf8c5-81 > .kt-inside-inner-col{flex-direction:column;justify-content:center;}}<\/style>\n<div class=\"wp-block-kadence-column kadence-column214_9bf8c5-81\"><div class=\"kt-inside-inner-col\"><style>.wp-block-kadence-advancedheading.kt-adv-heading214_693a65-08, .wp-block-kadence-advancedheading.kt-adv-heading214_693a65-08[data-kb-block=\"kb-adv-heading214_693a65-08\"]{font-style:normal;}.wp-block-kadence-advancedheading.kt-adv-heading214_693a65-08 mark.kt-highlight, .wp-block-kadence-advancedheading.kt-adv-heading214_693a65-08[data-kb-block=\"kb-adv-heading214_693a65-08\"] mark.kt-highlight{font-style:normal;color:#f76a0c;-webkit-box-decoration-break:clone;box-decoration-break:clone;padding-top:0px;padding-right:0px;padding-bottom:0px;padding-left:0px;}<\/style>\n<h3 class=\"kt-adv-heading214_693a65-08 wp-block-kadence-advancedheading\" data-kb-block=\"kb-adv-heading214_693a65-08\"><strong>Politique fouille de textes et de donn\u00e9es&nbsp;&lt; TDM-RESERVATION: 1&gt;<\/strong><\/h3>\n\n\n\n<p>L\u2019\u00c9diteur s\u2019oppose \u00e0 toutes op\u00e9rations de moissonnage et de fouille de textes et de donn\u00e9es au sens de l\u2019article L.122-5-3 du code de la propri\u00e9t\u00e9 intellectuelle.<\/p>\n\n\n\n<p>Cette opposition couvre l\u2019ensemble du Site et des Contenus auxquels il donne acc\u00e8s.<\/p>\n\n\n\n<p>Toutes op\u00e9rations de moissonnage et de fouille de textes et de donn\u00e9es visant le Site et ses Contenus, y compris par des dispositifs de collecte automatis\u00e9e de donn\u00e9es constituent donc des actes de contrefa\u00e7on sauf obtention d\u2019un accord sp\u00e9cifique formellement exprim\u00e9 de l\u2019\u00c9diteur.<\/p>\n\n\n\n<p>L\u2019article R. 122-28 du code de la propri\u00e9t\u00e9 intellectuelle pr\u00e9cisant que l&rsquo;opposition mentionn\u00e9e au III de l&rsquo;article L. 122-5-3 peut \u00eatre exprim\u00e9e par tout moyen, y compris par le recours \u00e0 des conditions g\u00e9n\u00e9rales d&rsquo;utilisation d&rsquo;un site internet ou d&rsquo;un service, l\u2019absence de m\u00e9tadonn\u00e9es associ\u00e9es au Site, r\u00e9pertoires du Site, Contenus du Site est sans incidence sur l\u2019exercice du droit d\u2019opposition exprim\u00e9 par les pr\u00e9sentes CGU.<\/p>\n\n\n\n<p>Pour faciliter la lecture de ce droit d\u2019opposition par tout dispositif de collecte automatis\u00e9e de donn\u00e9es, cette opposition est \u00e9galement exprim\u00e9e ainsi &lt; TDM-RESERVATION: 1&gt;.<\/p>\n\n\n\n<p>R\u00e9alisation&nbsp;:&nbsp;<a href=\"https:\/\/www.insite.coop\/\" target=\"_blank\" rel=\"noreferrer noopener\">Nectar d&rsquo;\u00e9toiles &#8211; p\u00f4le graphique, \u00c9pinal.<\/a><\/p>\n<\/div><\/div>\n\n<\/div><\/section>","protected":false},"excerpt":{"rendered":"<p>Mentions l\u00e9gales \u00c9ditions Nectar d&rsquo;\u00e9toiles-NRF Soci\u00e9t\u00e9 anonyme au capital de 1 690 638 \u20acRCS Paris B 572206753N\u00b0 TVA&nbsp;: FR 19 572 206 753 Si\u00e8ge social&nbsp;2, rue Fran\u00e7ois de Neufch\u00e2teau&nbsp;&nbsp;88000 \u00c9pinal France&nbsp;&nbsp;T\u00e9l.&nbsp;: +33 (0)1.83.53.20.76&nbsp; H\u00e9bergement du site&nbsp;SODIS&nbsp;&nbsp;Soci\u00e9t\u00e9 par actions simplifi\u00e9e au capital de 1 680 000 euros&nbsp;RCS \u00c9pinal 702 044&nbsp;710&nbsp;&nbsp;2, rue Fran\u00e7ois de Neufch\u00e2teau&nbsp;&nbsp;88000 \u00c9pinal France&nbsp;&#8230;<\/p>\n","protected":false},"author":1,"featured_media":0,"parent":0,"menu_order":0,"comment_status":"closed","ping_status":"closed","template":"","meta":{"content-type":"","_kad_post_transparent":"","_kad_post_title":"hide","_kad_post_layout":"","_kad_post_sidebar_id":"","_kad_post_content_style":"","_kad_post_vertical_padding":"","_kad_post_feature":"","_kad_post_feature_position":"","_kad_post_header":false,"_kad_post_footer":false,"footnotes":""},"class_list":["post-214","page","type-page","status-publish","hentry"],"aioseo_notices":[],"_links":{"self":[{"href":"https:\/\/formagraph-exercice.fr\/nectar-detoiles\/wp-json\/wp\/v2\/pages\/214","targetHints":{"allow":["GET"]}}],"collection":[{"href":"https:\/\/formagraph-exercice.fr\/nectar-detoiles\/wp-json\/wp\/v2\/pages"}],"about":[{"href":"https:\/\/formagraph-exercice.fr\/nectar-detoiles\/wp-json\/wp\/v2\/types\/page"}],"author":[{"embeddable":true,"href":"https:\/\/formagraph-exercice.fr\/nectar-detoiles\/wp-json\/wp\/v2\/users\/1"}],"replies":[{"embeddable":true,"href":"https:\/\/formagraph-exercice.fr\/nectar-detoiles\/wp-json\/wp\/v2\/comments?post=214"}],"version-history":[{"count":8,"href":"https:\/\/formagraph-exercice.fr\/nectar-detoiles\/wp-json\/wp\/v2\/pages\/214\/revisions"}],"predecessor-version":[{"id":2255,"href":"https:\/\/formagraph-exercice.fr\/nectar-detoiles\/wp-json\/wp\/v2\/pages\/214\/revisions\/2255"}],"wp:attachment":[{"href":"https:\/\/formagraph-exercice.fr\/nectar-detoiles\/wp-json\/wp\/v2\/media?parent=214"}],"curies":[{"name":"wp","href":"https:\/\/api.w.org\/{rel}","templated":true}]}}