{"id":110,"date":"2025-03-07T10:59:19","date_gmt":"2025-03-07T09:59:19","guid":{"rendered":"http:\/\/nectar-detoiles.fr\/?page_id=110"},"modified":"2025-05-09T11:31:49","modified_gmt":"2025-05-09T09:31:49","slug":"appels-a-textes","status":"publish","type":"page","link":"https:\/\/formagraph-exercice.fr\/nectar-detoiles\/appels-a-textes\/","title":{"rendered":"Appels \u00e0 textes"},"content":{"rendered":"<style>.kb-row-layout-id110_e91673-1e > .kt-row-column-wrap{align-content:start;}:where(.kb-row-layout-id110_e91673-1e > .kt-row-column-wrap) > .wp-block-kadence-column{justify-content:start;}.kb-row-layout-id110_e91673-1e > .kt-row-column-wrap{column-gap:var(--global-kb-gap-md, 2rem);row-gap:var(--global-kb-gap-md, 2rem);padding-top:var(--global-kb-spacing-sm, 1.5rem);padding-bottom:var(--global-kb-spacing-sm, 1.5rem);min-height:400px;grid-template-columns:minmax(0, 1fr);}.kb-row-layout-id110_e91673-1e{background-image:url('https:\/\/formagraph-exercice.fr\/nectar-detoiles\/wp-content\/uploads\/2025\/05\/call-for-texts-for-an-illustrated-science-fiction-.jpg');background-size:cover;background-position:center center;background-attachment:scroll;background-repeat:no-repeat;}.kb-row-layout-id110_e91673-1e > .kt-row-layout-overlay{opacity:0.50;background-color:var(--global-palette1, #3182CE);}@media all and (max-width: 1024px){.kb-row-layout-id110_e91673-1e > .kt-row-column-wrap{grid-template-columns:minmax(0, 1fr);}}@media all and (max-width: 767px){.kb-row-layout-id110_e91673-1e > .kt-row-column-wrap{grid-template-columns:minmax(0, 1fr);}}<\/style><section class=\"kb-row-layout-wrap kb-row-layout-id110_e91673-1e alignfull kt-row-has-bg wp-block-kadence-rowlayout\"><div class=\"kt-row-layout-overlay kt-row-overlay-normal\"><\/div><div class=\"kt-row-column-wrap kt-has-1-columns kt-row-layout-equal kt-tab-layout-inherit kt-mobile-layout-row kt-row-valign-top\">\n<style>.kadence-column110_90fff8-eb > .kt-inside-inner-col{padding-top:var(--global-kb-spacing-3xl, 6.5rem);}.kadence-column110_90fff8-eb > .kt-inside-inner-col,.kadence-column110_90fff8-eb > .kt-inside-inner-col:before{border-top-left-radius:0px;border-top-right-radius:0px;border-bottom-right-radius:0px;border-bottom-left-radius:0px;}.kadence-column110_90fff8-eb > .kt-inside-inner-col{column-gap:var(--global-kb-gap-sm, 1rem);}.kadence-column110_90fff8-eb > .kt-inside-inner-col{flex-direction:column;}.kadence-column110_90fff8-eb > .kt-inside-inner-col > .aligncenter{width:100%;}.kadence-column110_90fff8-eb > .kt-inside-inner-col:before{opacity:0.3;}.kadence-column110_90fff8-eb{position:relative;}@media all and (max-width: 1024px){.kadence-column110_90fff8-eb > .kt-inside-inner-col{flex-direction:column;justify-content:center;}}@media all and (max-width: 767px){.kadence-column110_90fff8-eb > .kt-inside-inner-col{flex-direction:column;justify-content:center;}}<\/style>\n<div class=\"wp-block-kadence-column kadence-column110_90fff8-eb\"><div class=\"kt-inside-inner-col\"><style>.wp-block-kadence-advancedheading.kt-adv-heading110_86ef9a-d9, .wp-block-kadence-advancedheading.kt-adv-heading110_86ef9a-d9[data-kb-block=\"kb-adv-heading110_86ef9a-d9\"]{text-align:center;font-style:normal;}.wp-block-kadence-advancedheading.kt-adv-heading110_86ef9a-d9 mark.kt-highlight, .wp-block-kadence-advancedheading.kt-adv-heading110_86ef9a-d9[data-kb-block=\"kb-adv-heading110_86ef9a-d9\"] mark.kt-highlight{font-style:normal;color:#f76a0c;-webkit-box-decoration-break:clone;box-decoration-break:clone;padding-top:0px;padding-right:0px;padding-bottom:0px;padding-left:0px;}<\/style>\n<h2 class=\"kt-adv-heading110_86ef9a-d9 wp-block-kadence-advancedheading\" data-kb-block=\"kb-adv-heading110_86ef9a-d9\"><strong><mark style=\"background-color:rgba(0, 0, 0, 0)\" class=\"has-inline-color has-theme-palette-9-color\"><strong>Participez \u00e0 nos appels \u00e0 manuscrits SF<\/strong><\/mark><\/strong><\/h2>\n\n\n<style>.wp-block-kadence-advancedbtn.kb-btns110_dcf0c8-5f{gap:var(--global-kb-gap-xs, 0.5rem );justify-content:center;align-items:center;}.kt-btns110_dcf0c8-5f .kt-button{font-weight:normal;font-style:normal;}.kt-btns110_dcf0c8-5f .kt-btn-wrap-0{margin-right:5px;}.wp-block-kadence-advancedbtn.kt-btns110_dcf0c8-5f .kt-btn-wrap-0 .kt-button{color:#555555;border-color:#555555;}.wp-block-kadence-advancedbtn.kt-btns110_dcf0c8-5f .kt-btn-wrap-0 .kt-button:hover, .wp-block-kadence-advancedbtn.kt-btns110_dcf0c8-5f .kt-btn-wrap-0 .kt-button:focus{color:#ffffff;border-color:#444444;}.wp-block-kadence-advancedbtn.kt-btns110_dcf0c8-5f .kt-btn-wrap-0 .kt-button::before{display:none;}.wp-block-kadence-advancedbtn.kt-btns110_dcf0c8-5f .kt-btn-wrap-0 .kt-button:hover, .wp-block-kadence-advancedbtn.kt-btns110_dcf0c8-5f .kt-btn-wrap-0 .kt-button:focus{background:#444444;}<\/style>\n<div class=\"wp-block-kadence-advancedbtn kb-buttons-wrap kb-btns110_dcf0c8-5f\"><style>ul.menu .wp-block-kadence-advancedbtn .kb-btn110_2c6fb2-9e.kb-button{width:initial;}.wp-block-kadence-advancedbtn .kb-btn110_2c6fb2-9e.kb-button{background:var(--global-palette5, #4A5568);}.kb-btn110_2c6fb2-9e.kb-button .kb-svg-icon-wrap{color:var(--global-palette9, #ffffff);}.kb-btn110_2c6fb2-9e.kb-button:hover .kb-svg-icon-wrap, .kb-btn110_2c6fb2-9e.kb-button:focus .kb-svg-icon-wrap{color:var(--global-palette9, #ffffff);}<\/style><a class=\"kb-button kt-button button kb-btn110_2c6fb2-9e kt-btn-size-standard kt-btn-width-type-auto kb-btn-global-fill kt-btn-has-text-true kt-btn-has-svg-true wp-block-kadence-singlebtn\" href=\"#romans\"><span class=\"kt-btn-inner-text\">Voir les appels \u00e0 textes\/manuscrits<\/span><span class=\"kb-svg-icon-wrap kb-svg-icon-fe_chevronsDown kt-btn-icon-side-right\"><svg viewBox=\"0 0 24 24\"  fill=\"none\" stroke=\"currentColor\" stroke-width=\"2\" stroke-linecap=\"round\" stroke-linejoin=\"round\" xmlns=\"http:\/\/www.w3.org\/2000\/svg\"  aria-hidden=\"true\"><polyline points=\"7 13 12 18 17 13\"\/><polyline points=\"7 6 12 11 17 6\"\/><\/svg><\/span><\/a><\/div>\n\n\n<style>.wp-block-kadence-advancedheading.kt-adv-heading110_8fdc45-93, .wp-block-kadence-advancedheading.kt-adv-heading110_8fdc45-93[data-kb-block=\"kb-adv-heading110_8fdc45-93\"]{text-align:center;font-style:normal;}.wp-block-kadence-advancedheading.kt-adv-heading110_8fdc45-93 mark.kt-highlight, .wp-block-kadence-advancedheading.kt-adv-heading110_8fdc45-93[data-kb-block=\"kb-adv-heading110_8fdc45-93\"] mark.kt-highlight{font-style:normal;color:#f76a0c;-webkit-box-decoration-break:clone;box-decoration-break:clone;padding-top:0px;padding-right:0px;padding-bottom:0px;padding-left:0px;}<\/style>\n<p class=\"kt-adv-heading110_8fdc45-93 wp-block-kadence-advancedheading\" data-kb-block=\"kb-adv-heading110_8fdc45-93\"><mark style=\"background-color:rgba(0, 0, 0, 0)\" class=\"has-inline-color has-theme-palette-9-color\">Nous lan\u00e7ons r\u00e9guli\u00e8rement des appels \u00e0 textes pour d\u00e9couvrir de nouvelles plumes en science-fiction. Rejoignez notre univers en soumettant votre projet.<\/mark><\/p>\n<\/div><\/div>\n\n<\/div><\/section>\n\n<style>.kb-row-layout-id110_d07969-e4 > .kt-row-column-wrap{align-content:start;}:where(.kb-row-layout-id110_d07969-e4 > .kt-row-column-wrap) > .wp-block-kadence-column{justify-content:start;}.kb-row-layout-id110_d07969-e4 > .kt-row-column-wrap{column-gap:var(--global-kb-gap-md, 2rem);row-gap:var(--global-kb-gap-md, 2rem);padding-top:var(--global-kb-spacing-sm, 1.5rem);padding-bottom:var(--global-kb-spacing-sm, 1.5rem);grid-template-columns:minmax(0, 1fr);}.kb-row-layout-id110_d07969-e4 > .kt-row-layout-overlay{opacity:0.30;}@media all and (max-width: 1024px){.kb-row-layout-id110_d07969-e4 > .kt-row-column-wrap{grid-template-columns:minmax(0, 1fr);}}@media all and (max-width: 767px){.kb-row-layout-id110_d07969-e4 > .kt-row-column-wrap{grid-template-columns:minmax(0, 1fr);}}<\/style><section class=\"kb-row-layout-wrap kb-row-layout-id110_d07969-e4 alignnone wp-block-kadence-rowlayout\"><div class=\"kt-row-column-wrap kt-has-1-columns kt-row-layout-equal kt-tab-layout-inherit kt-mobile-layout-row kt-row-valign-top\">\n<style>.kadence-column110_d52a4a-20 > .kt-inside-inner-col,.kadence-column110_d52a4a-20 > .kt-inside-inner-col:before{border-top-left-radius:0px;border-top-right-radius:0px;border-bottom-right-radius:0px;border-bottom-left-radius:0px;}.kadence-column110_d52a4a-20 > .kt-inside-inner-col{column-gap:var(--global-kb-gap-sm, 1rem);}.kadence-column110_d52a4a-20 > .kt-inside-inner-col{flex-direction:column;}.kadence-column110_d52a4a-20 > .kt-inside-inner-col > .aligncenter{width:100%;}.kadence-column110_d52a4a-20 > .kt-inside-inner-col:before{opacity:0.3;}.kadence-column110_d52a4a-20{position:relative;}@media all and (max-width: 1024px){.kadence-column110_d52a4a-20 > .kt-inside-inner-col{flex-direction:column;justify-content:center;}}@media all and (max-width: 767px){.kadence-column110_d52a4a-20 > .kt-inside-inner-col{flex-direction:column;justify-content:center;}}<\/style>\n<div class=\"wp-block-kadence-column kadence-column110_d52a4a-20\"><div class=\"kt-inside-inner-col\"><style>.wp-block-kadence-advancedheading.kt-adv-heading110_60e0f6-36, .wp-block-kadence-advancedheading.kt-adv-heading110_60e0f6-36[data-kb-block=\"kb-adv-heading110_60e0f6-36\"]{font-style:normal;}.wp-block-kadence-advancedheading.kt-adv-heading110_60e0f6-36 mark.kt-highlight, .wp-block-kadence-advancedheading.kt-adv-heading110_60e0f6-36[data-kb-block=\"kb-adv-heading110_60e0f6-36\"] mark.kt-highlight{font-style:normal;color:#f76a0c;-webkit-box-decoration-break:clone;box-decoration-break:clone;padding-top:0px;padding-right:0px;padding-bottom:0px;padding-left:0px;}<\/style>\n<h3 class=\"kt-adv-heading110_60e0f6-36 wp-block-kadence-advancedheading\" data-kb-block=\"kb-adv-heading110_60e0f6-36\"><strong>Th\u00e9matiques et crit\u00e8res recherch\u00e9s<\/strong><\/h3>\n\n\n\n<p>Nous privil\u00e9gions les<a href=\"https:\/\/enhancedif.org\/system\/files\/uploads\/commsconnect-stories-of-impact-fr_0.pdf\" target=\"_blank\" rel=\"noopener nofollow\" title=\"\"> r\u00e9cits exp\u00e9rimentaux<\/a>, avant-gardistes et immersifs, avec une pr\u00e9f\u00e9rence pour les projets innovants et visuellement forts.<\/p>\n\n\n<style>.wp-block-kadence-advancedheading.kt-adv-heading110_b27295-42, .wp-block-kadence-advancedheading.kt-adv-heading110_b27295-42[data-kb-block=\"kb-adv-heading110_b27295-42\"]{font-style:normal;}.wp-block-kadence-advancedheading.kt-adv-heading110_b27295-42 mark.kt-highlight, .wp-block-kadence-advancedheading.kt-adv-heading110_b27295-42[data-kb-block=\"kb-adv-heading110_b27295-42\"] mark.kt-highlight{font-style:normal;color:#f76a0c;-webkit-box-decoration-break:clone;box-decoration-break:clone;padding-top:0px;padding-right:0px;padding-bottom:0px;padding-left:0px;}<\/style>\n<h3 class=\"kt-adv-heading110_b27295-42 wp-block-kadence-advancedheading\" data-kb-block=\"kb-adv-heading110_b27295-42\"><strong>Modalit\u00e9s de soumission<\/strong><\/h3>\n\n\n\n<p>D\u00e9couvrez les formats attendus, les dates limites et nos engagements envers les <a href=\"https:\/\/formagraph-exercice.fr\/nectar-detoiles\/liste-des-auteurs\/?customize_changeset_uuid=0d4be2a6-0b73-45ce-a7f4-c54653f7bbac&amp;customize_autosaved=on\" target=\"_blank\" rel=\"noopener\" title=\"auteurs\">auteurs<\/a>.<\/p>\n<\/div><\/div>\n\n<\/div><\/section>\n\n<style>.kb-row-layout-id110_f2a980-04 > .kt-row-column-wrap{align-content:start;}:where(.kb-row-layout-id110_f2a980-04 > .kt-row-column-wrap) > .wp-block-kadence-column{justify-content:start;}.kb-row-layout-id110_f2a980-04 > .kt-row-column-wrap{column-gap:var(--global-kb-gap-md, 2rem);row-gap:var(--global-kb-gap-md, 2rem);padding-top:var(--global-kb-spacing-sm, 1.5rem);padding-bottom:var(--global-kb-spacing-sm, 1.5rem);grid-template-columns:minmax(0, 1fr);}.kb-row-layout-id110_f2a980-04 > .kt-row-layout-overlay{opacity:0.30;}@media all and (max-width: 1024px){.kb-row-layout-id110_f2a980-04 > .kt-row-column-wrap{grid-template-columns:minmax(0, 1fr);}}@media all and (max-width: 767px){.kb-row-layout-id110_f2a980-04 > .kt-row-column-wrap{grid-template-columns:minmax(0, 1fr);}}<\/style><section class=\"kb-row-layout-wrap kb-row-layout-id110_f2a980-04 alignnone wp-block-kadence-rowlayout\"><div class=\"kt-row-column-wrap kt-has-1-columns kt-row-layout-equal kt-tab-layout-inherit kt-mobile-layout-row kt-row-valign-top\">\n<style>.kadence-column110_37bcf5-f7 > .kt-inside-inner-col,.kadence-column110_37bcf5-f7 > .kt-inside-inner-col:before{border-top-left-radius:0px;border-top-right-radius:0px;border-bottom-right-radius:0px;border-bottom-left-radius:0px;}.kadence-column110_37bcf5-f7 > .kt-inside-inner-col{column-gap:var(--global-kb-gap-sm, 1rem);}.kadence-column110_37bcf5-f7 > .kt-inside-inner-col{flex-direction:column;}.kadence-column110_37bcf5-f7 > .kt-inside-inner-col > .aligncenter{width:100%;}.kadence-column110_37bcf5-f7 > .kt-inside-inner-col:before{opacity:0.3;}.kadence-column110_37bcf5-f7{position:relative;}@media all and (max-width: 1024px){.kadence-column110_37bcf5-f7 > .kt-inside-inner-col{flex-direction:column;justify-content:center;}}@media all and (max-width: 767px){.kadence-column110_37bcf5-f7 > .kt-inside-inner-col{flex-direction:column;justify-content:center;}}<\/style>\n<div class=\"wp-block-kadence-column kadence-column110_37bcf5-f7\"><div class=\"kt-inside-inner-col\"><div class=\"wp-block-kadence-posts kb-posts kb-posts-id-110_75444f-24 content-wrap grid-cols kb-posts-style-boxed grid-sm-col-2 grid-lg-col-2 item-image-style-above\"><article class=\"entry content-bg loop-entry post-2626 post type-post status-publish format-standard has-post-thumbnail hentry category-appels-a-textes category-nouvelles\">\n\t\t\t<a class=\"post-thumbnail kadence-thumbnail-ratio-2-3\" href=\"https:\/\/formagraph-exercice.fr\/nectar-detoiles\/realites-deprogrammees\/\">\n\t\t\t<div class=\"post-thumbnail-inner\">\n\t\t\t\t<img loading=\"lazy\" decoding=\"async\" width=\"768\" height=\"512\" src=\"https:\/\/formagraph-exercice.fr\/nectar-detoiles\/wp-content\/uploads\/2025\/05\/format-img-actu-2-768x512.jpg\" class=\"attachment-medium_large size-medium_large wp-post-image\" alt=\"Image d&#039;appel \u00e0 textes avec la th\u00e9matique : &quot;r\u00e9alit\u00e9s d\u00e9programm\u00e9es&quot;.\" srcset=\"https:\/\/formagraph-exercice.fr\/nectar-detoiles\/wp-content\/uploads\/2025\/05\/format-img-actu-2-768x512.jpg 768w, https:\/\/formagraph-exercice.fr\/nectar-detoiles\/wp-content\/uploads\/2025\/05\/format-img-actu-2-300x200.jpg 300w, https:\/\/formagraph-exercice.fr\/nectar-detoiles\/wp-content\/uploads\/2025\/05\/format-img-actu-2-1024x683.jpg 1024w, https:\/\/formagraph-exercice.fr\/nectar-detoiles\/wp-content\/uploads\/2025\/05\/format-img-actu-2-1536x1024.jpg 1536w, https:\/\/formagraph-exercice.fr\/nectar-detoiles\/wp-content\/uploads\/2025\/05\/format-img-actu-2-2048x1365.jpg 2048w, https:\/\/formagraph-exercice.fr\/nectar-detoiles\/wp-content\/uploads\/2025\/05\/format-img-actu-2-1320x880.jpg 1320w, https:\/\/formagraph-exercice.fr\/nectar-detoiles\/wp-content\/uploads\/2025\/05\/format-img-actu-2-600x400.jpg 600w, https:\/\/formagraph-exercice.fr\/nectar-detoiles\/wp-content\/uploads\/2025\/05\/format-img-actu-2-64x43.jpg 64w\" sizes=\"auto, (max-width: 768px) 100vw, 768px\" \/>\t\t\t<\/div>\n\t\t<\/a><!-- .post-thumbnail -->\n\t\t\t<div class=\"entry-content-wrap\">\n\t\t<header class=\"entry-header\">\n\t\t<div class=\"entry-taxonomies\">\n\t\t<span class=\"category-links term-links category-style-normal\">\n\t\t\t<a href=\"https:\/\/formagraph-exercice.fr\/nectar-detoiles\/category\/appels-a-textes\/\" class=\"category-link-appels-a-textes\" rel=\"tag\">Appels \u00e0 textes<\/a> | <a href=\"https:\/\/formagraph-exercice.fr\/nectar-detoiles\/category\/appels-a-textes\/nouvelles\/\" class=\"category-link-nouvelles\" rel=\"tag\">Nouvelles<\/a>\t\t<\/span>\n\t<\/div><!-- .entry-taxonomies -->\n\t<h2 class=\"entry-title\"><a href=\"https:\/\/formagraph-exercice.fr\/nectar-detoiles\/realites-deprogrammees\/\" rel=\"bookmark\">R\u00e9alit\u00e9s d\u00e9programm\u00e9es<\/a><\/h2>\t<div class=\"entry-meta entry-meta-divider-dot\">\n\t<span class=\"posted-by\"><span class=\"meta-label\">Par<\/span><span class=\"author vcard\"><span class=\"fn n\">nectar<\/span><\/span><\/span>\t\t\t<span class=\"posted-on\">\n\t\t\t\t<time class=\"entry-date published\" datetime=\"2025-05-24T21:26:27+02:00\">24\/05\/2025<\/time><time class=\"updated\" datetime=\"2025-05-24T21:36:35+02:00\">24\/05\/2025<\/time>\t\t\t<\/span>\n\t\t\t\t<\/div><!-- .entry-meta -->\n\t<\/header><!-- .entry-header -->\n\t<div class=\"entry-summary\">\n\t\t<p>APPELS \u00e0 TEXTES Nouvelle de science-fiction Envois jusqu&rsquo;au\u202f:\u200230\/09\/2025Public\u202f:\u2002tousFrais d&rsquo;inscription\u202f:\u20020 \u20acTh\u00e8me\u202f:\u2002R\u00e9alit\u00e9s d\u00e9programm\u00e9esLongueur\u202f:\u20023 000-4 000 motsGratification\u202f:\u2002150\u20ac, Publication en recueil, exemplaires offerts CONCOURS DE NOUVELLES 2025 Th\u00e8me\u00a0: R\u00e9alit\u00e9s d\u00e9programm\u00e9es Nectar d&rsquo;\u00e9toiles &#8211; R\u00e8glement Article 1 \u2013 Conditions g\u00e9n\u00e9rales Nectar d&rsquo;\u00e9toiles organise, dans le cadre de son&nbsp;1e&nbsp;Salon du livre qui se d\u00e9roule depuis \u00e0 \u00c9pinal (88000) fin ao\u00fbt, un&nbsp;concours&#8230;<\/p>\n\t<\/div><!-- .entry-summary -->\n\t<footer class=\"entry-footer\">\n\t\t\t<div class=\"entry-actions\">\n\t\t\t<p class=\"more-link-wrap\">\n\t\t\t\t<a href=\"https:\/\/formagraph-exercice.fr\/nectar-detoiles\/realites-deprogrammees\/\" class=\"post-more-link\">\n\t\t\t\t\tLire la suite<span class=\"screen-reader-text\"> R\u00e9alit\u00e9s d\u00e9programm\u00e9es<\/span><span class=\"kadence-svg-iconset svg-baseline\"><svg aria-hidden=\"true\" class=\"kadence-svg-icon kadence-arrow-right-alt-svg\" fill=\"currentColor\" version=\"1.1\" xmlns=\"http:\/\/www.w3.org\/2000\/svg\" width=\"27\" height=\"28\" viewBox=\"0 0 27 28\"><title>Continuer<\/title><path d=\"M27 13.953c0 0.141-0.063 0.281-0.156 0.375l-6 5.531c-0.156 0.141-0.359 0.172-0.547 0.094-0.172-0.078-0.297-0.25-0.297-0.453v-3.5h-19.5c-0.281 0-0.5-0.219-0.5-0.5v-3c0-0.281 0.219-0.5 0.5-0.5h19.5v-3.5c0-0.203 0.109-0.375 0.297-0.453s0.391-0.047 0.547 0.078l6 5.469c0.094 0.094 0.156 0.219 0.156 0.359v0z\"><\/path>\n\t\t\t<\/svg><\/span>\t\t\t\t<\/a>\n\t\t\t<\/p>\n\t\t<\/div><!-- .entry-actions -->\n\t\t<\/footer><!-- .entry-footer -->\t<\/div>\n<\/article>\n<article class=\"entry content-bg loop-entry post-578 post type-post status-publish format-standard has-post-thumbnail hentry category-appels-a-textes category-nouvelles\">\n\t\t\t<a class=\"post-thumbnail kadence-thumbnail-ratio-2-3\" href=\"https:\/\/formagraph-exercice.fr\/nectar-detoiles\/nectar-detoiles\/\">\n\t\t\t<div class=\"post-thumbnail-inner\">\n\t\t\t\t<img loading=\"lazy\" decoding=\"async\" width=\"768\" height=\"439\" src=\"https:\/\/formagraph-exercice.fr\/nectar-detoiles\/wp-content\/uploads\/2025\/03\/appel-a-texte-img-768x439.png\" class=\"attachment-medium_large size-medium_large wp-post-image\" alt=\"Image d&#039;appel \u00e0 textes avec la th\u00e9matique : &quot;le voyage int\u00e9rieur&quot;.\" srcset=\"https:\/\/formagraph-exercice.fr\/nectar-detoiles\/wp-content\/uploads\/2025\/03\/appel-a-texte-img-768x439.png 768w, https:\/\/formagraph-exercice.fr\/nectar-detoiles\/wp-content\/uploads\/2025\/03\/appel-a-texte-img-300x172.png 300w, https:\/\/formagraph-exercice.fr\/nectar-detoiles\/wp-content\/uploads\/2025\/03\/appel-a-texte-img-1024x586.png 1024w, https:\/\/formagraph-exercice.fr\/nectar-detoiles\/wp-content\/uploads\/2025\/03\/appel-a-texte-img-1320x755.png 1320w, https:\/\/formagraph-exercice.fr\/nectar-detoiles\/wp-content\/uploads\/2025\/03\/appel-a-texte-img-600x343.png 600w, https:\/\/formagraph-exercice.fr\/nectar-detoiles\/wp-content\/uploads\/2025\/03\/appel-a-texte-img-64x37.png 64w, https:\/\/formagraph-exercice.fr\/nectar-detoiles\/wp-content\/uploads\/2025\/03\/appel-a-texte-img.png 1423w\" sizes=\"auto, (max-width: 768px) 100vw, 768px\" \/>\t\t\t<\/div>\n\t\t<\/a><!-- .post-thumbnail -->\n\t\t\t<div class=\"entry-content-wrap\">\n\t\t<header class=\"entry-header\">\n\t\t<div class=\"entry-taxonomies\">\n\t\t<span class=\"category-links term-links category-style-normal\">\n\t\t\t<a href=\"https:\/\/formagraph-exercice.fr\/nectar-detoiles\/category\/appels-a-textes\/\" class=\"category-link-appels-a-textes\" rel=\"tag\">Appels \u00e0 textes<\/a> | <a href=\"https:\/\/formagraph-exercice.fr\/nectar-detoiles\/category\/appels-a-textes\/nouvelles\/\" class=\"category-link-nouvelles\" rel=\"tag\">Nouvelles<\/a>\t\t<\/span>\n\t<\/div><!-- .entry-taxonomies -->\n\t<h2 class=\"entry-title\"><a href=\"https:\/\/formagraph-exercice.fr\/nectar-detoiles\/nectar-detoiles\/\" rel=\"bookmark\">VOYAGE INT\u00c9RIEUR<\/a><\/h2>\t<div class=\"entry-meta entry-meta-divider-dot\">\n\t<span class=\"posted-by\"><span class=\"meta-label\">Par<\/span><span class=\"author vcard\"><span class=\"fn n\">nectar<\/span><\/span><\/span>\t\t\t<span class=\"posted-on\">\n\t\t\t\t<time class=\"entry-date published\" datetime=\"2025-03-13T00:00:00+01:00\">13\/03\/2025<\/time><time class=\"updated\" datetime=\"2025-05-08T21:04:29+02:00\">08\/05\/2025<\/time>\t\t\t<\/span>\n\t\t\t\t<\/div><!-- .entry-meta -->\n\t<\/header><!-- .entry-header -->\n\t<div class=\"entry-summary\">\n\t\t<p>APPELS \u00e0 TEXTES Nouvelle de science-fiction Envois jusqu&rsquo;au\u202f:\u200224\/08\/2025Public\u202f:\u2002tousFrais d&rsquo;inscription\u202f:\u20020 \u20acTh\u00e8me\u202f:\u2002Le Voyage int\u00e9rieurLongueur\u202f:\u20023 000-4 000 motsGratification\u202f:\u2002150\u20ac, Publication en recueil, exemplaires offerts CONCOURS DE NOUVELLES 2025 Th\u00e8me&nbsp;: Le Voyage int\u00e9rieur Nectar d&rsquo;\u00e9toiles &#8211; R\u00e8glement Article 1 \u2013 Conditions g\u00e9n\u00e9rales Nectar d&rsquo;\u00e9toiles organise, dans le cadre de son&nbsp;1e&nbsp;Salon du livre qui se d\u00e9roule depuis \u00e0 \u00c9pinal (88000) fin&#8230;<\/p>\n\t<\/div><!-- .entry-summary -->\n\t<footer class=\"entry-footer\">\n\t\t\t<div class=\"entry-actions\">\n\t\t\t<p class=\"more-link-wrap\">\n\t\t\t\t<a href=\"https:\/\/formagraph-exercice.fr\/nectar-detoiles\/nectar-detoiles\/\" class=\"post-more-link\">\n\t\t\t\t\tLire la suite<span class=\"screen-reader-text\"> VOYAGE INT\u00c9RIEUR<\/span><span class=\"kadence-svg-iconset svg-baseline\"><svg aria-hidden=\"true\" class=\"kadence-svg-icon kadence-arrow-right-alt-svg\" fill=\"currentColor\" version=\"1.1\" xmlns=\"http:\/\/www.w3.org\/2000\/svg\" width=\"27\" height=\"28\" viewBox=\"0 0 27 28\"><title>Continuer<\/title><path d=\"M27 13.953c0 0.141-0.063 0.281-0.156 0.375l-6 5.531c-0.156 0.141-0.359 0.172-0.547 0.094-0.172-0.078-0.297-0.25-0.297-0.453v-3.5h-19.5c-0.281 0-0.5-0.219-0.5-0.5v-3c0-0.281 0.219-0.5 0.5-0.5h19.5v-3.5c0-0.203 0.109-0.375 0.297-0.453s0.391-0.047 0.547 0.078l6 5.469c0.094 0.094 0.156 0.219 0.156 0.359v0z\"><\/path>\n\t\t\t<\/svg><\/span>\t\t\t\t<\/a>\n\t\t\t<\/p>\n\t\t<\/div><!-- .entry-actions -->\n\t\t<\/footer><!-- .entry-footer -->\t<\/div>\n<\/article>\n<\/div><\/div><\/div>\n\n<\/div><\/section>","protected":false},"excerpt":{"rendered":"<p>Participez \u00e0 nos appels \u00e0 manuscrits SF Nous lan\u00e7ons r\u00e9guli\u00e8rement des appels \u00e0 textes pour d\u00e9couvrir de nouvelles plumes en science-fiction. Rejoignez notre univers en soumettant votre projet. Th\u00e9matiques et crit\u00e8res recherch\u00e9s Nous privil\u00e9gions les r\u00e9cits exp\u00e9rimentaux, avant-gardistes et immersifs, avec une pr\u00e9f\u00e9rence pour les projets innovants et visuellement forts. Modalit\u00e9s de soumission D\u00e9couvrez les&#8230;<\/p>\n","protected":false},"author":1,"featured_media":0,"parent":0,"menu_order":0,"comment_status":"open","ping_status":"closed","template":"","meta":{"content-type":"","_kad_post_transparent":"","_kad_post_title":"hide","_kad_post_layout":"","_kad_post_sidebar_id":"","_kad_post_content_style":"","_kad_post_vertical_padding":"","_kad_post_feature":"","_kad_post_feature_position":"","_kad_post_header":false,"_kad_post_footer":false,"footnotes":""},"class_list":["post-110","page","type-page","status-publish","hentry"],"aioseo_notices":[],"_links":{"self":[{"href":"https:\/\/formagraph-exercice.fr\/nectar-detoiles\/wp-json\/wp\/v2\/pages\/110","targetHints":{"allow":["GET"]}}],"collection":[{"href":"https:\/\/formagraph-exercice.fr\/nectar-detoiles\/wp-json\/wp\/v2\/pages"}],"about":[{"href":"https:\/\/formagraph-exercice.fr\/nectar-detoiles\/wp-json\/wp\/v2\/types\/page"}],"author":[{"embeddable":true,"href":"https:\/\/formagraph-exercice.fr\/nectar-detoiles\/wp-json\/wp\/v2\/users\/1"}],"replies":[{"embeddable":true,"href":"https:\/\/formagraph-exercice.fr\/nectar-detoiles\/wp-json\/wp\/v2\/comments?post=110"}],"version-history":[{"count":13,"href":"https:\/\/formagraph-exercice.fr\/nectar-detoiles\/wp-json\/wp\/v2\/pages\/110\/revisions"}],"predecessor-version":[{"id":2175,"href":"https:\/\/formagraph-exercice.fr\/nectar-detoiles\/wp-json\/wp\/v2\/pages\/110\/revisions\/2175"}],"wp:attachment":[{"href":"https:\/\/formagraph-exercice.fr\/nectar-detoiles\/wp-json\/wp\/v2\/media?parent=110"}],"curies":[{"name":"wp","href":"https:\/\/api.w.org\/{rel}","templated":true}]}}