{"id":859,"date":"2025-03-19T11:36:51","date_gmt":"2025-03-19T10:36:51","guid":{"rendered":"http:\/\/luxyloc.local\/?post_type=product&#038;p=859"},"modified":"2025-03-25T12:23:34","modified_gmt":"2025-03-25T11:23:34","slug":"pantalon-loro-piana","status":"publish","type":"product","link":"https:\/\/formagraph-exercice.fr\/luxyloc\/boutique\/vetement-hommes\/pantalon-loro-piana\/","title":{"rendered":"Pantalon Loro Piana"},"content":{"rendered":"<p>Le pantalon Loro Piana est l\u2019essence m\u00eame de la sophistication, l\u2019expression d&rsquo;une riche histoire de tradition et d\u2019innovation. R\u00e9interpr\u00e9tation de l\u2019embl\u00e9matique pantalon droit de Loro Piana, ce mod\u00e8le ajust\u00e9 illustre parfaitement le tailoring raffin\u00e9 en flanelle de laine et cachemire. Portez-le avec un blazer structur\u00e9 pour une allure contemporaine et impeccable. Fais en cachemire.<\/p>\n","protected":false},"excerpt":{"rendered":"<p>Le pantalon Loro Piana est l\u2019essence m\u00eame de la sophistication, l\u2019expression d&rsquo;une riche histoire de tradition et d\u2019innovation. R\u00e9interpr\u00e9tation de l\u2019embl\u00e9matique pantalon droit de Loro Piana, ce mod\u00e8le ajust\u00e9 illustre parfaitement le tailoring raffin\u00e9 en flanelle de laine et cachemire. Portez-le avec un blazer structur\u00e9 pour une allure contemporaine et impeccable. Fais en cachemire.<\/p>\n","protected":false},"featured_media":860,"comment_status":"open","ping_status":"closed","template":"","meta":{"_kad_post_transparent":"default","_kad_post_title":"","_kad_post_layout":"default","_kad_post_sidebar_id":"","_kad_post_content_style":"default","_kad_post_vertical_padding":"default","_kad_post_feature":"","_kad_post_feature_position":"","_kad_post_header":false,"_kad_post_footer":false},"product_brand":[],"product_cat":[48,46],"product_tag":[],"class_list":{"0":"post-859","1":"product","2":"type-product","3":"status-publish","4":"has-post-thumbnail","6":"product_cat-eco-responsable","7":"product_cat-vetement-hommes","9":"first","10":"instock","11":"shipping-taxable","12":"purchasable","13":"product-type-variable","14":"add-to-wishlist-after_add_to_cart","15":"entry","16":"content-bg","17":"loop-entry"},"aioseo_notices":[],"_links":{"self":[{"href":"https:\/\/formagraph-exercice.fr\/luxyloc\/wp-json\/wp\/v2\/product\/859","targetHints":{"allow":["GET"]}}],"collection":[{"href":"https:\/\/formagraph-exercice.fr\/luxyloc\/wp-json\/wp\/v2\/product"}],"about":[{"href":"https:\/\/formagraph-exercice.fr\/luxyloc\/wp-json\/wp\/v2\/types\/product"}],"replies":[{"embeddable":true,"href":"https:\/\/formagraph-exercice.fr\/luxyloc\/wp-json\/wp\/v2\/comments?post=859"}],"wp:featuredmedia":[{"embeddable":true,"href":"https:\/\/formagraph-exercice.fr\/luxyloc\/wp-json\/wp\/v2\/media\/860"}],"wp:attachment":[{"href":"https:\/\/formagraph-exercice.fr\/luxyloc\/wp-json\/wp\/v2\/media?parent=859"}],"wp:term":[{"taxonomy":"product_brand","embeddable":true,"href":"https:\/\/formagraph-exercice.fr\/luxyloc\/wp-json\/wp\/v2\/product_brand?post=859"},{"taxonomy":"product_cat","embeddable":true,"href":"https:\/\/formagraph-exercice.fr\/luxyloc\/wp-json\/wp\/v2\/product_cat?post=859"},{"taxonomy":"product_tag","embeddable":true,"href":"https:\/\/formagraph-exercice.fr\/luxyloc\/wp-json\/wp\/v2\/product_tag?post=859"}],"curies":[{"name":"wp","href":"https:\/\/api.w.org\/{rel}","templated":true}]}}