{"id":700,"date":"2025-03-17T14:51:25","date_gmt":"2025-03-17T13:51:25","guid":{"rendered":"http:\/\/luxyloc.local\/?post_type=product&#038;p=700"},"modified":"2025-03-25T16:43:24","modified_gmt":"2025-03-25T15:43:24","slug":"casquette-dior","status":"publish","type":"product","link":"https:\/\/formagraph-exercice.fr\/luxyloc\/boutique\/accessoires-h\/casquette-dior\/","title":{"rendered":"casquette dior"},"content":{"rendered":"<p>La casquette en toile de coton noir pr\u00e9sente une broderie Dior Charm blanche, \u00e9voquant une signature iconique de la Maison. Moderne et d\u00e9contract\u00e9e, cette casquette rehaussera toutes vos tenues casual.<\/p>\n","protected":false},"excerpt":{"rendered":"<p>Broderie Dior Charm blanche sur le devant<\/p>\n<p>Mod\u00e8le \u00e0 cinq panneaux<\/p>\n<p>Signature Dior en gros-grain \u00e0 l&rsquo;int\u00e9rieur<\/p>\n<p>Doublure int\u00e9rieure en jacquard Dior Oblique ton sur ton<\/p>\n<p>Ajustement r\u00e9glable avec bouton-pression grav\u00e9 CD<\/p>\n<p>100 % coton et doublure 100 % coton<\/p>\n<p>Fabriqu\u00e9e en Italie<\/p>\n","protected":false},"featured_media":1201,"comment_status":"open","ping_status":"closed","template":"","meta":{"_kad_post_transparent":"default","_kad_post_title":"","_kad_post_layout":"default","_kad_post_sidebar_id":"","_kad_post_content_style":"default","_kad_post_vertical_padding":"default","_kad_post_feature":"","_kad_post_feature_position":"","_kad_post_header":false,"_kad_post_footer":false},"product_brand":[],"product_cat":[41,69],"product_tag":[],"class_list":{"0":"post-700","1":"product","2":"type-product","3":"status-publish","4":"has-post-thumbnail","6":"product_cat-accessoires-h","7":"product_cat-streetwear","9":"first","10":"instock","11":"sale","12":"shipping-taxable","13":"purchasable","14":"product-type-simple","15":"add-to-wishlist-after_add_to_cart","16":"entry","17":"content-bg","18":"loop-entry"},"aioseo_notices":[],"_links":{"self":[{"href":"https:\/\/formagraph-exercice.fr\/luxyloc\/wp-json\/wp\/v2\/product\/700","targetHints":{"allow":["GET"]}}],"collection":[{"href":"https:\/\/formagraph-exercice.fr\/luxyloc\/wp-json\/wp\/v2\/product"}],"about":[{"href":"https:\/\/formagraph-exercice.fr\/luxyloc\/wp-json\/wp\/v2\/types\/product"}],"replies":[{"embeddable":true,"href":"https:\/\/formagraph-exercice.fr\/luxyloc\/wp-json\/wp\/v2\/comments?post=700"}],"wp:featuredmedia":[{"embeddable":true,"href":"https:\/\/formagraph-exercice.fr\/luxyloc\/wp-json\/wp\/v2\/media\/1201"}],"wp:attachment":[{"href":"https:\/\/formagraph-exercice.fr\/luxyloc\/wp-json\/wp\/v2\/media?parent=700"}],"wp:term":[{"taxonomy":"product_brand","embeddable":true,"href":"https:\/\/formagraph-exercice.fr\/luxyloc\/wp-json\/wp\/v2\/product_brand?post=700"},{"taxonomy":"product_cat","embeddable":true,"href":"https:\/\/formagraph-exercice.fr\/luxyloc\/wp-json\/wp\/v2\/product_cat?post=700"},{"taxonomy":"product_tag","embeddable":true,"href":"https:\/\/formagraph-exercice.fr\/luxyloc\/wp-json\/wp\/v2\/product_tag?post=700"}],"curies":[{"name":"wp","href":"https:\/\/api.w.org\/{rel}","templated":true}]}}