{"id":1196,"date":"2025-03-25T16:33:36","date_gmt":"2025-03-25T15:33:36","guid":{"rendered":"http:\/\/luxyloc.local\/?post_type=product&#038;p=1196"},"modified":"2025-03-25T16:33:36","modified_gmt":"2025-03-25T15:33:36","slug":"collier-chaine-gucci-interlocking","status":"publish","type":"product","link":"https:\/\/formagraph-exercice.fr\/luxyloc\/boutique\/streetwear\/collier-chaine-gucci-interlocking\/","title":{"rendered":"Collier cha\u00eene Gucci Interlocking"},"content":{"rendered":"<p>Les bijoux de mode Gucci introduisent le motif GG enlac\u00e9s embl\u00e9matique comme une fermeture magn\u00e9tique fonctionnelle. Ce collier cha\u00eene gourmette se porte en toute simplicit\u00e9 gr\u00e2ce \u00e0 un d\u00e9tail GG enlac\u00e9s qui s\u2019ouvre.<\/p>\n","protected":false},"excerpt":{"rendered":"<p>Laiton avec finitions palladi\u00e9es<br \/>\nD\u00e9tail GG enlac\u00e9s<br \/>\nFermeture aimant\u00e9e<br \/>\nPoids : environ 292 g<br \/>\nLongueur : 42 cm<br \/>\nFabriqu\u00e9 en Italie<br \/>\nGucci garantit le respect des normes de responsabilit\u00e9 sociale et environnementale, conform\u00e9ment \u00e0 sa strat\u00e9gie de d\u00e9veloppement durable, aussi bien en interne qu\u2019au sein de sa cha\u00eene d\u2019approvisionnement<\/p>\n","protected":false},"featured_media":1197,"comment_status":"open","ping_status":"closed","template":"","meta":{"_kad_post_transparent":"default","_kad_post_title":"","_kad_post_layout":"default","_kad_post_sidebar_id":"","_kad_post_content_style":"default","_kad_post_vertical_padding":"default","_kad_post_feature":"","_kad_post_feature_position":"","_kad_post_header":false,"_kad_post_footer":false},"product_brand":[],"product_cat":[69],"product_tag":[],"class_list":{"0":"post-1196","1":"product","2":"type-product","3":"status-publish","4":"has-post-thumbnail","6":"product_cat-streetwear","8":"first","9":"instock","10":"shipping-taxable","11":"purchasable","12":"product-type-simple","13":"add-to-wishlist-after_add_to_cart","14":"entry","15":"content-bg","16":"loop-entry"},"aioseo_notices":[],"_links":{"self":[{"href":"https:\/\/formagraph-exercice.fr\/luxyloc\/wp-json\/wp\/v2\/product\/1196","targetHints":{"allow":["GET"]}}],"collection":[{"href":"https:\/\/formagraph-exercice.fr\/luxyloc\/wp-json\/wp\/v2\/product"}],"about":[{"href":"https:\/\/formagraph-exercice.fr\/luxyloc\/wp-json\/wp\/v2\/types\/product"}],"replies":[{"embeddable":true,"href":"https:\/\/formagraph-exercice.fr\/luxyloc\/wp-json\/wp\/v2\/comments?post=1196"}],"wp:featuredmedia":[{"embeddable":true,"href":"https:\/\/formagraph-exercice.fr\/luxyloc\/wp-json\/wp\/v2\/media\/1197"}],"wp:attachment":[{"href":"https:\/\/formagraph-exercice.fr\/luxyloc\/wp-json\/wp\/v2\/media?parent=1196"}],"wp:term":[{"taxonomy":"product_brand","embeddable":true,"href":"https:\/\/formagraph-exercice.fr\/luxyloc\/wp-json\/wp\/v2\/product_brand?post=1196"},{"taxonomy":"product_cat","embeddable":true,"href":"https:\/\/formagraph-exercice.fr\/luxyloc\/wp-json\/wp\/v2\/product_cat?post=1196"},{"taxonomy":"product_tag","embeddable":true,"href":"https:\/\/formagraph-exercice.fr\/luxyloc\/wp-json\/wp\/v2\/product_tag?post=1196"}],"curies":[{"name":"wp","href":"https:\/\/api.w.org\/{rel}","templated":true}]}}