{"id":354,"date":"2025-03-11T15:05:54","date_gmt":"2025-03-11T14:05:54","guid":{"rendered":"http:\/\/luxyloc.local\/?page_id=354"},"modified":"2025-07-03T11:12:52","modified_gmt":"2025-07-03T09:12:52","slug":"styl-ia-et-avis-conseiller","status":"publish","type":"page","link":"https:\/\/formagraph-exercice.fr\/luxyloc\/styl-ia-et-avis-conseiller\/","title":{"rendered":"Styl-IA et Avis conseiller"},"content":{"rendered":"<style>.kb-row-layout-wrap.wp-block-kadence-rowlayout.kb-row-layout-id354_fd7e55-3e{margin-bottom:0px;}.kb-row-layout-id354_fd7e55-3e > .kt-row-column-wrap{align-content:center;}:where(.kb-row-layout-id354_fd7e55-3e > .kt-row-column-wrap) > .wp-block-kadence-column{justify-content:center;}.kb-row-layout-id354_fd7e55-3e > .kt-row-column-wrap{column-gap:var(--global-kb-gap-md, 2rem);row-gap:var(--global-kb-gap-md, 2rem);padding-top:var(--global-kb-spacing-5xl, 10rem);padding-right:0px;padding-bottom:0px;padding-left:0px;min-height:540px;grid-template-columns:minmax(0, 1fr);}.kb-row-layout-id354_fd7e55-3e{background-image:url('https:\/\/formagraph-exercice.fr\/luxyloc\/wp-content\/uploads\/2025\/03\/Plan-de-travail-1-2.png');background-size:cover;background-position:64% 17%;background-attachment:scroll;background-repeat:no-repeat;}.kb-row-layout-id354_fd7e55-3e > .kt-row-layout-overlay{opacity:0.30;}@media all and (max-width: 1024px){.kb-row-layout-id354_fd7e55-3e > .kt-row-column-wrap{grid-template-columns:minmax(0, 1fr);}}@media all and (max-width: 767px){.kb-row-layout-id354_fd7e55-3e > .kt-row-column-wrap{grid-template-columns:minmax(0, 1fr);}}<\/style><section class=\"kb-row-layout-wrap kb-row-layout-id354_fd7e55-3e alignfull kt-row-has-bg wp-block-kadence-rowlayout\"><div class=\"kt-row-column-wrap kt-has-1-columns kt-row-layout-equal kt-tab-layout-inherit kt-mobile-layout-row kt-row-valign-middle\">\n<style>.kadence-column354_617d67-90 > .kt-inside-inner-col,.kadence-column354_617d67-90 > .kt-inside-inner-col:before{border-top-left-radius:0px;border-top-right-radius:0px;border-bottom-right-radius:0px;border-bottom-left-radius:0px;}.kadence-column354_617d67-90 > .kt-inside-inner-col{column-gap:var(--global-kb-gap-sm, 1rem);}.kadence-column354_617d67-90 > .kt-inside-inner-col{flex-direction:column;}.kadence-column354_617d67-90 > .kt-inside-inner-col > .aligncenter{width:100%;}.kadence-column354_617d67-90 > .kt-inside-inner-col:before{opacity:0.3;}.kadence-column354_617d67-90{position:relative;}@media all and (max-width: 1024px){.kadence-column354_617d67-90 > .kt-inside-inner-col{flex-direction:column;}}@media all and (max-width: 767px){.kadence-column354_617d67-90 > .kt-inside-inner-col{flex-direction:column;}}<\/style>\n<div class=\"wp-block-kadence-column kadence-column354_617d67-90\"><div class=\"kt-inside-inner-col\"><style>.wp-block-kadence-advancedheading.kt-adv-heading354_3e0921-b7, .wp-block-kadence-advancedheading.kt-adv-heading354_3e0921-b7[data-kb-block=\"kb-adv-heading354_3e0921-b7\"]{text-align:center;font-size:var(--global-kb-font-size-xl, 3rem);font-style:normal;}.wp-block-kadence-advancedheading.kt-adv-heading354_3e0921-b7 mark.kt-highlight, .wp-block-kadence-advancedheading.kt-adv-heading354_3e0921-b7[data-kb-block=\"kb-adv-heading354_3e0921-b7\"] mark.kt-highlight{font-style:normal;color:#f76a0c;-webkit-box-decoration-break:clone;box-decoration-break:clone;padding-top:0px;padding-right:0px;padding-bottom:0px;padding-left:0px;}<\/style>\n<h1 class=\"kt-adv-heading354_3e0921-b7 wp-block-kadence-advancedheading has-theme-palette-9-color has-text-color\" data-kb-block=\"kb-adv-heading354_3e0921-b7\">Styl-IA<\/h1><\/div><\/div>\n<\/div><\/section><style>.wp-block-kadence-advancedheading.kt-adv-heading354_d88f25-b1, .wp-block-kadence-advancedheading.kt-adv-heading354_d88f25-b1[data-kb-block=\"kb-adv-heading354_d88f25-b1\"]{text-align:center;font-size:var(--global-kb-font-size-xl, 3rem);font-style:normal;}.wp-block-kadence-advancedheading.kt-adv-heading354_d88f25-b1 mark.kt-highlight, .wp-block-kadence-advancedheading.kt-adv-heading354_d88f25-b1[data-kb-block=\"kb-adv-heading354_d88f25-b1\"] mark.kt-highlight{font-style:normal;color:#f76a0c;-webkit-box-decoration-break:clone;box-decoration-break:clone;padding-top:0px;padding-right:0px;padding-bottom:0px;padding-left:0px;}<\/style>\n<h2 class=\"kt-adv-heading354_d88f25-b1 wp-block-kadence-advancedheading\" data-kb-block=\"kb-adv-heading354_d88f25-b1\">Styl-IA qu&rsquo;est ce que c&rsquo;est ? <\/h2><style>.kb-row-layout-id354_2a24fa-f4 > .kt-row-column-wrap{align-content:start;}:where(.kb-row-layout-id354_2a24fa-f4 > .kt-row-column-wrap) > .wp-block-kadence-column{justify-content:start;}.kb-row-layout-id354_2a24fa-f4 > .kt-row-column-wrap{column-gap:var(--global-kb-gap-md, 2rem);row-gap:var(--global-kb-gap-md, 2rem);padding-top:var(--global-kb-spacing-sm, 1.5rem);padding-bottom:var(--global-kb-spacing-sm, 1.5rem);grid-template-columns:minmax(0, 1fr);}.kb-row-layout-id354_2a24fa-f4 > .kt-row-layout-overlay{opacity:0.30;}@media all and (max-width: 1024px){.kb-row-layout-id354_2a24fa-f4 > .kt-row-column-wrap{grid-template-columns:minmax(0, 1fr);}}@media all and (max-width: 767px){.kb-row-layout-id354_2a24fa-f4 > .kt-row-column-wrap{grid-template-columns:minmax(0, 1fr);}}<\/style><section class=\"kb-row-layout-wrap kb-row-layout-id354_2a24fa-f4 alignnone wp-block-kadence-rowlayout\"><div class=\"kt-row-column-wrap kt-has-1-columns kt-row-layout-equal kt-tab-layout-inherit kt-mobile-layout-row kt-row-valign-top\">\n<style>.kadence-column354_986eb1-4d > .kt-inside-inner-col,.kadence-column354_986eb1-4d > .kt-inside-inner-col:before{border-top-left-radius:0px;border-top-right-radius:0px;border-bottom-right-radius:0px;border-bottom-left-radius:0px;}.kadence-column354_986eb1-4d > .kt-inside-inner-col{column-gap:var(--global-kb-gap-sm, 1rem);}.kadence-column354_986eb1-4d > .kt-inside-inner-col{flex-direction:column;}.kadence-column354_986eb1-4d > .kt-inside-inner-col > .aligncenter{width:100%;}.kadence-column354_986eb1-4d > .kt-inside-inner-col:before{opacity:0.3;}.kadence-column354_986eb1-4d{position:relative;}@media all and (max-width: 1024px){.kadence-column354_986eb1-4d > .kt-inside-inner-col{flex-direction:column;}}@media all and (max-width: 767px){.kadence-column354_986eb1-4d > .kt-inside-inner-col{flex-direction:column;}}<\/style>\n<div class=\"wp-block-kadence-column kadence-column354_986eb1-4d\"><div class=\"kt-inside-inner-col\"><h2 class=\"wp-block-heading\"><strong>Styl-IA : R\u00e9volutionnez votre fa\u00e7on d\u2019essayer vos v\u00eatements<\/strong><\/h2>\n\n<p>Styl-IA est une intelligence artificielle cr\u00e9er par <a href=\"https:\/\/formagraph-exercice.fr\/luxyloc\/\" title=\"Luxyloc\">Luxyloc<\/a> pour vous. Bienvenue dans l\u2019\u00e8re du <strong>shopping intelligent<\/strong> avec <strong>Styl-IA<\/strong>, une intelligence artificielle con\u00e7ue pour transformer votre exp\u00e9rience d\u2019essayage. D\u00e9sormais, f<strong>ini les cabines d\u2019essayage bond\u00e9es et les achats incertains<\/strong> : gr\u00e2ce \u00e0 notre technologie de <strong>r\u00e9alit\u00e9 augment\u00e9e et d\u2019intelligence artificielle<\/strong>, testez vos tenues virtuellement et faites des choix en toute confiance.<\/p>\n\n<h3 class=\"wp-block-heading\"><strong>Une pr\u00e9visualisation ultra-r\u00e9aliste de vos tenues<\/strong><\/h3>\n\n<p>Vous h\u00e9sitez entre plusieurs styles ? Styl-IA vous permet d\u2019essayer <strong>virtuellement n\u2019importe quelle tenue<\/strong>, qu\u2019il s\u2019agisse d\u2019un chapeau, d\u2019une chemise et\/ou d\u2019un pantalon, et de voir imm\u00e9diatement le rendu sur un <strong>mod\u00e8le g\u00e9n\u00e9r\u00e9 selon vos pr\u00e9f\u00e9rences<\/strong>.<\/p>\n\n<p>Mais pourquoi s\u2019arr\u00eater l\u00e0 ? <strong>Avec un compte premium et une cam\u00e9ra, essayez directement les v\u00eatements sur vous-m\u00eame !<\/strong> Gr\u00e2ce \u00e0 une technologie avanc\u00e9e de <strong>reconstruction 3D et de suivi des mouvements<\/strong>, chaque pi\u00e8ce s\u2019adapte parfaitement <strong>\u00e0 votre morphologie, votre posture et vos gestes<\/strong>, reproduisant fid\u00e8lement <strong>la fluidit\u00e9 du tissu, la coupe et les reflets de la mati\u00e8re<\/strong>. Pour avoir un avant go\u00fbt nous vous conseillons d&rsquo;aller voir le site de <a href=\"https:\/\/fr.webcamtests.com\/mirror\" target=\"_blank\" rel=\"noopener nofollow\" title=\"Webcam test\">Webcam test<\/a>, qui vous donnera un premier avis sur l&rsquo;exp\u00e9rience.<\/p>\n\n<h3 class=\"wp-block-heading\"><strong>Une communaut\u00e9 engag\u00e9e pour vous conseiller<\/strong><\/h3>\n\n<p>Parce que la mode est aussi une affaire de partage, Styl-IA vous donne acc\u00e8s \u00e0 un <strong>espace communautaire unique<\/strong>. Dans l\u2019onglet <strong>\u00ab\u00a0Communaut\u00e9\u00a0\u00bb<\/strong>, publiez vos essayages virtuels et <strong>r\u00e9coltez les avis des autres utilisateurs<\/strong> avant de valider votre s\u00e9lection.<\/p>\n\n<p>Vous souhaitez un regard plus expert ? Rendez-vous dans l\u2019onglet <strong>\u00ab\u00a0Conseil\u00a0\u00bb<\/strong>, o\u00f9 nos stylistes professionnels vous apporteront des recommandations personnalis\u00e9es sous <strong>48 heures<\/strong>. Et pour une expertise encore plus pouss\u00e9e, optez pour un <strong>entretien t\u00e9l\u00e9phonique avec un conseiller Luxyloc<\/strong>, qui analysera <strong>vos trois derniers essayages<\/strong> et vous proposera des ajustements et associations adapt\u00e9es \u00e0 votre style.<\/p>\n\n<h3 class=\"wp-block-heading\"><strong>Une technologie au service d\u2019une mode plus responsable<\/strong><\/h3>\n\n<p>De plus, Styl-IA ne se contente pas de vous offrir un outil ultra-performant, elle vous aide aussi \u00e0 <strong>consommer la mode de fa\u00e7on plus r\u00e9fl\u00e9chie<\/strong>. En effet, permettant d\u2019essayer des tenues avant l\u2019achat, elle contribue \u00e0 <strong>r\u00e9duire les retours et la surconsommation<\/strong>.<\/p>\n\n<h3 class=\"wp-block-heading\"><strong>Avec Styl-IA, la mode devient intuitive, ludique et responsable.<\/strong><\/h3>\n\n<p>Essayez, ajustez, partagez\u2026 <strong>Votre style, vos choix, votre r\u00e9alit\u00e9 augment\u00e9e.<\/strong> <\/p><\/div><\/div>\n<\/div><\/section><style>.wp-block-kadence-advancedbtn.kb-btns354_0b1731-08{gap:var(--global-kb-gap-xs, 0.5rem );justify-content:center;align-items:center;}.kt-btns354_0b1731-08 .kt-button{font-weight:normal;font-style:normal;}.kt-btns354_0b1731-08 .kt-btn-wrap-0{margin-right:5px;}.wp-block-kadence-advancedbtn.kt-btns354_0b1731-08 .kt-btn-wrap-0 .kt-button{color:#555555;border-color:#555555;}.wp-block-kadence-advancedbtn.kt-btns354_0b1731-08 .kt-btn-wrap-0 .kt-button:hover, .wp-block-kadence-advancedbtn.kt-btns354_0b1731-08 .kt-btn-wrap-0 .kt-button:focus{color:#ffffff;border-color:#444444;}.wp-block-kadence-advancedbtn.kt-btns354_0b1731-08 .kt-btn-wrap-0 .kt-button::before{display:none;}.wp-block-kadence-advancedbtn.kt-btns354_0b1731-08 .kt-btn-wrap-0 .kt-button:hover, .wp-block-kadence-advancedbtn.kt-btns354_0b1731-08 .kt-btn-wrap-0 .kt-button:focus{background:#444444;}<\/style>\n<div class=\"wp-block-kadence-advancedbtn kb-buttons-wrap kb-btns354_0b1731-08\"><style>ul.menu .wp-block-kadence-advancedbtn .kb-btn354_11a419-69.kb-button{width:initial;}.wp-block-kadence-advancedbtn .kb-btn354_11a419-69.kb-button{background:var(--global-palette2, #2B6CB0);}<\/style><span class=\"kb-button kt-button button kb-btn354_11a419-69 kt-btn-size-standard kt-btn-width-type-auto kb-btn-global-fill kt-btn-has-text-true kt-btn-has-svg-false wp-block-kadence-singlebtn\"><span class=\"kt-btn-inner-text\">Essayage avec Styl-IA<\/span><\/span><\/div><p><\/p>","protected":false},"excerpt":{"rendered":"<p>Styl-IA Styl-IA qu&rsquo;est ce que c&rsquo;est ? Styl-IA : R\u00e9volutionnez votre fa\u00e7on d\u2019essayer vos v\u00eatements Styl-IA est une intelligence artificielle cr\u00e9er par Luxyloc pour vous. Bienvenue dans l\u2019\u00e8re du shopping intelligent avec Styl-IA, une intelligence artificielle con\u00e7ue pour transformer votre exp\u00e9rience d\u2019essayage. D\u00e9sormais, fini les cabines d\u2019essayage bond\u00e9es et les achats incertains : gr\u00e2ce \u00e0&#8230;<\/p>\n","protected":false},"author":1,"featured_media":0,"parent":0,"menu_order":0,"comment_status":"closed","ping_status":"closed","template":"","meta":{"_kad_post_transparent":"","_kad_post_title":"","_kad_post_layout":"","_kad_post_sidebar_id":"","_kad_post_content_style":"","_kad_post_vertical_padding":"","_kad_post_feature":"","_kad_post_feature_position":"","_kad_post_header":false,"_kad_post_footer":false,"footnotes":""},"class_list":["post-354","page","type-page","status-publish","hentry"],"aioseo_notices":[],"_links":{"self":[{"href":"https:\/\/formagraph-exercice.fr\/luxyloc\/wp-json\/wp\/v2\/pages\/354","targetHints":{"allow":["GET"]}}],"collection":[{"href":"https:\/\/formagraph-exercice.fr\/luxyloc\/wp-json\/wp\/v2\/pages"}],"about":[{"href":"https:\/\/formagraph-exercice.fr\/luxyloc\/wp-json\/wp\/v2\/types\/page"}],"author":[{"embeddable":true,"href":"https:\/\/formagraph-exercice.fr\/luxyloc\/wp-json\/wp\/v2\/users\/1"}],"replies":[{"embeddable":true,"href":"https:\/\/formagraph-exercice.fr\/luxyloc\/wp-json\/wp\/v2\/comments?post=354"}],"version-history":[{"count":13,"href":"https:\/\/formagraph-exercice.fr\/luxyloc\/wp-json\/wp\/v2\/pages\/354\/revisions"}],"predecessor-version":[{"id":1476,"href":"https:\/\/formagraph-exercice.fr\/luxyloc\/wp-json\/wp\/v2\/pages\/354\/revisions\/1476"}],"wp:attachment":[{"href":"https:\/\/formagraph-exercice.fr\/luxyloc\/wp-json\/wp\/v2\/media?parent=354"}],"curies":[{"name":"wp","href":"https:\/\/api.w.org\/{rel}","templated":true}]}}