{"id":1086,"date":"2025-03-25T09:53:13","date_gmt":"2025-03-25T08:53:13","guid":{"rendered":"http:\/\/luxyloc.local\/?page_id=1086"},"modified":"2025-07-03T11:09:00","modified_gmt":"2025-07-03T09:09:00","slug":"les-actualites","status":"publish","type":"page","link":"https:\/\/formagraph-exercice.fr\/luxyloc\/les-actualites\/","title":{"rendered":"Les actualit\u00e9s"},"content":{"rendered":"<style>.kb-row-layout-wrap.wp-block-kadence-rowlayout.kb-row-layout-id1086_00fddf-99{margin-top:0px;margin-bottom:var(--global-kb-spacing-md, 2rem);}.kb-row-layout-id1086_00fddf-99 > .kt-row-column-wrap{align-content:center;}:where(.kb-row-layout-id1086_00fddf-99 > .kt-row-column-wrap) > .wp-block-kadence-column{justify-content:center;}.kb-row-layout-id1086_00fddf-99 > .kt-row-column-wrap{column-gap:var(--global-kb-gap-md, 2rem);row-gap:var(--global-kb-gap-md, 2rem);padding-top:0px;padding-right:0px;padding-bottom:0px;padding-left:0px;min-height:702px;grid-template-columns:minmax(0, 1fr);}.kb-row-layout-id1086_00fddf-99{background-image:url('https:\/\/formagraph-exercice.fr\/luxyloc\/wp-content\/uploads\/2025\/03\/pexels-shattha-pilabut-38930-135620-scaled.jpg');background-size:cover;background-position:center center;background-attachment:scroll;background-repeat:no-repeat;}.kb-row-layout-id1086_00fddf-99 > .kt-row-layout-overlay{opacity:0.30;}@media all and (max-width: 1024px){.kb-row-layout-id1086_00fddf-99 > .kt-row-column-wrap{grid-template-columns:minmax(0, 1fr);}}@media all and (max-width: 767px){.kb-row-layout-id1086_00fddf-99 > .kt-row-column-wrap{grid-template-columns:minmax(0, 1fr);}}<\/style><section class=\"kb-row-layout-wrap kb-row-layout-id1086_00fddf-99 alignfull kt-row-has-bg wp-block-kadence-rowlayout\"><div class=\"kt-row-column-wrap kt-has-1-columns kt-row-layout-equal kt-tab-layout-inherit kt-mobile-layout-row kt-row-valign-middle\">\n<style>.kadence-column1086_e3d91b-f2 > .kt-inside-inner-col,.kadence-column1086_e3d91b-f2 > .kt-inside-inner-col:before{border-top-left-radius:0px;border-top-right-radius:0px;border-bottom-right-radius:0px;border-bottom-left-radius:0px;}.kadence-column1086_e3d91b-f2 > .kt-inside-inner-col{column-gap:var(--global-kb-gap-sm, 1rem);}.kadence-column1086_e3d91b-f2 > .kt-inside-inner-col{flex-direction:column;}.kadence-column1086_e3d91b-f2 > .kt-inside-inner-col > .aligncenter{width:100%;}.kadence-column1086_e3d91b-f2 > .kt-inside-inner-col:before{opacity:0.3;}.kadence-column1086_e3d91b-f2{position:relative;}@media all and (max-width: 1024px){.kadence-column1086_e3d91b-f2 > .kt-inside-inner-col{flex-direction:column;}}@media all and (max-width: 767px){.kadence-column1086_e3d91b-f2 > .kt-inside-inner-col{flex-direction:column;}}<\/style>\n<div class=\"wp-block-kadence-column kadence-column1086_e3d91b-f2\"><div class=\"kt-inside-inner-col\"><style>.wp-block-kadence-advancedheading.kt-adv-heading1086_e67c33-50, .wp-block-kadence-advancedheading.kt-adv-heading1086_e67c33-50[data-kb-block=\"kb-adv-heading1086_e67c33-50\"]{padding-top:var(--global-kb-spacing-5xl, 10rem);padding-bottom:0px;text-align:center;font-size:var(--global-kb-font-size-xl, 3rem);font-style:normal;}.wp-block-kadence-advancedheading.kt-adv-heading1086_e67c33-50 mark.kt-highlight, .wp-block-kadence-advancedheading.kt-adv-heading1086_e67c33-50[data-kb-block=\"kb-adv-heading1086_e67c33-50\"] mark.kt-highlight{font-style:normal;color:#f76a0c;-webkit-box-decoration-break:clone;box-decoration-break:clone;padding-top:0px;padding-right:0px;padding-bottom:0px;padding-left:0px;}<\/style>\n<h1 class=\"kt-adv-heading1086_e67c33-50 wp-block-kadence-advancedheading\" data-kb-block=\"kb-adv-heading1086_e67c33-50\"><mark style=\"background-color:rgba(0, 0, 0, 0)\" class=\"has-inline-color has-theme-palette-9-color\"><strong><a href=\"https:\/\/formagraph-exercice.fr\/luxyloc\/les-actualites\/\" title=\"Actualit\u00e9s\">Actualit\u00e9s<\/a><\/strong><\/mark><\/h1><\/div><\/div>\n<\/div><\/section><style>.kb-posts-id-1086_3b4693-16 .loop-entry{background:transparent;box-shadow:none;}.kb-posts-id-1086_3b4693-16 .loop-entry > .entry-content-wrap{padding:0px;}.kb-posts-id-1086_3b4693-16 .loop-entry .post-thumbnail{margin-bottom:1em;}<\/style><div class=\"wp-block-kadence-posts kb-posts kb-posts-id-1086_3b4693-16 content-wrap grid-cols kb-posts-style-unboxed grid-sm-col-2 grid-lg-col-2 item-image-style-above\"><article class=\"entry content-bg loop-entry post-1345 post type-post status-publish format-standard has-post-thumbnail hentry category-mode\">\n\t\t\t<a class=\"post-thumbnail kadence-thumbnail-ratio-2-3\" href=\"https:\/\/formagraph-exercice.fr\/luxyloc\/raffinement-et-chic-la-cle-pour-choisir-votre-tenue-de-mariage-en-famille\/\">\n\t\t\t<div class=\"post-thumbnail-inner\">\n\t\t\t\t<img loading=\"lazy\" decoding=\"async\" width=\"2560\" height=\"1707\" src=\"https:\/\/formagraph-exercice.fr\/luxyloc\/wp-content\/uploads\/2025\/04\/pexels-nealcruzphotos-11596603-scaled.jpg\" class=\"attachment-full size-full wp-post-image\" alt=\"Photo de famille lors d&#039;un mariage bien habill\u00e9\" srcset=\"https:\/\/formagraph-exercice.fr\/luxyloc\/wp-content\/uploads\/2025\/04\/pexels-nealcruzphotos-11596603-scaled.jpg 2560w, https:\/\/formagraph-exercice.fr\/luxyloc\/wp-content\/uploads\/2025\/04\/pexels-nealcruzphotos-11596603-scaled-300x200.jpg 300w, https:\/\/formagraph-exercice.fr\/luxyloc\/wp-content\/uploads\/2025\/04\/pexels-nealcruzphotos-11596603-scaled-1024x683.jpg 1024w, https:\/\/formagraph-exercice.fr\/luxyloc\/wp-content\/uploads\/2025\/04\/pexels-nealcruzphotos-11596603-scaled-768x512.jpg 768w, https:\/\/formagraph-exercice.fr\/luxyloc\/wp-content\/uploads\/2025\/04\/pexels-nealcruzphotos-11596603-scaled-1536x1024.jpg 1536w, https:\/\/formagraph-exercice.fr\/luxyloc\/wp-content\/uploads\/2025\/04\/pexels-nealcruzphotos-11596603-scaled-2048x1366.jpg 2048w, https:\/\/formagraph-exercice.fr\/luxyloc\/wp-content\/uploads\/2025\/04\/pexels-nealcruzphotos-11596603-scaled-1320x880.jpg 1320w, https:\/\/formagraph-exercice.fr\/luxyloc\/wp-content\/uploads\/2025\/04\/pexels-nealcruzphotos-11596603-scaled-600x400.jpg 600w, https:\/\/formagraph-exercice.fr\/luxyloc\/wp-content\/uploads\/2025\/04\/pexels-nealcruzphotos-11596603-scaled-64x43.jpg 64w\" sizes=\"auto, (max-width: 2560px) 100vw, 2560px\" \/>\t\t\t<\/div>\n\t\t<\/a><!-- .post-thumbnail -->\n\t\t\t<div class=\"entry-content-wrap\">\n\t\t<header class=\"entry-header\">\n\t\t<div class=\"entry-taxonomies\">\n\t\t<span class=\"category-links term-links category-style-pill\">\n\t\t\t<a href=\"https:\/\/formagraph-exercice.fr\/luxyloc\/category\/mode\/\" class=\"category-link-mode\" rel=\"tag\">Mode<\/a>\t\t<\/span>\n\t<\/div><!-- .entry-taxonomies -->\n\t<h3 class=\"entry-title\"><a href=\"https:\/\/formagraph-exercice.fr\/luxyloc\/raffinement-et-chic-la-cle-pour-choisir-votre-tenue-de-mariage-en-famille\/\" rel=\"bookmark\">Raffinement et Chic : La Cl\u00e9 pour Choisir Votre Tenue de Mariage en Famille<\/a><\/h3>\t<div class=\"entry-meta entry-meta-divider-dot\">\n\t\t\t\t<span class=\"posted-on\">\n\t\t\t\t<time class=\"entry-date published\" datetime=\"2025-04-04T13:02:31+02:00\">04\/04\/2025<\/time><time class=\"updated\" datetime=\"2025-04-04T13:57:07+02:00\">04\/04\/2025<\/time>\t\t\t<\/span>\n\t\t\t\t<\/div><!-- .entry-meta -->\n\t<\/header><!-- .entry-header -->\n\t<div class=\"entry-summary\">\n\t\t<p>Raffinement et Chic : La Cl\u00e9 pour Choisir Votre Tenue de Mariage en Famille Choisir une tenue de mariage familial est un d\u00e9fi qui va au-del\u00e0 de l&rsquo;esth\u00e9tique : il s&rsquo;agit de cr\u00e9er une harmonie entre l&rsquo;\u00e9l\u00e9gance individuelle et l&rsquo;esprit de groupe. Dans cet article, nous vous proposons des conseils pratiques pour vous aider \u00e0&#8230;<\/p>\n\t<\/div><!-- .entry-summary -->\n\t<footer class=\"entry-footer\">\n\t\t\t<div class=\"entry-actions\">\n\t\t\t<p class=\"more-link-wrap\">\n\t\t\t\t<a href=\"https:\/\/formagraph-exercice.fr\/luxyloc\/raffinement-et-chic-la-cle-pour-choisir-votre-tenue-de-mariage-en-famille\/\" class=\"post-more-link\">\n\t\t\t\t\tEn savoir plus <span class=\"screen-reader-text\"> Raffinement et Chic : La Cl\u00e9 pour Choisir Votre Tenue de Mariage en Famille<\/span><span class=\"kadence-svg-iconset svg-baseline\"><svg aria-hidden=\"true\" class=\"kadence-svg-icon kadence-arrow-right-alt-svg\" fill=\"currentColor\" version=\"1.1\" xmlns=\"http:\/\/www.w3.org\/2000\/svg\" width=\"27\" height=\"28\" viewBox=\"0 0 27 28\"><title>Continuer<\/title><path d=\"M27 13.953c0 0.141-0.063 0.281-0.156 0.375l-6 5.531c-0.156 0.141-0.359 0.172-0.547 0.094-0.172-0.078-0.297-0.25-0.297-0.453v-3.5h-19.5c-0.281 0-0.5-0.219-0.5-0.5v-3c0-0.281 0.219-0.5 0.5-0.5h19.5v-3.5c0-0.203 0.109-0.375 0.297-0.453s0.391-0.047 0.547 0.078l6 5.469c0.094 0.094 0.156 0.219 0.156 0.359v0z\"><\/path>\n\t\t\t<\/svg><\/span>\t\t\t\t<\/a>\n\t\t\t<\/p>\n\t\t<\/div><!-- .entry-actions -->\n\t\t<\/footer><!-- .entry-footer -->\t<\/div>\n<\/article>\n<article class=\"entry content-bg loop-entry post-183 post type-post status-publish format-standard has-post-thumbnail hentry category-mode\">\n\t\t\t<a class=\"post-thumbnail kadence-thumbnail-ratio-2-3\" href=\"https:\/\/formagraph-exercice.fr\/luxyloc\/marque\/\">\n\t\t\t<div class=\"post-thumbnail-inner\">\n\t\t\t\t<img loading=\"lazy\" decoding=\"async\" width=\"1707\" height=\"2560\" src=\"https:\/\/formagraph-exercice.fr\/luxyloc\/wp-content\/uploads\/2025\/03\/pexels-ayoub-moukhliss-1262835-27617650-scaled-1.png\" class=\"attachment-full size-full wp-post-image\" alt=\"Conseils mode\" srcset=\"https:\/\/formagraph-exercice.fr\/luxyloc\/wp-content\/uploads\/2025\/03\/pexels-ayoub-moukhliss-1262835-27617650-scaled-1.png 1707w, https:\/\/formagraph-exercice.fr\/luxyloc\/wp-content\/uploads\/2025\/03\/pexels-ayoub-moukhliss-1262835-27617650-scaled-1-200x300.png 200w, https:\/\/formagraph-exercice.fr\/luxyloc\/wp-content\/uploads\/2025\/03\/pexels-ayoub-moukhliss-1262835-27617650-scaled-1-683x1024.png 683w, https:\/\/formagraph-exercice.fr\/luxyloc\/wp-content\/uploads\/2025\/03\/pexels-ayoub-moukhliss-1262835-27617650-scaled-1-768x1152.png 768w, https:\/\/formagraph-exercice.fr\/luxyloc\/wp-content\/uploads\/2025\/03\/pexels-ayoub-moukhliss-1262835-27617650-scaled-1-1024x1536.png 1024w, https:\/\/formagraph-exercice.fr\/luxyloc\/wp-content\/uploads\/2025\/03\/pexels-ayoub-moukhliss-1262835-27617650-scaled-1-1366x2048.png 1366w, https:\/\/formagraph-exercice.fr\/luxyloc\/wp-content\/uploads\/2025\/03\/pexels-ayoub-moukhliss-1262835-27617650-scaled-1-1320x1980.png 1320w, https:\/\/formagraph-exercice.fr\/luxyloc\/wp-content\/uploads\/2025\/03\/pexels-ayoub-moukhliss-1262835-27617650-scaled-1-600x900.png 600w, https:\/\/formagraph-exercice.fr\/luxyloc\/wp-content\/uploads\/2025\/03\/pexels-ayoub-moukhliss-1262835-27617650-scaled-1-64x96.png 64w\" sizes=\"auto, (max-width: 1707px) 100vw, 1707px\" \/>\t\t\t<\/div>\n\t\t<\/a><!-- .post-thumbnail -->\n\t\t\t<div class=\"entry-content-wrap\">\n\t\t<header class=\"entry-header\">\n\t\t<div class=\"entry-taxonomies\">\n\t\t<span class=\"category-links term-links category-style-pill\">\n\t\t\t<a href=\"https:\/\/formagraph-exercice.fr\/luxyloc\/category\/mode\/\" class=\"category-link-mode\" rel=\"tag\">Mode<\/a>\t\t<\/span>\n\t<\/div><!-- .entry-taxonomies -->\n\t<h3 class=\"entry-title\"><a href=\"https:\/\/formagraph-exercice.fr\/luxyloc\/marque\/\" rel=\"bookmark\">Conseils mode<\/a><\/h3>\t<div class=\"entry-meta entry-meta-divider-dot\">\n\t\t\t\t<span class=\"posted-on\">\n\t\t\t\t<time class=\"entry-date published\" datetime=\"2025-03-10T14:23:41+01:00\">10\/03\/2025<\/time><time class=\"updated\" datetime=\"2025-06-24T15:20:22+02:00\">24\/06\/2025<\/time>\t\t\t<\/span>\n\t\t\t\t<\/div><!-- .entry-meta -->\n\t<\/header><!-- .entry-header -->\n\t<div class=\"entry-summary\">\n\t\t<p>Un \u00e9t\u00e9 styl\u00e9 et engag\u00e9 : les conseils mode de Luxyloc, en collaboration avec les artisans locauxL\u2019\u00e9t\u00e9 approche, et avec lui cette irr\u00e9sistible envie de l\u00e9g\u00e8ret\u00e9, de libert\u00e9 et de tenues qui respirent l\u2019\u00e9l\u00e9gance sans en faire trop. Chez Luxyloc, nous croyons que l\u2019\u00e9t\u00e9 est la saison id\u00e9ale pour conjuguer style, conscience et cr\u00e9ativit\u00e9. C\u2019est&#8230;<\/p>\n\t<\/div><!-- .entry-summary -->\n\t<footer class=\"entry-footer\">\n\t\t\t<div class=\"entry-actions\">\n\t\t\t<p class=\"more-link-wrap\">\n\t\t\t\t<a href=\"https:\/\/formagraph-exercice.fr\/luxyloc\/marque\/\" class=\"post-more-link\">\n\t\t\t\t\tEn savoir plus <span class=\"screen-reader-text\"> Conseils mode<\/span><span class=\"kadence-svg-iconset svg-baseline\"><svg aria-hidden=\"true\" class=\"kadence-svg-icon kadence-arrow-right-alt-svg\" fill=\"currentColor\" version=\"1.1\" xmlns=\"http:\/\/www.w3.org\/2000\/svg\" width=\"27\" height=\"28\" viewBox=\"0 0 27 28\"><title>Continuer<\/title><path d=\"M27 13.953c0 0.141-0.063 0.281-0.156 0.375l-6 5.531c-0.156 0.141-0.359 0.172-0.547 0.094-0.172-0.078-0.297-0.25-0.297-0.453v-3.5h-19.5c-0.281 0-0.5-0.219-0.5-0.5v-3c0-0.281 0.219-0.5 0.5-0.5h19.5v-3.5c0-0.203 0.109-0.375 0.297-0.453s0.391-0.047 0.547 0.078l6 5.469c0.094 0.094 0.156 0.219 0.156 0.359v0z\"><\/path>\n\t\t\t<\/svg><\/span>\t\t\t\t<\/a>\n\t\t\t<\/p>\n\t\t<\/div><!-- .entry-actions -->\n\t\t<\/footer><!-- .entry-footer -->\t<\/div>\n<\/article>\n<article class=\"entry content-bg loop-entry post-181 post type-post status-publish format-standard has-post-thumbnail hentry category-eco-responsabilite\">\n\t\t\t<a class=\"post-thumbnail kadence-thumbnail-ratio-2-3\" href=\"https:\/\/formagraph-exercice.fr\/luxyloc\/eco-responsabilites\/\">\n\t\t\t<div class=\"post-thumbnail-inner\">\n\t\t\t\t<img loading=\"lazy\" decoding=\"async\" width=\"800\" height=\"800\" src=\"https:\/\/formagraph-exercice.fr\/luxyloc\/wp-content\/uploads\/2025\/03\/article-3.png\" class=\"attachment-full size-full wp-post-image\" alt=\"Pollution\" srcset=\"https:\/\/formagraph-exercice.fr\/luxyloc\/wp-content\/uploads\/2025\/03\/article-3.png 800w, https:\/\/formagraph-exercice.fr\/luxyloc\/wp-content\/uploads\/2025\/03\/article-3-300x300.png 300w, https:\/\/formagraph-exercice.fr\/luxyloc\/wp-content\/uploads\/2025\/03\/article-3-100x100.png 100w, https:\/\/formagraph-exercice.fr\/luxyloc\/wp-content\/uploads\/2025\/03\/article-3-600x600.png 600w, https:\/\/formagraph-exercice.fr\/luxyloc\/wp-content\/uploads\/2025\/03\/article-3-64x64.png 64w, https:\/\/formagraph-exercice.fr\/luxyloc\/wp-content\/uploads\/2025\/03\/article-3-150x150.png 150w, https:\/\/formagraph-exercice.fr\/luxyloc\/wp-content\/uploads\/2025\/03\/article-3-768x768.png 768w\" sizes=\"auto, (max-width: 800px) 100vw, 800px\" \/>\t\t\t<\/div>\n\t\t<\/a><!-- .post-thumbnail -->\n\t\t\t<div class=\"entry-content-wrap\">\n\t\t<header class=\"entry-header\">\n\t\t<div class=\"entry-taxonomies\">\n\t\t<span class=\"category-links term-links category-style-pill\">\n\t\t\t<a href=\"https:\/\/formagraph-exercice.fr\/luxyloc\/category\/eco-responsabilite\/\" class=\"category-link-eco-responsabilite\" rel=\"tag\">Eco-responsabilit\u00e9<\/a>\t\t<\/span>\n\t<\/div><!-- .entry-taxonomies -->\n\t<h3 class=\"entry-title\"><a href=\"https:\/\/formagraph-exercice.fr\/luxyloc\/eco-responsabilites\/\" rel=\"bookmark\">Pollution<\/a><\/h3>\t<div class=\"entry-meta entry-meta-divider-dot\">\n\t\t\t\t<span class=\"posted-on\">\n\t\t\t\t<time class=\"entry-date published\" datetime=\"2025-03-10T14:21:54+01:00\">10\/03\/2025<\/time><time class=\"updated\" datetime=\"2025-04-04T13:57:04+02:00\">04\/04\/2025<\/time>\t\t\t<\/span>\n\t\t\t\t<\/div><!-- .entry-meta -->\n\t<\/header><!-- .entry-header -->\n\t<div class=\"entry-summary\">\n\t\t<p>Le secteur du luxe accueille un nouvel acteur qui conjugue raffinement et responsabilit\u00e9 environnementale. Cette marque \u00e9mergente bouscule les codes en proposant des cr\u00e9ations haut de gamme con\u00e7ues avec des mati\u00e8res durables, des proc\u00e9d\u00e9s de fabrication \u00e9thiques et une approche tourn\u00e9e vers l\u2019\u00e9conomie circulaire.Dans un march\u00e9 o\u00f9 l\u2019exclusivit\u00e9 rime souvent avec surconsommation, cette enseigne pr\u00f4ne&#8230;<\/p>\n\t<\/div><!-- .entry-summary -->\n\t<footer class=\"entry-footer\">\n\t\t\t<div class=\"entry-actions\">\n\t\t\t<p class=\"more-link-wrap\">\n\t\t\t\t<a href=\"https:\/\/formagraph-exercice.fr\/luxyloc\/eco-responsabilites\/\" class=\"post-more-link\">\n\t\t\t\t\tEn savoir plus <span class=\"screen-reader-text\"> Pollution<\/span><span class=\"kadence-svg-iconset svg-baseline\"><svg aria-hidden=\"true\" class=\"kadence-svg-icon kadence-arrow-right-alt-svg\" fill=\"currentColor\" version=\"1.1\" xmlns=\"http:\/\/www.w3.org\/2000\/svg\" width=\"27\" height=\"28\" viewBox=\"0 0 27 28\"><title>Continuer<\/title><path d=\"M27 13.953c0 0.141-0.063 0.281-0.156 0.375l-6 5.531c-0.156 0.141-0.359 0.172-0.547 0.094-0.172-0.078-0.297-0.25-0.297-0.453v-3.5h-19.5c-0.281 0-0.5-0.219-0.5-0.5v-3c0-0.281 0.219-0.5 0.5-0.5h19.5v-3.5c0-0.203 0.109-0.375 0.297-0.453s0.391-0.047 0.547 0.078l6 5.469c0.094 0.094 0.156 0.219 0.156 0.359v0z\"><\/path>\n\t\t\t<\/svg><\/span>\t\t\t\t<\/a>\n\t\t\t<\/p>\n\t\t<\/div><!-- .entry-actions -->\n\t\t<\/footer><!-- .entry-footer -->\t<\/div>\n<\/article>\n<article class=\"entry content-bg loop-entry post-179 post type-post status-publish format-standard has-post-thumbnail hentry category-mode\">\n\t\t\t<a class=\"post-thumbnail kadence-thumbnail-ratio-2-3\" href=\"https:\/\/formagraph-exercice.fr\/luxyloc\/modes\/\">\n\t\t\t<div class=\"post-thumbnail-inner\">\n\t\t\t\t<img loading=\"lazy\" decoding=\"async\" width=\"2560\" height=\"1707\" src=\"https:\/\/formagraph-exercice.fr\/luxyloc\/wp-content\/uploads\/2025\/03\/pexels-yogendras31-5185595-1-scaled.jpg\" class=\"attachment-full size-full wp-post-image\" alt=\"Image de la fashion week de Londres, femme portant une tenue d&#039;une grande marque de couleur rose avec des talons brillants\" srcset=\"https:\/\/formagraph-exercice.fr\/luxyloc\/wp-content\/uploads\/2025\/03\/pexels-yogendras31-5185595-1-scaled.jpg 2560w, https:\/\/formagraph-exercice.fr\/luxyloc\/wp-content\/uploads\/2025\/03\/pexels-yogendras31-5185595-1-scaled-300x200.jpg 300w, https:\/\/formagraph-exercice.fr\/luxyloc\/wp-content\/uploads\/2025\/03\/pexels-yogendras31-5185595-1-scaled-1024x683.jpg 1024w, https:\/\/formagraph-exercice.fr\/luxyloc\/wp-content\/uploads\/2025\/03\/pexels-yogendras31-5185595-1-scaled-768x512.jpg 768w, https:\/\/formagraph-exercice.fr\/luxyloc\/wp-content\/uploads\/2025\/03\/pexels-yogendras31-5185595-1-scaled-1536x1024.jpg 1536w, https:\/\/formagraph-exercice.fr\/luxyloc\/wp-content\/uploads\/2025\/03\/pexels-yogendras31-5185595-1-scaled-2048x1366.jpg 2048w, https:\/\/formagraph-exercice.fr\/luxyloc\/wp-content\/uploads\/2025\/03\/pexels-yogendras31-5185595-1-scaled-1320x880.jpg 1320w, https:\/\/formagraph-exercice.fr\/luxyloc\/wp-content\/uploads\/2025\/03\/pexels-yogendras31-5185595-1-scaled-600x400.jpg 600w, https:\/\/formagraph-exercice.fr\/luxyloc\/wp-content\/uploads\/2025\/03\/pexels-yogendras31-5185595-1-scaled-64x43.jpg 64w\" sizes=\"auto, (max-width: 2560px) 100vw, 2560px\" \/>\t\t\t<\/div>\n\t\t<\/a><!-- .post-thumbnail -->\n\t\t\t<div class=\"entry-content-wrap\">\n\t\t<header class=\"entry-header\">\n\t\t<div class=\"entry-taxonomies\">\n\t\t<span class=\"category-links term-links category-style-pill\">\n\t\t\t<a href=\"https:\/\/formagraph-exercice.fr\/luxyloc\/category\/mode\/\" class=\"category-link-mode\" rel=\"tag\">Mode<\/a>\t\t<\/span>\n\t<\/div><!-- .entry-taxonomies -->\n\t<h3 class=\"entry-title\"><a href=\"https:\/\/formagraph-exercice.fr\/luxyloc\/modes\/\" rel=\"bookmark\">Fashion-week<\/a><\/h3>\t<div class=\"entry-meta entry-meta-divider-dot\">\n\t\t\t\t<span class=\"posted-on\">\n\t\t\t\t<time class=\"entry-date published\" datetime=\"2025-03-10T14:18:30+01:00\">10\/03\/2025<\/time><time class=\"updated\" datetime=\"2025-03-26T13:49:16+01:00\">26\/03\/2025<\/time>\t\t\t<\/span>\n\t\t\t\t<\/div><!-- .entry-meta -->\n\t<\/header><!-- .entry-header -->\n\t<div class=\"entry-summary\">\n\t\t<p>La Fashion Week de Londres s\u2019est cl\u00f4tur\u00e9e sur un d\u00e9fil\u00e9 Burberry attendu, mais l\u2019\u00e9v\u00e9nement dans son ensemble a laiss\u00e9 un go\u00fbt contrast\u00e9. Entre cr\u00e9ativit\u00e9 affirm\u00e9e et contexte \u00e9conomique incertain, l\u2019\u00e9dition 2025 a oscill\u00e9 entre audace et retenue. Certaines maisons ont brill\u00e9 par leur innovation, notamment dans l\u2019\u00e9coresponsabilit\u00e9 et la mode circulaire, tandis que d\u2019autres ont&#8230;<\/p>\n\t<\/div><!-- .entry-summary -->\n\t<footer class=\"entry-footer\">\n\t\t\t<div class=\"entry-actions\">\n\t\t\t<p class=\"more-link-wrap\">\n\t\t\t\t<a href=\"https:\/\/formagraph-exercice.fr\/luxyloc\/modes\/\" class=\"post-more-link\">\n\t\t\t\t\tEn savoir plus <span class=\"screen-reader-text\"> Fashion-week<\/span><span class=\"kadence-svg-iconset svg-baseline\"><svg aria-hidden=\"true\" class=\"kadence-svg-icon kadence-arrow-right-alt-svg\" fill=\"currentColor\" version=\"1.1\" xmlns=\"http:\/\/www.w3.org\/2000\/svg\" width=\"27\" height=\"28\" viewBox=\"0 0 27 28\"><title>Continuer<\/title><path d=\"M27 13.953c0 0.141-0.063 0.281-0.156 0.375l-6 5.531c-0.156 0.141-0.359 0.172-0.547 0.094-0.172-0.078-0.297-0.25-0.297-0.453v-3.5h-19.5c-0.281 0-0.5-0.219-0.5-0.5v-3c0-0.281 0.219-0.5 0.5-0.5h19.5v-3.5c0-0.203 0.109-0.375 0.297-0.453s0.391-0.047 0.547 0.078l6 5.469c0.094 0.094 0.156 0.219 0.156 0.359v0z\"><\/path>\n\t\t\t<\/svg><\/span>\t\t\t\t<\/a>\n\t\t\t<\/p>\n\t\t<\/div><!-- .entry-actions -->\n\t\t<\/footer><!-- .entry-footer -->\t<\/div>\n<\/article>\n<\/div><style>.wp-block-kadence-spacer.kt-block-spacer-1086_cef255-a8 .kt-block-spacer{height:20px;}.wp-block-kadence-spacer.kt-block-spacer-1086_cef255-a8 .kt-divider{border-top-width:1px;height:1px;border-top-color:var(--global-palette9, #ffffff);width:80%;border-top-style:solid;}<\/style>\n<div class=\"wp-block-kadence-spacer aligncenter kt-block-spacer-1086_cef255-a8\"><div class=\"kt-block-spacer kt-block-spacer-halign-center\"><hr class=\"kt-divider\"\/><\/div><\/div><p><\/p>","protected":false},"excerpt":{"rendered":"<p>Actualit\u00e9s<\/p>\n","protected":false},"author":1,"featured_media":0,"parent":0,"menu_order":0,"comment_status":"closed","ping_status":"closed","template":"","meta":{"_kad_post_transparent":"","_kad_post_title":"","_kad_post_layout":"","_kad_post_sidebar_id":"","_kad_post_content_style":"","_kad_post_vertical_padding":"","_kad_post_feature":"","_kad_post_feature_position":"","_kad_post_header":false,"_kad_post_footer":false,"footnotes":""},"class_list":["post-1086","page","type-page","status-publish","hentry"],"aioseo_notices":[],"_links":{"self":[{"href":"https:\/\/formagraph-exercice.fr\/luxyloc\/wp-json\/wp\/v2\/pages\/1086","targetHints":{"allow":["GET"]}}],"collection":[{"href":"https:\/\/formagraph-exercice.fr\/luxyloc\/wp-json\/wp\/v2\/pages"}],"about":[{"href":"https:\/\/formagraph-exercice.fr\/luxyloc\/wp-json\/wp\/v2\/types\/page"}],"author":[{"embeddable":true,"href":"https:\/\/formagraph-exercice.fr\/luxyloc\/wp-json\/wp\/v2\/users\/1"}],"replies":[{"embeddable":true,"href":"https:\/\/formagraph-exercice.fr\/luxyloc\/wp-json\/wp\/v2\/comments?post=1086"}],"version-history":[{"count":13,"href":"https:\/\/formagraph-exercice.fr\/luxyloc\/wp-json\/wp\/v2\/pages\/1086\/revisions"}],"predecessor-version":[{"id":1472,"href":"https:\/\/formagraph-exercice.fr\/luxyloc\/wp-json\/wp\/v2\/pages\/1086\/revisions\/1472"}],"wp:attachment":[{"href":"https:\/\/formagraph-exercice.fr\/luxyloc\/wp-json\/wp\/v2\/media?parent=1086"}],"curies":[{"name":"wp","href":"https:\/\/api.w.org\/{rel}","templated":true}]}}