{"id":731,"date":"2025-03-13T16:06:06","date_gmt":"2025-03-13T15:06:06","guid":{"rendered":"http:\/\/kogleroffice.local\/?page_id=731"},"modified":"2025-05-09T18:57:19","modified_gmt":"2025-05-09T16:57:19","slug":"livraison-montage","status":"publish","type":"page","link":"https:\/\/formagraph-exercice.fr\/kogler-office\/livraison-montage\/","title":{"rendered":"Livraison &amp; montage"},"content":{"rendered":"\n<section class=\"wp-block-group\"><div class=\"wp-block-group__inner-container is-layout-constrained wp-block-group-is-layout-constrained\"><style>.wp-block-kadence-advancedheading.kt-adv-heading731_beb0a4-b0, .wp-block-kadence-advancedheading.kt-adv-heading731_beb0a4-b0[data-kb-block=\"kb-adv-heading731_beb0a4-b0\"]{padding-top:0px;padding-bottom:var(--global-kb-spacing-md, 2rem);margin-top:0px;margin-bottom:0px;font-size:40px;font-weight:400;font-style:normal;font-family:'Bodoni Moda';}.wp-block-kadence-advancedheading.kt-adv-heading731_beb0a4-b0 mark.kt-highlight, .wp-block-kadence-advancedheading.kt-adv-heading731_beb0a4-b0[data-kb-block=\"kb-adv-heading731_beb0a4-b0\"] mark.kt-highlight{font-style:normal;color:#f76a0c;-webkit-box-decoration-break:clone;box-decoration-break:clone;padding-top:0px;padding-right:0px;padding-bottom:0px;padding-left:0px;}.wp-block-kadence-advancedheading.kt-adv-heading731_beb0a4-b0 img.kb-inline-image, .wp-block-kadence-advancedheading.kt-adv-heading731_beb0a4-b0[data-kb-block=\"kb-adv-heading731_beb0a4-b0\"] img.kb-inline-image{width:150px;vertical-align:baseline;}@media all and (max-width: 767px){.wp-block-kadence-advancedheading.kt-adv-heading731_beb0a4-b0, .wp-block-kadence-advancedheading.kt-adv-heading731_beb0a4-b0[data-kb-block=\"kb-adv-heading731_beb0a4-b0\"]{padding-top:0px;padding-right:0px;padding-bottom:0px;padding-left:0px;margin-top:0px;margin-right:0px;margin-bottom:var(--global-kb-spacing-lg, 3rem);margin-left:0px;font-size:25px;line-height:1;}}<\/style>\n<h1 class=\"kt-adv-heading731_beb0a4-b0 wp-block-kadence-advancedheading\" data-kb-block=\"kb-adv-heading731_beb0a4-b0\">Livraison &amp; montage<\/h1>\n\n\n<style>.wp-block-kadence-advancedheading.kt-adv-heading731_ee9c79-02, .wp-block-kadence-advancedheading.kt-adv-heading731_ee9c79-02[data-kb-block=\"kb-adv-heading731_ee9c79-02\"]{padding-top:0px;padding-right:0px;padding-bottom:0px;padding-left:0px;margin-top:0px;margin-right:0px;margin-bottom:0px;margin-left:0px;font-size:16px;font-weight:400;font-style:normal;font-family:Roboto;}.wp-block-kadence-advancedheading.kt-adv-heading731_ee9c79-02 mark.kt-highlight, .wp-block-kadence-advancedheading.kt-adv-heading731_ee9c79-02[data-kb-block=\"kb-adv-heading731_ee9c79-02\"] mark.kt-highlight{font-style:normal;color:#f76a0c;-webkit-box-decoration-break:clone;box-decoration-break:clone;padding-top:0px;padding-right:0px;padding-bottom:0px;padding-left:0px;}.wp-block-kadence-advancedheading.kt-adv-heading731_ee9c79-02 img.kb-inline-image, .wp-block-kadence-advancedheading.kt-adv-heading731_ee9c79-02[data-kb-block=\"kb-adv-heading731_ee9c79-02\"] img.kb-inline-image{width:150px;vertical-align:baseline;}@media all and (max-width: 767px){.wp-block-kadence-advancedheading.kt-adv-heading731_ee9c79-02, .wp-block-kadence-advancedheading.kt-adv-heading731_ee9c79-02[data-kb-block=\"kb-adv-heading731_ee9c79-02\"]{font-size:14px;}}<\/style>\n<p class=\"kt-adv-heading731_ee9c79-02 wp-block-kadence-advancedheading\" data-kb-block=\"kb-adv-heading731_ee9c79-02\"><strong><a href=\"https:\/\/formagraph-exercice.fr\/kogler-office\" title=\"Kogler Office\">Kogler Office<\/a> dispose de sa propre soci\u00e9t\u00e9 de logistique :  Logistic SA. Elle livre nos clients dans toute la Suisse, pour notre plus grande satisfaction.<\/strong><br><\/p>\n\n\n<style>.wp-block-kadence-advancedheading.kt-adv-heading731_68777d-8b, .wp-block-kadence-advancedheading.kt-adv-heading731_68777d-8b[data-kb-block=\"kb-adv-heading731_68777d-8b\"]{padding-top:0px;padding-right:0px;padding-bottom:0px;padding-left:0px;margin-top:0px;margin-right:0px;margin-bottom:0px;margin-left:0px;font-size:16px;font-weight:400;font-style:normal;font-family:Roboto;}.wp-block-kadence-advancedheading.kt-adv-heading731_68777d-8b mark.kt-highlight, .wp-block-kadence-advancedheading.kt-adv-heading731_68777d-8b[data-kb-block=\"kb-adv-heading731_68777d-8b\"] mark.kt-highlight{font-style:normal;color:#f76a0c;-webkit-box-decoration-break:clone;box-decoration-break:clone;padding-top:0px;padding-right:0px;padding-bottom:0px;padding-left:0px;}.wp-block-kadence-advancedheading.kt-adv-heading731_68777d-8b img.kb-inline-image, .wp-block-kadence-advancedheading.kt-adv-heading731_68777d-8b[data-kb-block=\"kb-adv-heading731_68777d-8b\"] img.kb-inline-image{width:150px;vertical-align:baseline;}@media all and (max-width: 767px){.wp-block-kadence-advancedheading.kt-adv-heading731_68777d-8b, .wp-block-kadence-advancedheading.kt-adv-heading731_68777d-8b[data-kb-block=\"kb-adv-heading731_68777d-8b\"]{padding-top:0px;padding-right:0px;padding-bottom:0px;padding-left:0px;font-size:14px;}}<\/style>\n<p class=\"kt-adv-heading731_68777d-8b wp-block-kadence-advancedheading\" data-kb-block=\"kb-adv-heading731_68777d-8b\">Logistic se charge de l\u2019entier du processus d\u2019acheminement de vos produits, depuis notre centrale d\u2019entreposage jusqu\u2019au montage des produits dans vos locaux ou \u00e0 votre domicile. Avant chaque livraison de produits \u00e0 nos clients, les t\u00e2ches ci-dessous sont syst\u00e9matiquement appliqu\u00e9es :<\/p>\n\n\n<style>.wp-block-kadence-advancedheading.kt-adv-heading731_4c10b3-39, .wp-block-kadence-advancedheading.kt-adv-heading731_4c10b3-39[data-kb-block=\"kb-adv-heading731_4c10b3-39\"]{padding-top:0px;padding-right:0px;padding-bottom:0px;padding-left:0px;margin-top:0px;margin-right:0px;margin-bottom:0px;margin-left:0px;font-size:16px;font-weight:400;font-style:normal;font-family:Roboto;}.wp-block-kadence-advancedheading.kt-adv-heading731_4c10b3-39 mark.kt-highlight, .wp-block-kadence-advancedheading.kt-adv-heading731_4c10b3-39[data-kb-block=\"kb-adv-heading731_4c10b3-39\"] mark.kt-highlight{font-style:normal;color:#f76a0c;-webkit-box-decoration-break:clone;box-decoration-break:clone;padding-top:0px;padding-right:0px;padding-bottom:0px;padding-left:0px;}.wp-block-kadence-advancedheading.kt-adv-heading731_4c10b3-39 img.kb-inline-image, .wp-block-kadence-advancedheading.kt-adv-heading731_4c10b3-39[data-kb-block=\"kb-adv-heading731_4c10b3-39\"] img.kb-inline-image{width:150px;vertical-align:baseline;}@media all and (max-width: 767px){.wp-block-kadence-advancedheading.kt-adv-heading731_4c10b3-39, .wp-block-kadence-advancedheading.kt-adv-heading731_4c10b3-39[data-kb-block=\"kb-adv-heading731_4c10b3-39\"]{padding-top:0px;padding-right:0px;padding-bottom:0px;padding-left:0px;margin-top:0px;margin-right:0px;margin-bottom:0px;margin-left:0px;font-size:14px;}}<\/style>\n<p class=\"kt-adv-heading731_4c10b3-39 wp-block-kadence-advancedheading\" data-kb-block=\"kb-adv-heading731_4c10b3-39\">V\u00e9rification de l\u2019int\u00e9gralit\u00e9 des paquets composant l\u2019envoi du fournisseur<br>V\u00e9rification de l\u2019absence de d\u00e9t\u00e9rioration de l\u2019emballage<br>Pr\u00e9paration minutieuse de la marchandise pour le transport<br>Livraison jusqu\u2019\u00e0 l\u2019adresse indiqu\u00e9e<br>D\u00e9ballage de la marchandise<br>Contr\u00f4le de la marchandise<br>Montage complet \u00e0 l\u2019endroit choisi par le client<br>Contr\u00f4le qualit\u00e9 et fonctionnement<br>Enl\u00e8vement \/ Reprise \/ Recyclage des d\u00e9chets d\u2019emballage<br>Rappel explicatif de l\u2019ensemble des fonctions et des \u00e9l\u00e9ments de commande<br>Validation de la livraison \/ Signature du client<br>Garantie en cas de dommages dus au montage ou de dommages dus au d\u00e9ballage<\/p>\n<\/div><\/section>\n\n\n\n<section class=\"wp-block-group\"><div class=\"wp-block-group__inner-container is-layout-constrained wp-block-group-is-layout-constrained\"><style>.wp-block-kadence-advancedheading.kt-adv-heading731_a3c0ac-a5, .wp-block-kadence-advancedheading.kt-adv-heading731_a3c0ac-a5[data-kb-block=\"kb-adv-heading731_a3c0ac-a5\"]{font-size:35px;line-height:1.5;font-weight:400;font-style:normal;font-family:'Bodoni Moda';}.wp-block-kadence-advancedheading.kt-adv-heading731_a3c0ac-a5 mark.kt-highlight, .wp-block-kadence-advancedheading.kt-adv-heading731_a3c0ac-a5[data-kb-block=\"kb-adv-heading731_a3c0ac-a5\"] mark.kt-highlight{font-style:normal;color:#f76a0c;-webkit-box-decoration-break:clone;box-decoration-break:clone;padding-top:0px;padding-right:0px;padding-bottom:0px;padding-left:0px;}.wp-block-kadence-advancedheading.kt-adv-heading731_a3c0ac-a5 img.kb-inline-image, .wp-block-kadence-advancedheading.kt-adv-heading731_a3c0ac-a5[data-kb-block=\"kb-adv-heading731_a3c0ac-a5\"] img.kb-inline-image{width:150px;vertical-align:baseline;}@media all and (max-width: 767px){.wp-block-kadence-advancedheading.kt-adv-heading731_a3c0ac-a5, .wp-block-kadence-advancedheading.kt-adv-heading731_a3c0ac-a5[data-kb-block=\"kb-adv-heading731_a3c0ac-a5\"]{font-size:25px;}}<\/style>\n<h2 class=\"kt-adv-heading731_a3c0ac-a5 wp-block-kadence-advancedheading\" data-kb-block=\"kb-adv-heading731_a3c0ac-a5\">Livraison et retrait<br>Service de livraison et de montage par  Logistic SA&nbsp;<\/h2>\n\n\n<style>.wp-block-kadence-advancedheading.kt-adv-heading731_c6ba8a-cd, .wp-block-kadence-advancedheading.kt-adv-heading731_c6ba8a-cd[data-kb-block=\"kb-adv-heading731_c6ba8a-cd\"]{padding-top:var(--global-kb-spacing-sm, 1.5rem);font-size:16px;font-weight:400;font-style:normal;font-family:Roboto;}.wp-block-kadence-advancedheading.kt-adv-heading731_c6ba8a-cd mark.kt-highlight, .wp-block-kadence-advancedheading.kt-adv-heading731_c6ba8a-cd[data-kb-block=\"kb-adv-heading731_c6ba8a-cd\"] mark.kt-highlight{font-style:normal;color:#f76a0c;-webkit-box-decoration-break:clone;box-decoration-break:clone;padding-top:0px;padding-right:0px;padding-bottom:0px;padding-left:0px;}.wp-block-kadence-advancedheading.kt-adv-heading731_c6ba8a-cd img.kb-inline-image, .wp-block-kadence-advancedheading.kt-adv-heading731_c6ba8a-cd[data-kb-block=\"kb-adv-heading731_c6ba8a-cd\"] img.kb-inline-image{width:150px;vertical-align:baseline;}<\/style>\n<p class=\"kt-adv-heading731_c6ba8a-cd wp-block-kadence-advancedheading\" data-kb-block=\"kb-adv-heading731_c6ba8a-cd\">Forfait CHF 100.- par commande. D\u00e8s l\u2019arriv\u00e9e de votre marchandise, notre responsable logistique vous appelle afin de fixer la date et l\u2019heure de la livraison \u00e0 votre convenance. Vous recevez votre marchandise emball\u00e9e directement \u00e0 l\u2019adresse de vos locaux ou de votre domicile.<\/p>\n\n\n<style>.wp-block-kadence-advancedheading.kt-adv-heading731_cfb285-f6, .wp-block-kadence-advancedheading.kt-adv-heading731_cfb285-f6[data-kb-block=\"kb-adv-heading731_cfb285-f6\"]{font-size:16px;font-weight:400;font-style:normal;font-family:Roboto;}.wp-block-kadence-advancedheading.kt-adv-heading731_cfb285-f6 mark.kt-highlight, .wp-block-kadence-advancedheading.kt-adv-heading731_cfb285-f6[data-kb-block=\"kb-adv-heading731_cfb285-f6\"] mark.kt-highlight{font-style:normal;color:#f76a0c;-webkit-box-decoration-break:clone;box-decoration-break:clone;padding-top:0px;padding-right:0px;padding-bottom:0px;padding-left:0px;}.wp-block-kadence-advancedheading.kt-adv-heading731_cfb285-f6 img.kb-inline-image, .wp-block-kadence-advancedheading.kt-adv-heading731_cfb285-f6[data-kb-block=\"kb-adv-heading731_cfb285-f6\"] img.kb-inline-image{width:150px;vertical-align:baseline;}<\/style>\n<p class=\"kt-adv-heading731_cfb285-f6 wp-block-kadence-advancedheading\" data-kb-block=\"kb-adv-heading731_cfb285-f6\">En cas de livraisons dans des r\u00e9gions inaccessibles ou difficilement accessibles (du type \u00ab montagne \u00bb), la livraison se fait jusqu\u2019\u00e0 l\u2019arr\u00eat accessible le plus proche de votre adresse de livraison. Tous les frais en sus, engendr\u00e9s notamment par la location d\u2019\u00e9quipements techniques suppl\u00e9mentaires (de type \u00ab monte-meubles \u00bb, \u00ab grue \u00bb, \u00ab machine sp\u00e9ciale \u00bb, etc\u2026), sont explicitement \u00e0 la charge du client (destinataire de la facture).<\/p>\n\n\n<style>.wp-block-kadence-advancedheading.kt-adv-heading731_368cbd-1e, .wp-block-kadence-advancedheading.kt-adv-heading731_368cbd-1e[data-kb-block=\"kb-adv-heading731_368cbd-1e\"]{font-size:16px;font-weight:400;font-style:normal;font-family:Roboto;}.wp-block-kadence-advancedheading.kt-adv-heading731_368cbd-1e mark.kt-highlight, .wp-block-kadence-advancedheading.kt-adv-heading731_368cbd-1e[data-kb-block=\"kb-adv-heading731_368cbd-1e\"] mark.kt-highlight{font-style:normal;color:#f76a0c;-webkit-box-decoration-break:clone;box-decoration-break:clone;padding-top:0px;padding-right:0px;padding-bottom:0px;padding-left:0px;}.wp-block-kadence-advancedheading.kt-adv-heading731_368cbd-1e img.kb-inline-image, .wp-block-kadence-advancedheading.kt-adv-heading731_368cbd-1e[data-kb-block=\"kb-adv-heading731_368cbd-1e\"] img.kb-inline-image{width:150px;vertical-align:baseline;}<\/style>\n<p class=\"kt-adv-heading731_368cbd-1e wp-block-kadence-advancedheading\" data-kb-block=\"kb-adv-heading731_368cbd-1e\">Informations de contact:<br> Logistique SA<br>En Budron A14<br>CH-1052 Le Mont sur Lausanne<br> 021 731 58 11<\/p>\n\n\n<style>.wp-block-kadence-advancedheading.kt-adv-heading731_fbe457-24, .wp-block-kadence-advancedheading.kt-adv-heading731_fbe457-24[data-kb-block=\"kb-adv-heading731_fbe457-24\"]{font-size:16px;font-weight:400;font-style:normal;font-family:Roboto;}.wp-block-kadence-advancedheading.kt-adv-heading731_fbe457-24 mark.kt-highlight, .wp-block-kadence-advancedheading.kt-adv-heading731_fbe457-24[data-kb-block=\"kb-adv-heading731_fbe457-24\"] mark.kt-highlight{font-style:normal;color:#f76a0c;-webkit-box-decoration-break:clone;box-decoration-break:clone;padding-top:0px;padding-right:0px;padding-bottom:0px;padding-left:0px;}.wp-block-kadence-advancedheading.kt-adv-heading731_fbe457-24 img.kb-inline-image, .wp-block-kadence-advancedheading.kt-adv-heading731_fbe457-24[data-kb-block=\"kb-adv-heading731_fbe457-24\"] img.kb-inline-image{width:150px;vertical-align:baseline;}<\/style>\n<p class=\"kt-adv-heading731_fbe457-24 wp-block-kadence-advancedheading\" data-kb-block=\"kb-adv-heading731_fbe457-24\"><strong>Enl\u00e8vement en magasin : CHF 0.\u2013 \/ gratuit<\/strong><\/p>\n\n\n<style>.wp-block-kadence-advancedheading.kt-adv-heading731_49cd19-af, .wp-block-kadence-advancedheading.kt-adv-heading731_49cd19-af[data-kb-block=\"kb-adv-heading731_49cd19-af\"]{font-size:16px;font-weight:400;font-style:normal;font-family:Roboto;}.wp-block-kadence-advancedheading.kt-adv-heading731_49cd19-af mark.kt-highlight, .wp-block-kadence-advancedheading.kt-adv-heading731_49cd19-af[data-kb-block=\"kb-adv-heading731_49cd19-af\"] mark.kt-highlight{font-style:normal;color:#f76a0c;-webkit-box-decoration-break:clone;box-decoration-break:clone;padding-top:0px;padding-right:0px;padding-bottom:0px;padding-left:0px;}.wp-block-kadence-advancedheading.kt-adv-heading731_49cd19-af img.kb-inline-image, .wp-block-kadence-advancedheading.kt-adv-heading731_49cd19-af[data-kb-block=\"kb-adv-heading731_49cd19-af\"] img.kb-inline-image{width:150px;vertical-align:baseline;}<\/style>\n<p class=\"kt-adv-heading731_49cd19-af wp-block-kadence-advancedheading\" data-kb-block=\"kb-adv-heading731_49cd19-af\">Une solution rapide et simple pour les commandes peu encombrantes !<\/p>\n\n\n<style>.wp-block-kadence-advancedheading.kt-adv-heading731_e049cc-7e, .wp-block-kadence-advancedheading.kt-adv-heading731_e049cc-7e[data-kb-block=\"kb-adv-heading731_e049cc-7e\"]{font-size:16px;font-weight:400;font-style:normal;font-family:Roboto;}.wp-block-kadence-advancedheading.kt-adv-heading731_e049cc-7e mark.kt-highlight, .wp-block-kadence-advancedheading.kt-adv-heading731_e049cc-7e[data-kb-block=\"kb-adv-heading731_e049cc-7e\"] mark.kt-highlight{font-style:normal;color:#f76a0c;-webkit-box-decoration-break:clone;box-decoration-break:clone;padding-top:0px;padding-right:0px;padding-bottom:0px;padding-left:0px;}.wp-block-kadence-advancedheading.kt-adv-heading731_e049cc-7e img.kb-inline-image, .wp-block-kadence-advancedheading.kt-adv-heading731_e049cc-7e[data-kb-block=\"kb-adv-heading731_e049cc-7e\"] img.kb-inline-image{width:150px;vertical-align:baseline;}<\/style>\n<p class=\"kt-adv-heading731_e049cc-7e wp-block-kadence-advancedheading\" data-kb-block=\"kb-adv-heading731_e049cc-7e\">Cette option est particuli\u00e8rement recommand\u00e9e pour les commandes d\u2019articles de petites tailles et\/ou ne n\u00e9cessitant pas de montage sp\u00e9cifique.<\/p>\n\n\n<style>.wp-block-kadence-advancedheading.kt-adv-heading731_117d32-0e, .wp-block-kadence-advancedheading.kt-adv-heading731_117d32-0e[data-kb-block=\"kb-adv-heading731_117d32-0e\"]{font-size:16px;font-weight:400;font-style:normal;font-family:Roboto;}.wp-block-kadence-advancedheading.kt-adv-heading731_117d32-0e mark.kt-highlight, .wp-block-kadence-advancedheading.kt-adv-heading731_117d32-0e[data-kb-block=\"kb-adv-heading731_117d32-0e\"] mark.kt-highlight{font-style:normal;color:#f76a0c;-webkit-box-decoration-break:clone;box-decoration-break:clone;padding-top:0px;padding-right:0px;padding-bottom:0px;padding-left:0px;}.wp-block-kadence-advancedheading.kt-adv-heading731_117d32-0e img.kb-inline-image, .wp-block-kadence-advancedheading.kt-adv-heading731_117d32-0e[data-kb-block=\"kb-adv-heading731_117d32-0e\"] img.kb-inline-image{width:150px;vertical-align:baseline;}<\/style>\n<p class=\"kt-adv-heading731_117d32-0e wp-block-kadence-advancedheading\" data-kb-block=\"kb-adv-heading731_117d32-0e\">Vous choisissez de venir retirer vos articles en toute simplicit\u00e9 \u2013 sur rendez-vous \u2013 en magasin au Mont-sur-Lausanne. Nous vous contacterons d\u00e8s la r\u00e9ception de votre marchandise afin de fixer la date et l\u2019heure du retrait.:<\/p>\n\n\n<style>.wp-block-kadence-advancedheading.kt-adv-heading731_619a52-6b, .wp-block-kadence-advancedheading.kt-adv-heading731_619a52-6b[data-kb-block=\"kb-adv-heading731_619a52-6b\"]{font-size:16px;font-weight:400;font-style:normal;font-family:Roboto;}.wp-block-kadence-advancedheading.kt-adv-heading731_619a52-6b mark.kt-highlight, .wp-block-kadence-advancedheading.kt-adv-heading731_619a52-6b[data-kb-block=\"kb-adv-heading731_619a52-6b\"] mark.kt-highlight{font-style:normal;color:#f76a0c;-webkit-box-decoration-break:clone;box-decoration-break:clone;padding-top:0px;padding-right:0px;padding-bottom:0px;padding-left:0px;}.wp-block-kadence-advancedheading.kt-adv-heading731_619a52-6b img.kb-inline-image, .wp-block-kadence-advancedheading.kt-adv-heading731_619a52-6b[data-kb-block=\"kb-adv-heading731_619a52-6b\"] img.kb-inline-image{width:150px;vertical-align:baseline;}<\/style>\n<p class=\"kt-adv-heading731_619a52-6b wp-block-kadence-advancedheading\" data-kb-block=\"kb-adv-heading731_619a52-6b\">Informations de contact:<br>Logistique SA<br>En Budron A14<br>CH-1052 Le Mont sur Lausanne<br> 021 731 58 11<\/p>\n\n\n<style>.wp-block-kadence-advancedheading.kt-adv-heading731_05f987-76, .wp-block-kadence-advancedheading.kt-adv-heading731_05f987-76[data-kb-block=\"kb-adv-heading731_05f987-76\"]{font-size:16px;font-weight:400;font-style:normal;font-family:Roboto;}.wp-block-kadence-advancedheading.kt-adv-heading731_05f987-76 mark.kt-highlight, .wp-block-kadence-advancedheading.kt-adv-heading731_05f987-76[data-kb-block=\"kb-adv-heading731_05f987-76\"] mark.kt-highlight{font-style:normal;color:#f76a0c;-webkit-box-decoration-break:clone;box-decoration-break:clone;padding-top:0px;padding-right:0px;padding-bottom:0px;padding-left:0px;}.wp-block-kadence-advancedheading.kt-adv-heading731_05f987-76 img.kb-inline-image, .wp-block-kadence-advancedheading.kt-adv-heading731_05f987-76[data-kb-block=\"kb-adv-heading731_05f987-76\"] img.kb-inline-image{width:150px;vertical-align:baseline;}<\/style>\n<p class=\"kt-adv-heading731_05f987-76 wp-block-kadence-advancedheading\" data-kb-block=\"kb-adv-heading731_05f987-76\">Cette tarification s\u2019applique \u00e0 toute livraison devant \u00eatre effectu\u00e9e en Suisse (nous ne livrons pas \u00e0 l\u2019\u00e9tranger).<\/p>\n\n\n<style>.wp-block-kadence-advancedheading.kt-adv-heading731_86109f-74, .wp-block-kadence-advancedheading.kt-adv-heading731_86109f-74[data-kb-block=\"kb-adv-heading731_86109f-74\"]{font-size:16px;font-weight:400;font-style:normal;font-family:Roboto;}.wp-block-kadence-advancedheading.kt-adv-heading731_86109f-74 mark.kt-highlight, .wp-block-kadence-advancedheading.kt-adv-heading731_86109f-74[data-kb-block=\"kb-adv-heading731_86109f-74\"] mark.kt-highlight{font-style:normal;color:#f76a0c;-webkit-box-decoration-break:clone;box-decoration-break:clone;padding-top:0px;padding-right:0px;padding-bottom:0px;padding-left:0px;}.wp-block-kadence-advancedheading.kt-adv-heading731_86109f-74 img.kb-inline-image, .wp-block-kadence-advancedheading.kt-adv-heading731_86109f-74[data-kb-block=\"kb-adv-heading731_86109f-74\"] img.kb-inline-image{width:150px;vertical-align:baseline;}<\/style>\n<p class=\"kt-adv-heading731_86109f-74 wp-block-kadence-advancedheading\" data-kb-block=\"kb-adv-heading731_86109f-74\">Pour des informations compl\u00e9mentaires, veuillez-vous r\u00e9f\u00e9rer aux <a href=\"https:\/\/formagraph-exercice.fr\/kogler-office\/mentions-legales\/\" title=\"Conditions G\u00e9n\u00e9rales de vente\">Conditions G\u00e9n\u00e9rales de vente<\/a>&nbsp;(CG) de vente de Kogler Office.<\/p>\n<\/div><\/section>\n","protected":false},"excerpt":{"rendered":"<p>Livraison &amp; montage Kogler Office dispose de sa propre soci\u00e9t\u00e9 de logistique : Logistic SA. Elle livre nos clients dans toute la Suisse, pour notre plus grande satisfaction. Logistic se charge de l\u2019entier du processus d\u2019acheminement de vos produits, depuis notre centrale d\u2019entreposage jusqu\u2019au montage des produits dans vos locaux ou \u00e0 votre domicile. Avant&#8230;<\/p>\n","protected":false},"author":1,"featured_media":0,"parent":0,"menu_order":0,"comment_status":"closed","ping_status":"closed","template":"","meta":{"_kad_post_transparent":"","_kad_post_title":"","_kad_post_layout":"","_kad_post_sidebar_id":"","_kad_post_content_style":"","_kad_post_vertical_padding":"","_kad_post_feature":"","_kad_post_feature_position":"","_kad_post_header":false,"_kad_post_footer":false,"footnotes":""},"class_list":["post-731","page","type-page","status-publish","hentry"],"aioseo_notices":[],"_links":{"self":[{"href":"https:\/\/formagraph-exercice.fr\/kogler-office\/wp-json\/wp\/v2\/pages\/731","targetHints":{"allow":["GET"]}}],"collection":[{"href":"https:\/\/formagraph-exercice.fr\/kogler-office\/wp-json\/wp\/v2\/pages"}],"about":[{"href":"https:\/\/formagraph-exercice.fr\/kogler-office\/wp-json\/wp\/v2\/types\/page"}],"author":[{"embeddable":true,"href":"https:\/\/formagraph-exercice.fr\/kogler-office\/wp-json\/wp\/v2\/users\/1"}],"replies":[{"embeddable":true,"href":"https:\/\/formagraph-exercice.fr\/kogler-office\/wp-json\/wp\/v2\/comments?post=731"}],"version-history":[{"count":31,"href":"https:\/\/formagraph-exercice.fr\/kogler-office\/wp-json\/wp\/v2\/pages\/731\/revisions"}],"predecessor-version":[{"id":2554,"href":"https:\/\/formagraph-exercice.fr\/kogler-office\/wp-json\/wp\/v2\/pages\/731\/revisions\/2554"}],"wp:attachment":[{"href":"https:\/\/formagraph-exercice.fr\/kogler-office\/wp-json\/wp\/v2\/media?parent=731"}],"curies":[{"name":"wp","href":"https:\/\/api.w.org\/{rel}","templated":true}]}}