{"id":969,"date":"2025-03-25T13:07:53","date_gmt":"2025-03-25T12:07:53","guid":{"rendered":"http:\/\/hongdae-station.fr\/?post_type=product&#038;p=969"},"modified":"2025-03-25T13:07:53","modified_gmt":"2025-03-25T12:07:53","slug":"porte-cle","status":"publish","type":"product","link":"https:\/\/formagraph-exercice.fr\/hongdae-station\/produit\/porte-cle\/","title":{"rendered":"Porte-cl\u00e9"},"content":{"rendered":"<p data-pm-slice=\"1 1 []\">Ajoutez une touche de Cor\u00e9e \u00e0 votre quotidien avec nos porte-cl\u00e9s en alliage de zinc et acrylique r\u00e9sistant.<\/p>\n<p data-pm-slice=\"1 1 []\">ENTRETIEN<\/p>\n<p>Nettoyer avec un chiffon doux<\/p>\n<p>\u00c9viter le contact prolong\u00e9 avec l\u2019eau<\/p>\n<p>Ranger \u00e0 l\u2019abri de l\u2019humidit\u00e9 pour pr\u00e9server la couleur<\/p>\n","protected":false},"excerpt":{"rendered":"<p data-pm-slice=\"1 1 [&quot;list&quot;,{&quot;spread&quot;:false,&quot;start&quot;:458,&quot;end&quot;:643},&quot;regular_list_item&quot;,{&quot;start&quot;:513,&quot;end&quot;:543}]\">4 cm x 6 cm<\/p>\n","protected":false},"featured_media":970,"comment_status":"open","ping_status":"closed","template":"","meta":{"_kad_post_transparent":"default","_kad_post_title":"","_kad_post_layout":"default","_kad_post_sidebar_id":"","_kad_post_content_style":"default","_kad_post_vertical_padding":"default","_kad_post_feature":"","_kad_post_feature_position":"","_kad_post_header":false,"_kad_post_footer":false},"product_brand":[],"product_cat":[25],"product_tag":[],"class_list":{"0":"post-969","1":"product","2":"type-product","3":"status-publish","4":"has-post-thumbnail","6":"product_cat-notre-collection","8":"first","9":"instock","10":"shipping-taxable","11":"purchasable","12":"product-type-variable","13":"entry","14":"content-bg","15":"loop-entry"},"aioseo_notices":[],"_links":{"self":[{"href":"https:\/\/formagraph-exercice.fr\/hongdae-station\/wp-json\/wp\/v2\/product\/969","targetHints":{"allow":["GET"]}}],"collection":[{"href":"https:\/\/formagraph-exercice.fr\/hongdae-station\/wp-json\/wp\/v2\/product"}],"about":[{"href":"https:\/\/formagraph-exercice.fr\/hongdae-station\/wp-json\/wp\/v2\/types\/product"}],"replies":[{"embeddable":true,"href":"https:\/\/formagraph-exercice.fr\/hongdae-station\/wp-json\/wp\/v2\/comments?post=969"}],"wp:featuredmedia":[{"embeddable":true,"href":"https:\/\/formagraph-exercice.fr\/hongdae-station\/wp-json\/wp\/v2\/media\/970"}],"wp:attachment":[{"href":"https:\/\/formagraph-exercice.fr\/hongdae-station\/wp-json\/wp\/v2\/media?parent=969"}],"wp:term":[{"taxonomy":"product_brand","embeddable":true,"href":"https:\/\/formagraph-exercice.fr\/hongdae-station\/wp-json\/wp\/v2\/product_brand?post=969"},{"taxonomy":"product_cat","embeddable":true,"href":"https:\/\/formagraph-exercice.fr\/hongdae-station\/wp-json\/wp\/v2\/product_cat?post=969"},{"taxonomy":"product_tag","embeddable":true,"href":"https:\/\/formagraph-exercice.fr\/hongdae-station\/wp-json\/wp\/v2\/product_tag?post=969"}],"curies":[{"name":"wp","href":"https:\/\/api.w.org\/{rel}","templated":true}]}}