{"id":814,"date":"2025-03-17T16:49:09","date_gmt":"2025-03-17T15:49:09","guid":{"rendered":"http:\/\/hongdae-station.fr\/?post_type=product&#038;p=814"},"modified":"2025-03-19T15:11:10","modified_gmt":"2025-03-19T14:11:10","slug":"stray-kids-skzhop-hiptape-hop-hiptape-ver","status":"publish","type":"product","link":"https:\/\/formagraph-exercice.fr\/hongdae-station\/produit\/stray-kids-skzhop-hiptape-hop-hiptape-ver\/","title":{"rendered":"STRAY KIDS &#8211; &lsquo;HOP&rsquo; (HIPTAPE Ver.)"},"content":{"rendered":"<div class=\"Am aiL Al editable LW-avf tS-tW tS-tY\">\n<h2><span style=\"font-size: 35px;\">STRAY KIDS &#8211; &lsquo;HOP&rsquo; (HIPTAPE Ver.)<\/span><\/h2>\n<p>&nbsp;<\/p>\n<\/div>\n<h4><span style=\"font-family: caraque-solid, sans-serif; color: #000000;\">PRODUIT<\/span><\/h4>\n<p><span style=\"font-family: caraque-solid, sans-serif;\"><strong>Type<\/strong><\/span> : CD<\/p>\n<p><span style=\"font-family: caraque-solid, sans-serif;\"><strong>Import<\/strong><\/span> : Cor\u00e9e<\/p>\n<p><span style=\"font-family: caraque-solid, sans-serif;\"><strong>Langue<\/strong><\/span> : Cor\u00e9en<\/p>\n<h4><span style=\"font-family: caraque-solid, sans-serif; color: #000000;\">CONTENU<\/span><\/h4>\n<p>&#8211; 1 Photobook (60 pages)<br \/>\n&#8211; 1 Livre CD<br \/>\n&#8211; 1 CD<br \/>\n&#8211; 1 Photocard (al\u00e9atoire parmi 8)<br \/>\n&#8211; 1 Feuille \u00e0 stickers<br \/>\n&#8211; 1 Mini Poster<br \/>\n&#8211; 1 Photocard Unit (al\u00e9atoire parmi 4)<br \/>\n&#8211; 1 Set de 4 Trading Cards (al\u00e9atoire parmi 4 sets) (VERSION HIPTAPE UNIQUEMENT)<br \/>\n&#8211; 1 Photo 4Cuts (VERSION HIPTAPE UNIQUEMENT)<\/p>\n<h4><span style=\"font-family: caraque-solid, sans-serif; color: #000000;\">TRACKLIST<\/span><\/h4>\n<p>01. Walkin On Water<br \/>\n02. Bounce Back<br \/>\n03. U (feat. TABLO)<br \/>\n04. Walkin On Water (HIP Ver.)<br \/>\n05. Railway (Bang Chan)<br \/>\n06. Unfair (Felix)<br \/>\n07. HALLUCINATION (I.N)<br \/>\n08. Youth (Lee Know)<br \/>\n09. So Good (Hyunjin)<br \/>\n10. Ultra (Changbin)<br \/>\n11. Hold my hand (Han)<br \/>\n12. As We Are (Seungmin)<\/p>\n<p><img loading=\"lazy\" decoding=\"async\" class=\"alignnone wp-image-815 size-full\" src=\"https:\/\/formagraph-exercice.fr\/hongdae-station\/wp-content\/uploads\/2025\/03\/stray_kids_hop_hiptape_details-scaled.jpg\" alt=\"\" width=\"1105\" height=\"2560\" srcset=\"https:\/\/formagraph-exercice.fr\/hongdae-station\/wp-content\/uploads\/2025\/03\/stray_kids_hop_hiptape_details-scaled.jpg 1105w, https:\/\/formagraph-exercice.fr\/hongdae-station\/wp-content\/uploads\/2025\/03\/stray_kids_hop_hiptape_details-scaled-129x300.jpg 129w, https:\/\/formagraph-exercice.fr\/hongdae-station\/wp-content\/uploads\/2025\/03\/stray_kids_hop_hiptape_details-scaled-442x1024.jpg 442w, https:\/\/formagraph-exercice.fr\/hongdae-station\/wp-content\/uploads\/2025\/03\/stray_kids_hop_hiptape_details-scaled-768x1779.jpg 768w, https:\/\/formagraph-exercice.fr\/hongdae-station\/wp-content\/uploads\/2025\/03\/stray_kids_hop_hiptape_details-scaled-663x1536.jpg 663w, https:\/\/formagraph-exercice.fr\/hongdae-station\/wp-content\/uploads\/2025\/03\/stray_kids_hop_hiptape_details-scaled-884x2048.jpg 884w, https:\/\/formagraph-exercice.fr\/hongdae-station\/wp-content\/uploads\/2025\/03\/stray_kids_hop_hiptape_details-scaled-600x1390.jpg 600w, https:\/\/formagraph-exercice.fr\/hongdae-station\/wp-content\/uploads\/2025\/03\/stray_kids_hop_hiptape_details-scaled-64x148.jpg 64w\" sizes=\"auto, (max-width: 1105px) 100vw, 1105px\" \/><\/p>\n<p>&nbsp;<\/p>\n","protected":false},"excerpt":{"rendered":"<p>Stray Kids repoussent une fois de plus les limites de la cr\u00e9ativit\u00e9 en d\u00e9finissant leur propre genre musical avec <span style=\"font-family: caraque-solid, sans-serif; color: #d64f3e;\"><em><strong>SKZHOP HIPTAPE \u00ab\u00a0HOP\u00a0\u00bb<\/strong><\/em><\/span>, une ode au hip-hop. \u00ab\u00a0<em>SKZHOP<\/em>\u00a0\u00bb \u2013 abr\u00e9viation de SKZ (Stray Kids) et HIP-HOP \u2013 incarne l\u2019essence de leur cr\u00e9ativit\u00e9 et de leur originalit\u00e9 musicale.<\/p>\n<p>Compos\u00e9 de 12 morceaux, cet album promet de belles surprises. Parmi elles, trois titres \u00e9crits et compos\u00e9s par 3RACHA, l\u2019unit\u00e9 rap embl\u00e9matique du groupe, dont \u00ab\u00a0<em>U<\/em>\u00ab\u00a0, en collaboration avec TABLO d\u2019Epik High, rappeur iconique du hip-hop cor\u00e9en. On y d\u00e9couvre \u00e9galement une facette plus personnelle de chaque membre \u00e0 travers 8 chansons solo, mettant en lumi\u00e8re leurs talents individuels.<\/p>\n","protected":false},"featured_media":833,"comment_status":"open","ping_status":"closed","template":"","meta":{"_kad_post_transparent":"default","_kad_post_title":"","_kad_post_layout":"default","_kad_post_sidebar_id":"","_kad_post_content_style":"default","_kad_post_vertical_padding":"default","_kad_post_feature":"","_kad_post_feature_position":"","_kad_post_header":false,"_kad_post_footer":false},"product_brand":[],"product_cat":[24],"product_tag":[],"class_list":{"0":"post-814","1":"product","2":"type-product","3":"status-publish","4":"has-post-thumbnail","6":"product_cat-les-albums","8":"first","9":"instock","10":"shipping-taxable","11":"purchasable","12":"product-type-simple","13":"entry","14":"content-bg","15":"loop-entry"},"aioseo_notices":[],"_links":{"self":[{"href":"https:\/\/formagraph-exercice.fr\/hongdae-station\/wp-json\/wp\/v2\/product\/814","targetHints":{"allow":["GET"]}}],"collection":[{"href":"https:\/\/formagraph-exercice.fr\/hongdae-station\/wp-json\/wp\/v2\/product"}],"about":[{"href":"https:\/\/formagraph-exercice.fr\/hongdae-station\/wp-json\/wp\/v2\/types\/product"}],"replies":[{"embeddable":true,"href":"https:\/\/formagraph-exercice.fr\/hongdae-station\/wp-json\/wp\/v2\/comments?post=814"}],"wp:featuredmedia":[{"embeddable":true,"href":"https:\/\/formagraph-exercice.fr\/hongdae-station\/wp-json\/wp\/v2\/media\/833"}],"wp:attachment":[{"href":"https:\/\/formagraph-exercice.fr\/hongdae-station\/wp-json\/wp\/v2\/media?parent=814"}],"wp:term":[{"taxonomy":"product_brand","embeddable":true,"href":"https:\/\/formagraph-exercice.fr\/hongdae-station\/wp-json\/wp\/v2\/product_brand?post=814"},{"taxonomy":"product_cat","embeddable":true,"href":"https:\/\/formagraph-exercice.fr\/hongdae-station\/wp-json\/wp\/v2\/product_cat?post=814"},{"taxonomy":"product_tag","embeddable":true,"href":"https:\/\/formagraph-exercice.fr\/hongdae-station\/wp-json\/wp\/v2\/product_tag?post=814"}],"curies":[{"name":"wp","href":"https:\/\/api.w.org\/{rel}","templated":true}]}}