{"id":1494,"date":"2026-01-14T17:52:51","date_gmt":"2026-01-14T16:52:51","guid":{"rendered":"https:\/\/formagraph-exercice.fr\/comics-corner-box\/?post_type=product&#038;p=1494"},"modified":"2026-01-26T22:13:48","modified_gmt":"2026-01-26T21:13:48","slug":"all-star-superman","status":"publish","type":"product","link":"https:\/\/formagraph-exercice.fr\/comics-corner-box\/?product=all-star-superman","title":{"rendered":"All-Star Superman &#8211; \u00e9dition sp\u00e9ciale"},"content":{"rendered":"<p>ALL-STAR SUPERMAN \u00c9dition Sp\u00e9ciale 2025 propose le r\u00e9cit culte de Grant MORRISON et Frank QUITELY dans un nouvel \u00e9crin, avec une couverture exclusive \u00e0 l&rsquo;\u00e9dition fran\u00e7aise sur papier teint\u00e9 Wibalin, un vernis s\u00e9lectif venant enrichir le dessin, et un ex-libris d&rsquo;une illustration iconique de la s\u00e9rie.<\/p>\n<p>R\u00e9cit fondateur sur l&rsquo;Homme d&rsquo;Acier, ALL-STAR SUPERMAN pr\u00e9sente une version du personnage condamn\u00e9 \u00e0 mourir. R\u00e9solument tourn\u00e9 vers l&rsquo;espoir, il d\u00e9cide de consacrer les jours qui lui restent \u00e0 la r\u00e9alisation de douze travaux surhumains, afin de laisser un legs in\u00e9dit \u00e0 sa plan\u00e8te d&rsquo;adoption. Les th\u00e9matiques humanistes de ce titre ont \u00e9galement servi d&rsquo;inspiration au prochain film Superman, qui verra le premier des super-h\u00e9ros retrouver le chemin des salles sombres en juillet prochain. Il inaugure donc tout naturellement cette nouvelle initiative \u00e9ditoriale, appel\u00e9e \u00e0 mettre en valeur les r\u00e9cits immanquables et fondateurs du DCU de James GUNN.<\/p>\n","protected":false},"excerpt":{"rendered":"<p>All-Star Superman montre un Homme d\u2019Acier condamn\u00e9, d\u00e9cid\u00e9 \u00e0 accomplir douze travaux pour laisser un h\u00e9ritage d\u2019espoir \u00e0 sa plan\u00e8te d\u2019adoption.<\/p>\n","protected":false},"featured_media":1437,"comment_status":"open","ping_status":"closed","template":"","meta":{"_kad_post_transparent":"default","_kad_post_title":"","_kad_post_layout":"default","_kad_post_sidebar_id":"","_kad_post_content_style":"default","_kad_post_vertical_padding":"default","_kad_post_feature":"","_kad_post_feature_position":"","_kad_post_header":false,"_kad_post_footer":false,"_kad_post_classname":""},"product_brand":[83],"product_cat":[26],"product_tag":[],"class_list":{"0":"post-1494","1":"product","2":"type-product","3":"status-publish","4":"has-post-thumbnail","6":"product_brand-urban-comics","7":"product_cat-dc-comics","8":"pa_heros-superman","10":"first","11":"instock","12":"taxable","13":"shipping-taxable","14":"product-type-simple","15":"entry","16":"content-bg","17":"loop-entry"},"aioseo_notices":[],"_links":{"self":[{"href":"https:\/\/formagraph-exercice.fr\/comics-corner-box\/index.php?rest_route=\/wp\/v2\/product\/1494","targetHints":{"allow":["GET"]}}],"collection":[{"href":"https:\/\/formagraph-exercice.fr\/comics-corner-box\/index.php?rest_route=\/wp\/v2\/product"}],"about":[{"href":"https:\/\/formagraph-exercice.fr\/comics-corner-box\/index.php?rest_route=\/wp\/v2\/types\/product"}],"replies":[{"embeddable":true,"href":"https:\/\/formagraph-exercice.fr\/comics-corner-box\/index.php?rest_route=%2Fwp%2Fv2%2Fcomments&post=1494"}],"wp:featuredmedia":[{"embeddable":true,"href":"https:\/\/formagraph-exercice.fr\/comics-corner-box\/index.php?rest_route=\/wp\/v2\/media\/1437"}],"wp:attachment":[{"href":"https:\/\/formagraph-exercice.fr\/comics-corner-box\/index.php?rest_route=%2Fwp%2Fv2%2Fmedia&parent=1494"}],"wp:term":[{"taxonomy":"product_brand","embeddable":true,"href":"https:\/\/formagraph-exercice.fr\/comics-corner-box\/index.php?rest_route=%2Fwp%2Fv2%2Fproduct_brand&post=1494"},{"taxonomy":"product_cat","embeddable":true,"href":"https:\/\/formagraph-exercice.fr\/comics-corner-box\/index.php?rest_route=%2Fwp%2Fv2%2Fproduct_cat&post=1494"},{"taxonomy":"product_tag","embeddable":true,"href":"https:\/\/formagraph-exercice.fr\/comics-corner-box\/index.php?rest_route=%2Fwp%2Fv2%2Fproduct_tag&post=1494"}],"curies":[{"name":"wp","href":"https:\/\/api.w.org\/{rel}","templated":true}]}}