{"id":1241,"date":"2025-12-26T16:09:21","date_gmt":"2025-12-26T15:09:21","guid":{"rendered":"https:\/\/formagraph-exercice.fr\/comics-corner-box\/?post_type=product&#038;p=1241"},"modified":"2026-01-26T22:20:10","modified_gmt":"2026-01-26T21:20:10","slug":"absolute-power-tome-1","status":"publish","type":"product","link":"https:\/\/formagraph-exercice.fr\/comics-corner-box\/?product=absolute-power-tome-1","title":{"rendered":"Absolute Power tome 1"},"content":{"rendered":"<p>Peu d&rsquo;\u00eatre humains ont su tenir t\u00eate aux super-h\u00e9ros avec autant de z\u00e8le et de d\u00e9termination qu&rsquo;Amanda Waller. Apr\u00e8s une carri\u00e8re de machinations, et gr\u00e2ce \u00e0 la puissance combin\u00e9e de l&rsquo;inarr\u00eatable Failsafe et de la gla\u00e7ante Reine Brainiac, Waller a finalement atteint son but : priver tous les h\u00e9ros et vilains de la plan\u00e8te Terre de leurs capacit\u00e9s m\u00e9tahumaines.<\/p>\n<p>Alors que le chaos inonde les rues et qu&rsquo;une vaste campagne de d\u00e9sinformation fait basculer l&rsquo;opinion publique de son c\u00f4t\u00e9, la fondatrice de la Suicide Squad d\u00e9clenche une v\u00e9ritable guerre \u00e9clair pour faire tomber tous les super-h\u00e9ros, les uns apr\u00e8s les autres. En ces heures sombres, une r\u00e9sistance se forme&#8230; mais ces h\u00e9ros impuissants peuvent-ils vraiment vaincre la Trinit\u00e9 du Mal et leurs implacables sbires ?<\/p>\n","protected":false},"excerpt":{"rendered":"<p><span style=\"font-weight: 400;\">Apr\u00e8s une carri\u00e8re de machinations, Waller a finalement atteint son but : priver tous les h\u00e9ros et vilains de la plan\u00e8te Terre de leurs capacit\u00e9s m\u00e9tahumaines.<\/span><\/p>\n","protected":false},"featured_media":1436,"comment_status":"open","ping_status":"closed","template":"","meta":{"_kad_post_transparent":"default","_kad_post_title":"","_kad_post_layout":"default","_kad_post_sidebar_id":"","_kad_post_content_style":"default","_kad_post_vertical_padding":"default","_kad_post_feature":"","_kad_post_feature_position":"","_kad_post_header":false,"_kad_post_footer":false,"_kad_post_classname":""},"product_brand":[83],"product_cat":[26],"product_tag":[87],"class_list":{"0":"post-1241","1":"product","2":"type-product","3":"status-publish","4":"has-post-thumbnail","6":"product_brand-urban-comics","7":"product_cat-dc-comics","8":"product_tag-dc-infinite","9":"pa_heros-justice-league","11":"first","12":"instock","13":"taxable","14":"shipping-taxable","15":"purchasable","16":"product-type-simple","17":"entry","18":"content-bg","19":"loop-entry"},"aioseo_notices":[],"_links":{"self":[{"href":"https:\/\/formagraph-exercice.fr\/comics-corner-box\/index.php?rest_route=\/wp\/v2\/product\/1241","targetHints":{"allow":["GET"]}}],"collection":[{"href":"https:\/\/formagraph-exercice.fr\/comics-corner-box\/index.php?rest_route=\/wp\/v2\/product"}],"about":[{"href":"https:\/\/formagraph-exercice.fr\/comics-corner-box\/index.php?rest_route=\/wp\/v2\/types\/product"}],"replies":[{"embeddable":true,"href":"https:\/\/formagraph-exercice.fr\/comics-corner-box\/index.php?rest_route=%2Fwp%2Fv2%2Fcomments&post=1241"}],"wp:featuredmedia":[{"embeddable":true,"href":"https:\/\/formagraph-exercice.fr\/comics-corner-box\/index.php?rest_route=\/wp\/v2\/media\/1436"}],"wp:attachment":[{"href":"https:\/\/formagraph-exercice.fr\/comics-corner-box\/index.php?rest_route=%2Fwp%2Fv2%2Fmedia&parent=1241"}],"wp:term":[{"taxonomy":"product_brand","embeddable":true,"href":"https:\/\/formagraph-exercice.fr\/comics-corner-box\/index.php?rest_route=%2Fwp%2Fv2%2Fproduct_brand&post=1241"},{"taxonomy":"product_cat","embeddable":true,"href":"https:\/\/formagraph-exercice.fr\/comics-corner-box\/index.php?rest_route=%2Fwp%2Fv2%2Fproduct_cat&post=1241"},{"taxonomy":"product_tag","embeddable":true,"href":"https:\/\/formagraph-exercice.fr\/comics-corner-box\/index.php?rest_route=%2Fwp%2Fv2%2Fproduct_tag&post=1241"}],"curies":[{"name":"wp","href":"https:\/\/api.w.org\/{rel}","templated":true}]}}