{"id":210,"date":"2025-06-26T01:20:02","date_gmt":"2025-06-25T23:20:02","guid":{"rendered":"https:\/\/formagraph-exercice.fr\/coffe-art\/?page_id=210"},"modified":"2025-06-26T09:55:10","modified_gmt":"2025-06-26T07:55:10","slug":"mentions-legales","status":"publish","type":"page","link":"https:\/\/formagraph-exercice.fr\/coffe-art\/mentions-legales\/","title":{"rendered":"Mentions l\u00e9gales"},"content":{"rendered":"<style>.wp-block-kadence-advancedheading.kt-adv-heading210_68846d-8a, .wp-block-kadence-advancedheading.kt-adv-heading210_68846d-8a[data-kb-block=\"kb-adv-heading210_68846d-8a\"]{font-style:normal;}.wp-block-kadence-advancedheading.kt-adv-heading210_68846d-8a mark.kt-highlight, .wp-block-kadence-advancedheading.kt-adv-heading210_68846d-8a[data-kb-block=\"kb-adv-heading210_68846d-8a\"] mark.kt-highlight{font-style:normal;color:#f76a0c;-webkit-box-decoration-break:clone;box-decoration-break:clone;padding-top:0px;padding-right:0px;padding-bottom:0px;padding-left:0px;}.wp-block-kadence-advancedheading.kt-adv-heading210_68846d-8a img.kb-inline-image, .wp-block-kadence-advancedheading.kt-adv-heading210_68846d-8a[data-kb-block=\"kb-adv-heading210_68846d-8a\"] img.kb-inline-image{width:150px;vertical-align:baseline;}<\/style>\n<h2 class=\"kt-adv-heading210_68846d-8a wp-block-kadence-advancedheading\" data-kb-block=\"kb-adv-heading210_68846d-8a\">\u00c9diteur du site&nbsp;<\/h2>\n\n\n\n<p>Le pr\u00e9sent site Internet est \u00e9dit\u00e9 par Coffeart, Soci\u00e9t\u00e9 par Actions Simplifi\u00e9e au capital au 25 juin 2025 est de 10 000 euros.&nbsp;<\/p>\n\n\n\n<p>Le si\u00e8ge social de Coffeart est situ\u00e9 <a href=\"https:\/\/maps.app.goo.gl\/En1dhpxAJiZCsFRp8\" target=\"_blank\" rel=\"noopener\" title=\"12 avenue Arthur Gaulard, 25000 Besancon.\u00a0\">12 avenue Arthur Gaulard, 25000 Besancon.\u00a0<\/a><br>\u00a0<\/p>\n\n\n\n<p>Immatricul\u00e9e au R.C.S de Besancon sous le num\u00e9ro SIREN : 884262585 &#8211; Num\u00e9ro individuel d\u2019identification d\u2019assujetti \u00e0 la TVA : FR 77 789 101 112.<\/p>\n\n\n<style>.wp-block-kadence-advancedheading.kt-adv-heading210_974199-35, .wp-block-kadence-advancedheading.kt-adv-heading210_974199-35[data-kb-block=\"kb-adv-heading210_974199-35\"]{font-style:normal;}.wp-block-kadence-advancedheading.kt-adv-heading210_974199-35 mark.kt-highlight, .wp-block-kadence-advancedheading.kt-adv-heading210_974199-35[data-kb-block=\"kb-adv-heading210_974199-35\"] mark.kt-highlight{font-style:normal;color:#f76a0c;-webkit-box-decoration-break:clone;box-decoration-break:clone;padding-top:0px;padding-right:0px;padding-bottom:0px;padding-left:0px;}.wp-block-kadence-advancedheading.kt-adv-heading210_974199-35 img.kb-inline-image, .wp-block-kadence-advancedheading.kt-adv-heading210_974199-35[data-kb-block=\"kb-adv-heading210_974199-35\"] img.kb-inline-image{width:150px;vertical-align:baseline;}<\/style>\n<h2 class=\"kt-adv-heading210_974199-35 wp-block-kadence-advancedheading\" data-kb-block=\"kb-adv-heading210_974199-35\">H\u00e9bergeur&nbsp;<\/h2>\n\n\n\n<p>Coffeart &#8211; <a href=\"https:\/\/maps.app.goo.gl\/En1dhpxAJiZCsFRp8\" target=\"_blank\" rel=\"noopener\" title=\"12 avenue Arthur Gaulard - 25000 Besancon - France\">12 avenue Arthur Gaulard &#8211; 25000 Besancon &#8211; France<\/a> &#8211; T\u00e9l. 03 51 85 35 72\u00a0<br>\u00a0<\/p>\n\n\n<style>.wp-block-kadence-advancedheading.kt-adv-heading210_703ba4-ea, .wp-block-kadence-advancedheading.kt-adv-heading210_703ba4-ea[data-kb-block=\"kb-adv-heading210_703ba4-ea\"]{font-style:normal;}.wp-block-kadence-advancedheading.kt-adv-heading210_703ba4-ea mark.kt-highlight, .wp-block-kadence-advancedheading.kt-adv-heading210_703ba4-ea[data-kb-block=\"kb-adv-heading210_703ba4-ea\"] mark.kt-highlight{font-style:normal;color:#f76a0c;-webkit-box-decoration-break:clone;box-decoration-break:clone;padding-top:0px;padding-right:0px;padding-bottom:0px;padding-left:0px;}.wp-block-kadence-advancedheading.kt-adv-heading210_703ba4-ea img.kb-inline-image, .wp-block-kadence-advancedheading.kt-adv-heading210_703ba4-ea[data-kb-block=\"kb-adv-heading210_703ba4-ea\"] img.kb-inline-image{width:150px;vertical-align:baseline;}<\/style>\n<h2 class=\"kt-adv-heading210_703ba4-ea wp-block-kadence-advancedheading\" data-kb-block=\"kb-adv-heading210_703ba4-ea\">Conception et r\u00e9alisation&nbsp;<\/h2>\n\n\n\n<p>Coffeart &#8211; <a href=\"https:\/\/maps.app.goo.gl\/En1dhpxAJiZCsFRp8\" target=\"_blank\" rel=\"noopener\" title=\"12 avenue Arthur Gaulard - 25000 Besancon - France\">12 avenue Arthur Gaulard &#8211; 25000 Besancon &#8211; France<\/a> &#8211; T\u00e9l. 03 51 85 35 72\u00a0<br>\u00a0<\/p>\n\n\n\n<h2 class=\"wp-block-heading has--font-size\">Cr\u00e9dits photos\u00a0<\/h2>\n\n\n\n<p>Les photos utilis\u00e9es sont fournies par <a href=\"https:\/\/www.pexels.com\/\" target=\"_blank\" rel=\"noopener\" title=\"Pexels\">Pexels<\/a>\u00a9, <a href=\"https:\/\/fr.freepik.com\/\" target=\"_blank\" rel=\"noopener\" title=\"Freepik\">Freepik<\/a>\u00a9, <a href=\"https:\/\/pixabay.com\/\" target=\"_blank\" rel=\"noopener\" title=\"Pixabay\">Pixabay<\/a>\u00a9,<a href=\"https:\/\/stock.adobe.com\/\" target=\"_blank\" rel=\"noopener\" title=\" Adobestock\"> Adobestock<\/a>\u00a9.<br>\u00a0<\/p>\n\n\n<style>.wp-block-kadence-advancedheading.kt-adv-heading210_1b31fa-81, .wp-block-kadence-advancedheading.kt-adv-heading210_1b31fa-81[data-kb-block=\"kb-adv-heading210_1b31fa-81\"]{font-style:normal;}.wp-block-kadence-advancedheading.kt-adv-heading210_1b31fa-81 mark.kt-highlight, .wp-block-kadence-advancedheading.kt-adv-heading210_1b31fa-81[data-kb-block=\"kb-adv-heading210_1b31fa-81\"] mark.kt-highlight{font-style:normal;color:#f76a0c;-webkit-box-decoration-break:clone;box-decoration-break:clone;padding-top:0px;padding-right:0px;padding-bottom:0px;padding-left:0px;}.wp-block-kadence-advancedheading.kt-adv-heading210_1b31fa-81 img.kb-inline-image, .wp-block-kadence-advancedheading.kt-adv-heading210_1b31fa-81[data-kb-block=\"kb-adv-heading210_1b31fa-81\"] img.kb-inline-image{width:150px;vertical-align:baseline;}<\/style>\n<h2 class=\"kt-adv-heading210_1b31fa-81 wp-block-kadence-advancedheading\" data-kb-block=\"kb-adv-heading210_1b31fa-81\">Marques d\u00e9pos\u00e9es\u00a0<\/h2>\n\n\n\n<p><a href=\"https:\/\/facebook.com\" target=\"_blank\" rel=\"noopener\" title=\"\">Facebook<\/a> est une marque d\u00e9pos\u00e9e de Facebook Inc.\u00a0<\/p>\n\n\n\n<p><a href=\"https:\/\/instagram.com\" target=\"_blank\" rel=\"noopener\" title=\"\">Instagram<\/a> est une marque d\u00e9pos\u00e9e d\u2019Instagram LLC.\u00a0<\/p>\n\n\n\n<p><a href=\"https:\/\/www.google.fr\/maps\" target=\"_blank\" rel=\"noopener\" title=\"Google Maps\">Google Maps<\/a> est une marque de Google Inc.\u00a0<\/p>\n\n\n\n<p><a href=\"https:\/\/linkedin.com\" target=\"_blank\" rel=\"noopener\" title=\"\">LinkedIn<\/a> est une marque d\u00e9pos\u00e9e par Microsoft.\u00a0<\/p>\n\n\n\n<p><a href=\"https:\/\/tiktok.com\" target=\"_blank\" rel=\"noopener\" title=\"\">TikTok<\/a> est une marque d\u00e9pos\u00e9e par TikTok Inc.\u00a0<\/p>\n\n\n\n<p><\/p>\n","protected":false},"excerpt":{"rendered":"<p>\u00c9diteur du site&nbsp; Le pr\u00e9sent site Internet est \u00e9dit\u00e9 par Coffeart, Soci\u00e9t\u00e9 par Actions Simplifi\u00e9e au capital au 25 juin 2025 est de 10 000 euros.&nbsp; Le si\u00e8ge social de Coffeart est situ\u00e9 12 avenue Arthur Gaulard, 25000 Besancon.\u00a0\u00a0 Immatricul\u00e9e au R.C.S de Besancon sous le num\u00e9ro SIREN : 884262585 &#8211; Num\u00e9ro individuel d\u2019identification d\u2019assujetti&#8230;<\/p>\n","protected":false},"author":1,"featured_media":0,"parent":0,"menu_order":0,"comment_status":"closed","ping_status":"closed","template":"","meta":{"_coblocks_attr":"","_coblocks_dimensions":"","_coblocks_responsive_height":"","_coblocks_accordion_ie_support":"","om_disable_all_campaigns":false,"_monsterinsights_skip_tracking":false,"_monsterinsights_sitenote_active":false,"_monsterinsights_sitenote_note":"","_monsterinsights_sitenote_category":0,"_kad_post_transparent":"","_kad_post_title":"show","_kad_post_layout":"","_kad_post_sidebar_id":"","_kad_post_content_style":"","_kad_post_vertical_padding":"","_kad_post_feature":"","_kad_post_feature_position":"","_kad_post_header":false,"_kad_post_footer":false,"footnotes":""},"class_list":["post-210","page","type-page","status-publish","hentry"],"aioseo_notices":[],"_links":{"self":[{"href":"https:\/\/formagraph-exercice.fr\/coffe-art\/wp-json\/wp\/v2\/pages\/210","targetHints":{"allow":["GET"]}}],"collection":[{"href":"https:\/\/formagraph-exercice.fr\/coffe-art\/wp-json\/wp\/v2\/pages"}],"about":[{"href":"https:\/\/formagraph-exercice.fr\/coffe-art\/wp-json\/wp\/v2\/types\/page"}],"author":[{"embeddable":true,"href":"https:\/\/formagraph-exercice.fr\/coffe-art\/wp-json\/wp\/v2\/users\/1"}],"replies":[{"embeddable":true,"href":"https:\/\/formagraph-exercice.fr\/coffe-art\/wp-json\/wp\/v2\/comments?post=210"}],"version-history":[{"count":5,"href":"https:\/\/formagraph-exercice.fr\/coffe-art\/wp-json\/wp\/v2\/pages\/210\/revisions"}],"predecessor-version":[{"id":221,"href":"https:\/\/formagraph-exercice.fr\/coffe-art\/wp-json\/wp\/v2\/pages\/210\/revisions\/221"}],"wp:attachment":[{"href":"https:\/\/formagraph-exercice.fr\/coffe-art\/wp-json\/wp\/v2\/media?parent=210"}],"curies":[{"name":"wp","href":"https:\/\/api.w.org\/{rel}","templated":true}]}}